64.124.8.35 - - [01/Oct/2022:17:01:08 -0700] "GET /blog/index.php/tag/wyld/feed/ HTTP/1.1" 304 - "-" "Mozilla/5.0 (X11; Linux x86_64) AppleWebKit/537.36 (KHTML, like Gecko) Chrome/61.0.3163.79 Safari/537.36" "nicolesconiers.com"
222.186.180.213 - - [01/Oct/2022:17:01:08 -0700] "GET /blog/index.php/2011/10/17/thedivaofdelay/ HTTP/1.1" 200 37023 "http://nicolesconiers.com/blog/2011/10/17/thedivaofdelay/" "Mozilla/4.0 (compatible; MSIE 6.0; Windows NT 5.1; SV1; .NET CLR 2.0.50727)" "nicolesconiers.com"
37.139.53.70 - - [01/Oct/2022:17:02:37 -0700] "GET /blog/index.php/2011/10/17/thedivaofdelay/ HTTP/1.1" 200 37023 "http://nicolesconiers.com/blog/2011/10/17/thedivaofdelay/#comment-/" "Mozilla/5.0 (Windows NT 10.0; WOW64) AppleWebKit/537.36 (KHTML, like Gecko) Chrome/90.0.4430.85 Safari/537.36" "nicolesconiers.com"
10.213.116.229 - - [01/Oct/2022:17:02:38 -0700] "POST /blog/wp-cron.php?doing_wp_cron HTTP/1.1" 200 - "-" "WordPress/3.0.4; http://nicolesconiers.com/blog" "nicolesconiers.com"
37.139.53.70 - - [01/Oct/2022:17:02:41 -0700] "POST /blog/wp-comments-post.php HTTP/1.1" 302 - "http://nicolesconiers.com/blog/2011/10/17/thedivaofdelay/#comment-/" "Mozilla/5.0 (Windows NT 10.0; WOW64) AppleWebKit/537.36 (KHTML, like Gecko) Chrome/90.0.4430.85 Safari/537.36" "nicolesconiers.com"
37.139.53.60 - - [01/Oct/2022:17:02:58 -0700] "GET /blog/index.php/2011/10/17/thedivaofdelay/ HTTP/1.1" 200 37023 "http://nicolesconiers.com/blog/2011/10/17/thedivaofdelay/#comment-/" "Mozilla/5.0 (Windows NT 6.3; Win64; x64) AppleWebKit/537.36 (KHTML, like Gecko) Chrome/90.0.4430.85 Safari/537.36 Edg/90.0.818.49" "nicolesconiers.com"
37.139.53.60 - - [01/Oct/2022:17:03:00 -0700] "POST /blog/wp-comments-post.php HTTP/1.1" 302 - "http://nicolesconiers.com/blog/2011/10/17/thedivaofdelay/#comment-/" "Mozilla/5.0 (Windows NT 6.3; Win64; x64) AppleWebKit/537.36 (KHTML, like Gecko) Chrome/90.0.4430.85 Safari/537.36 Edg/90.0.818.49" "nicolesconiers.com"
64.124.8.35 - - [01/Oct/2022:17:03:59 -0700] "GET /blog/index.php/tag/goals/feed/ HTTP/1.1" 304 - "-" "Mozilla/5.0 (X11; Linux x86_64) AppleWebKit/537.36 (KHTML, like Gecko) Chrome/61.0.3163.79 Safari/537.36" "nicolesconiers.com"
185.191.171.4 - - [01/Oct/2022:17:04:00 -0700] "GET /robots.txt HTTP/1.1" 200 44 "-" "Mozilla/5.0 (compatible; SemrushBot/7~bl; +http://www.semrush.com/bot.html)" "nicolesconiers.com"
185.191.171.18 - - [01/Oct/2022:17:04:00 -0700] "GET /blog/index.php/tag/procrastination/ HTTP/1.1" 200 26784 "-" "Mozilla/5.0 (compatible; SemrushBot/7~bl; +http://www.semrush.com/bot.html)" "nicolesconiers.com"
64.124.8.35 - - [01/Oct/2022:17:05:08 -0700] "GET /blog/index.php/2012/01/31/race-sci-fi/ HTTP/1.1" 200 43617 "-" "Mozilla/5.0 (X11; Linux x86_64) AppleWebKit/537.36 (KHTML, like Gecko) Chrome/61.0.3163.79 Safari/537.36" "nicolesconiers.com"
64.124.8.35 - - [01/Oct/2022:17:05:40 -0700] "GET /blog/index.php/tag/myblock/feed/ HTTP/1.1" 304 - "-" "Mozilla/5.0 (X11; Linux x86_64) AppleWebKit/537.36 (KHTML, like Gecko) Chrome/61.0.3163.79 Safari/537.36" "nicolesconiers.com"
37.139.53.60 - - [01/Oct/2022:17:06:36 -0700] "GET /blog/index.php/2011/10/17/thedivaofdelay/ HTTP/1.1" 200 37023 "http://nicolesconiers.com/blog/2011/10/17/thedivaofdelay/#comment-/" "Mozilla/5.0 (Windows NT 6.1; WOW64) AppleWebKit/537.36 (KHTML, like Gecko) Chrome/90.0.4430.85 Safari/537.36" "nicolesconiers.com"
37.139.53.60 - - [01/Oct/2022:17:06:38 -0700] "POST /blog/wp-comments-post.php HTTP/1.1" 302 - "http://nicolesconiers.com/blog/2011/10/17/thedivaofdelay/#comment-/" "Mozilla/5.0 (Windows NT 6.1; WOW64) AppleWebKit/537.36 (KHTML, like Gecko) Chrome/90.0.4430.85 Safari/537.36" "nicolesconiers.com"
64.124.8.35 - - [01/Oct/2022:17:07:44 -0700] "GET /blog/index.php/tag/you-might-be-a-becky-if/feed/ HTTP/1.1" 304 - "-" "Mozilla/5.0 (X11; Linux x86_64) AppleWebKit/537.36 (KHTML, like Gecko) Chrome/61.0.3163.79 Safari/537.36" "nicolesconiers.com"
64.124.8.35 - - [01/Oct/2022:17:07:54 -0700] "GET /blog/index.php/tag/arizona/feed/ HTTP/1.1" 304 - "-" "Mozilla/5.0 (X11; Linux x86_64) AppleWebKit/537.36 (KHTML, like Gecko) Chrome/61.0.3163.79 Safari/537.36" "nicolesconiers.com"
64.124.8.35 - - [01/Oct/2022:17:08:21 -0700] "GET /blog/index.php/tag/poetry/feed/ HTTP/1.1" 304 - "-" "Mozilla/5.0 (X11; Linux x86_64) AppleWebKit/537.36 (KHTML, like Gecko) Chrome/61.0.3163.79 Safari/537.36" "nicolesconiers.com"
64.124.8.35 - - [01/Oct/2022:17:08:24 -0700] "GET /blog/index.php/tag/mimi-brown/ HTTP/1.1" 200 26759 "-" "Mozilla/5.0 (X11; Linux x86_64) AppleWebKit/537.36 (KHTML, like Gecko) Chrome/61.0.3163.79 Safari/537.36" "nicolesconiers.com"
185.191.171.33 - - [01/Oct/2022:17:09:17 -0700] "GET /blog/index.php/tag/goals/ HTTP/1.1" 200 26650 "-" "Mozilla/5.0 (compatible; SemrushBot/7~bl; +http://www.semrush.com/bot.html)" "nicolesconiers.com"
64.124.8.35 - - [01/Oct/2022:17:09:23 -0700] "GET /blog/index.php/tag/dallas/feed/ HTTP/1.1" 304 - "-" "Mozilla/5.0 (X11; Linux x86_64) AppleWebKit/537.36 (KHTML, like Gecko) Chrome/61.0.3163.79 Safari/537.36" "nicolesconiers.com"
64.124.8.35 - - [01/Oct/2022:17:09:23 -0700] "GET /july-9.html HTTP/1.1" 200 18278 "-" "Mozilla/5.0 (X11; Linux x86_64) AppleWebKit/537.36 (KHTML, like Gecko) Chrome/61.0.3163.79 Safari/537.36" "nicolesconiers.com"
64.124.8.35 - - [01/Oct/2022:17:09:25 -0700] "GET /blog/index.php/tag/friendship/feed/ HTTP/1.1" 304 - "-" "Mozilla/5.0 (X11; Linux x86_64) AppleWebKit/537.36 (KHTML, like Gecko) Chrome/61.0.3163.79 Safari/537.36" "nicolesconiers.com"
64.124.8.35 - - [01/Oct/2022:17:09:27 -0700] "GET /blog/index.php/tag/twitter/feed/ HTTP/1.1" 304 - "-" "Mozilla/5.0 (X11; Linux x86_64) AppleWebKit/537.36 (KHTML, like Gecko) Chrome/61.0.3163.79 Safari/537.36" "nicolesconiers.com"
64.124.8.35 - - [01/Oct/2022:17:10:10 -0700] "GET /blog/index.php/tag/following-my-dreams/feed/ HTTP/1.1" 304 - "-" "Mozilla/5.0 (X11; Linux x86_64) AppleWebKit/537.36 (KHTML, like Gecko) Chrome/61.0.3163.79 Safari/537.36" "nicolesconiers.com"
64.124.8.35 - - [01/Oct/2022:17:10:26 -0700] "GET /july-14.html HTTP/1.1" 200 18315 "-" "Mozilla/5.0 (X11; Linux x86_64) AppleWebKit/537.36 (KHTML, like Gecko) Chrome/61.0.3163.79 Safari/537.36" "nicolesconiers.com"
64.124.8.35 - - [01/Oct/2022:17:10:29 -0700] "GET /blog/index.php/tag/things-to-avoid/feed/ HTTP/1.1" 304 - "-" "Mozilla/5.0 (X11; Linux x86_64) AppleWebKit/537.36 (KHTML, like Gecko) Chrome/61.0.3163.79 Safari/537.36" "nicolesconiers.com"
37.139.53.70 - - [01/Oct/2022:17:10:30 -0700] "GET /blog/index.php/2011/10/17/thedivaofdelay/ HTTP/1.1" 200 37023 "http://nicolesconiers.com/blog/2011/10/17/thedivaofdelay/#comment-/" "Mozilla/5.0 (Windows NT 6.2; Win64; x64) AppleWebKit/537.36 (KHTML, like Gecko) Chrome/90.0.4430.72 Safari/537.36" "nicolesconiers.com"
64.124.8.35 - - [01/Oct/2022:17:10:32 -0700] "GET /blog/index.php/tag/home/feed/ HTTP/1.1" 304 - "-" "Mozilla/5.0 (X11; Linux x86_64) AppleWebKit/537.36 (KHTML, like Gecko) Chrome/61.0.3163.79 Safari/537.36" "nicolesconiers.com"
37.139.53.70 - - [01/Oct/2022:17:10:33 -0700] "POST /blog/wp-comments-post.php HTTP/1.1" 302 - "http://nicolesconiers.com/blog/2011/10/17/thedivaofdelay/#comment-/" "Mozilla/5.0 (Windows NT 6.2; Win64; x64) AppleWebKit/537.36 (KHTML, like Gecko) Chrome/90.0.4430.72 Safari/537.36" "nicolesconiers.com"
64.124.8.35 - - [01/Oct/2022:17:10:52 -0700] "GET /blog/index.php/tag/street-team/ HTTP/1.1" 200 26938 "-" "Mozilla/5.0 (X11; Linux x86_64) AppleWebKit/537.36 (KHTML, like Gecko) Chrome/61.0.3163.79 Safari/537.36" "nicolesconiers.com"
64.124.8.35 - - [01/Oct/2022:17:11:40 -0700] "GET /blog/index.php/tag/social-justice/feed/ HTTP/1.1" 304 - "-" "Mozilla/5.0 (X11; Linux x86_64) AppleWebKit/537.36 (KHTML, like Gecko) Chrome/61.0.3163.79 Safari/537.36" "nicolesconiers.com"
64.124.8.35 - - [01/Oct/2022:17:12:09 -0700] "GET /blog/index.php/tag/overly-sensitive/feed/ HTTP/1.1" 304 - "-" "Mozilla/5.0 (X11; Linux x86_64) AppleWebKit/537.36 (KHTML, like Gecko) Chrome/61.0.3163.79 Safari/537.36" "nicolesconiers.com"
64.124.8.35 - - [01/Oct/2022:17:12:27 -0700] "GET /blog/index.php/tag/successmanifest/feed/ HTTP/1.1" 304 - "-" "Mozilla/5.0 (X11; Linux x86_64) AppleWebKit/537.36 (KHTML, like Gecko) Chrome/61.0.3163.79 Safari/537.36" "nicolesconiers.com"
64.124.8.35 - - [01/Oct/2022:17:12:30 -0700] "GET /july-10.html HTTP/1.1" 200 18350 "-" "Mozilla/5.0 (X11; Linux x86_64) AppleWebKit/537.36 (KHTML, like Gecko) Chrome/61.0.3163.79 Safari/537.36" "nicolesconiers.com"
51.222.253.19 - - [01/Oct/2022:17:12:44 -0700] "GET /robots.txt HTTP/1.1" 200 44 "-" "Mozilla/5.0 (compatible; AhrefsBot/7.0; +http://ahrefs.com/robot/)" "www.nicolesconiers.com"
51.222.253.3 - - [01/Oct/2022:17:12:45 -0700] "GET /bio.html HTTP/1.1" 200 18999 "-" "Mozilla/5.0 (compatible; AhrefsBot/7.0; +http://ahrefs.com/robot/)" "www.nicolesconiers.com"
64.124.8.35 - - [01/Oct/2022:17:13:06 -0700] "GET /blog/index.php/tag/spirituality/feed/ HTTP/1.1" 304 - "-" "Mozilla/5.0 (X11; Linux x86_64) AppleWebKit/537.36 (KHTML, like Gecko) Chrome/61.0.3163.79 Safari/537.36" "nicolesconiers.com"
64.124.8.35 - - [01/Oct/2022:17:13:46 -0700] "GET /april-29.html HTTP/1.1" 200 18469 "-" "Mozilla/5.0 (X11; Linux x86_64) AppleWebKit/537.36 (KHTML, like Gecko) Chrome/61.0.3163.79 Safari/537.36" "nicolesconiers.com"
64.124.8.35 - - [01/Oct/2022:17:13:48 -0700] "GET /blog/index.php/tag/los-angeles/feed/ HTTP/1.1" 304 - "-" "Mozilla/5.0 (X11; Linux x86_64) AppleWebKit/537.36 (KHTML, like Gecko) Chrome/61.0.3163.79 Safari/537.36" "nicolesconiers.com"
64.124.8.35 - - [01/Oct/2022:17:13:49 -0700] "GET /blog/index.php/tag/afrofuturistic/feed/ HTTP/1.1" 304 - "-" "Mozilla/5.0 (X11; Linux x86_64) AppleWebKit/537.36 (KHTML, like Gecko) Chrome/61.0.3163.79 Safari/537.36" "nicolesconiers.com"
64.124.8.35 - - [01/Oct/2022:17:14:30 -0700] "GET /blog/index.php/tag/rip/feed/ HTTP/1.1" 304 - "-" "Mozilla/5.0 (X11; Linux x86_64) AppleWebKit/537.36 (KHTML, like Gecko) Chrome/61.0.3163.79 Safari/537.36" "nicolesconiers.com"
64.124.8.35 - - [01/Oct/2022:17:14:31 -0700] "GET /blog/index.php/tag/holidays/feed/ HTTP/1.1" 304 - "-" "Mozilla/5.0 (X11; Linux x86_64) AppleWebKit/537.36 (KHTML, like Gecko) Chrome/61.0.3163.79 Safari/537.36" "nicolesconiers.com"
64.124.8.35 - - [01/Oct/2022:17:14:38 -0700] "GET /blog/index.php/tag/whitney-houston/feed/ HTTP/1.1" 304 - "-" "Mozilla/5.0 (X11; Linux x86_64) AppleWebKit/537.36 (KHTML, like Gecko) Chrome/61.0.3163.79 Safari/537.36" "nicolesconiers.com"
64.124.8.35 - - [01/Oct/2022:17:15:41 -0700] "GET /blog/index.php/tag/singers/feed/ HTTP/1.1" 304 - "-" "Mozilla/5.0 (X11; Linux x86_64) AppleWebKit/537.36 (KHTML, like Gecko) Chrome/61.0.3163.79 Safari/537.36" "nicolesconiers.com"
73.210.0.212 - - [01/Oct/2022:17:16:17 -0700] "GET /blog/index.php/2011/07/28/the-help-white-women-saviors-and-maids-with-superpowers/ HTTP/1.1" 200 40362 "-" "Mozilla/5.0 (Windows NT 10.0; WOW64) AppleWebKit/537.36 (KHTML, like Gecko) Chrome/103.0.0.0 YaBrowser/22.7.0 Yowser/2.5 Safari/537.36" "nicolesconiers.com"
37.139.53.75 - - [01/Oct/2022:17:18:33 -0700] "GET /blog/index.php/2011/10/17/thedivaofdelay/ HTTP/1.1" 200 37023 "http://nicolesconiers.com/blog/2011/10/17/thedivaofdelay/#comment-/" "Mozilla/5.0 (Windows NT 10.0; Win64; x64) AppleWebKit/537.36 (KHTML, like Gecko) Chrome/90.0.4430.85 Safari/537.36" "nicolesconiers.com"
37.139.53.75 - - [01/Oct/2022:17:18:36 -0700] "POST /blog/wp-comments-post.php HTTP/1.1" 302 - "http://nicolesconiers.com/blog/2011/10/17/thedivaofdelay/#comment-/" "Mozilla/5.0 (Windows NT 10.0; Win64; x64) AppleWebKit/537.36 (KHTML, like Gecko) Chrome/90.0.4430.85 Safari/537.36" "nicolesconiers.com"
62.210.215.118 - - [01/Oct/2022:17:22:12 -0700] "GET /blog/index.php/feed/ HTTP/1.1" 200 55714 "-" "Mozilla/5.0 (X11; Linux i686) AppleWebKit/537.36 (KHTML, like Gecko) Chrome/30.0.1599.66 Safari/537.36" "nicolesconiers.com"
37.139.53.65 - - [01/Oct/2022:17:34:50 -0700] "GET /blog/index.php/2011/10/17/thedivaofdelay/ HTTP/1.1" 200 37023 "http://nicolesconiers.com/blog/2011/10/17/thedivaofdelay/#comment-/" "Mozilla/5.0 (Windows NT 6.1; Win64; x64) AppleWebKit/537.36 (KHTML, like Gecko) Chrome/90.0.4430.72 Safari/537.36" "nicolesconiers.com"
37.139.53.65 - - [01/Oct/2022:17:34:56 -0700] "POST /blog/wp-comments-post.php HTTP/1.1" 302 - "http://nicolesconiers.com/blog/2011/10/17/thedivaofdelay/#comment-/" "Mozilla/5.0 (Windows NT 6.1; Win64; x64) AppleWebKit/537.36 (KHTML, like Gecko) Chrome/90.0.4430.72 Safari/537.36" "nicolesconiers.com"
37.139.53.80 - - [01/Oct/2022:17:36:44 -0700] "GET /blog/index.php/2011/10/17/thedivaofdelay/ HTTP/1.1" 200 37023 "http://nicolesconiers.com/blog/2011/10/17/thedivaofdelay/#comment-/" "Mozilla/5.0 (Windows NT 10.0; WOW64) AppleWebKit/537.36 (KHTML, like Gecko) Chrome/90.0.4430.85 Safari/537.36" "nicolesconiers.com"
37.139.53.80 - - [01/Oct/2022:17:36:47 -0700] "POST /blog/wp-comments-post.php HTTP/1.1" 302 - "http://nicolesconiers.com/blog/2011/10/17/thedivaofdelay/#comment-/" "Mozilla/5.0 (Windows NT 10.0; WOW64) AppleWebKit/537.36 (KHTML, like Gecko) Chrome/90.0.4430.85 Safari/537.36" "nicolesconiers.com"
37.139.53.80 - - [01/Oct/2022:17:40:07 -0700] "GET /blog/index.php/2011/10/17/thedivaofdelay/ HTTP/1.1" 200 37023 "http://nicolesconiers.com/blog/2011/10/17/thedivaofdelay/#comment-/" "Mozilla/5.0 (Windows NT 10.0; Win64; x64) AppleWebKit/537.36 (KHTML, like Gecko) Chrome/90.0.4430.72 Safari/537.36 Edg/90.0.818.39" "nicolesconiers.com"
37.139.53.80 - - [01/Oct/2022:17:40:11 -0700] "POST /blog/wp-comments-post.php HTTP/1.1" 302 - "http://nicolesconiers.com/blog/2011/10/17/thedivaofdelay/#comment-/" "Mozilla/5.0 (Windows NT 10.0; Win64; x64) AppleWebKit/537.36 (KHTML, like Gecko) Chrome/90.0.4430.72 Safari/537.36 Edg/90.0.818.39" "nicolesconiers.com"
37.139.53.75 - - [01/Oct/2022:17:46:56 -0700] "GET /blog/index.php/2011/10/17/thedivaofdelay/ HTTP/1.1" 200 37023 "http://nicolesconiers.com/blog/2011/10/17/thedivaofdelay/#comment-/" "Mozilla/5.0 (Windows NT 10.0) AppleWebKit/537.36 (KHTML, like Gecko) Chrome/90.0.4430.85 Safari/537.36 Edg/90.0.818.46" "nicolesconiers.com"
37.139.53.75 - - [01/Oct/2022:17:47:02 -0700] "POST /blog/wp-comments-post.php HTTP/1.1" 302 - "http://nicolesconiers.com/blog/2011/10/17/thedivaofdelay/#comment-/" "Mozilla/5.0 (Windows NT 10.0) AppleWebKit/537.36 (KHTML, like Gecko) Chrome/90.0.4430.85 Safari/537.36 Edg/90.0.818.46" "nicolesconiers.com"
37.139.53.65 - - [01/Oct/2022:17:49:21 -0700] "GET /blog/index.php/2011/10/17/thedivaofdelay/ HTTP/1.1" 200 37023 "http://nicolesconiers.com/blog/2011/10/17/thedivaofdelay/#comment-/" "Mozilla/5.0 (Windows NT 6.3; Win64; x64) AppleWebKit/537.36 (KHTML, like Gecko) Chrome/90.0.4430.85 Safari/537.36" "nicolesconiers.com"
37.139.53.65 - - [01/Oct/2022:17:49:25 -0700] "POST /blog/wp-comments-post.php HTTP/1.1" 302 - "http://nicolesconiers.com/blog/2011/10/17/thedivaofdelay/#comment-/" "Mozilla/5.0 (Windows NT 6.3; Win64; x64) AppleWebKit/537.36 (KHTML, like Gecko) Chrome/90.0.4430.85 Safari/537.36" "nicolesconiers.com"
185.191.171.37 - - [01/Oct/2022:17:49:35 -0700] "GET /blog/index.php/tag/sale/ HTTP/1.1" 200 26525 "-" "Mozilla/5.0 (compatible; SemrushBot/7~bl; +http://www.semrush.com/bot.html)" "nicolesconiers.com"
216.244.66.200 - - [01/Oct/2022:17:50:52 -0700] "GET /robots.txt HTTP/1.1" 200 24 "-" "Mozilla/5.0 (compatible; DotBot/1.2; +https://opensiteexplorer.org/dotbot; help@moz.com)" "nicolesconiers.com"
62.210.215.118 - - [01/Oct/2022:17:53:28 -0700] "GET /blog/index.php/tag/guest-blog/feed/ HTTP/1.1" 200 11510 "-" "Mozilla/5.0 (X11; Linux i686) AppleWebKit/537.36 (KHTML, like Gecko) Chrome/30.0.1599.66 Safari/537.36" "nicolesconiers.com"
72.14.199.175 - - [01/Oct/2022:17:54:48 -0700] "GET /blog/index.php/feed/ HTTP/1.1" 304 - "-" "FeedFetcher-Google; (+http://www.google.com/feedfetcher.html)" "nicolesconiers.com"
95.163.255.94 - - [01/Oct/2022:17:59:02 -0700] "GET /robots.txt HTTP/1.1" 200 24 "-" "Mozilla/5.0 (compatible; Linux x86_64; Mail.RU_Bot/2.0; +https://help.mail.ru/webmaster/indexing/robots)" "nicolesconiers.com"
95.163.255.94 - - [01/Oct/2022:17:59:04 -0700] "GET /blog/index.php/sale/ HTTP/1.1" 404 7455 "-" "Mozilla/5.0 (compatible; Linux x86_64; Mail.RU_Bot/2.0; +https://help.mail.ru/webmaster/indexing/robots)" "nicolesconiers.com"
37.139.53.60 - - [01/Oct/2022:18:00:45 -0700] "GET /blog/index.php/2011/10/17/thedivaofdelay/ HTTP/1.1" 200 37023 "http://nicolesconiers.com/blog/2011/10/17/thedivaofdelay/#comment-/" "Mozilla/5.0 (Windows NT 6.2; Win64; x64) AppleWebKit/537.36 (KHTML, like Gecko) Chrome/90.0.4430.72 Safari/537.36" "nicolesconiers.com"
37.139.53.60 - - [01/Oct/2022:18:00:47 -0700] "POST /blog/wp-comments-post.php HTTP/1.1" 302 - "http://nicolesconiers.com/blog/2011/10/17/thedivaofdelay/#comment-/" "Mozilla/5.0 (Windows NT 6.2; Win64; x64) AppleWebKit/537.36 (KHTML, like Gecko) Chrome/90.0.4430.72 Safari/537.36" "nicolesconiers.com"
37.139.53.60 - - [01/Oct/2022:18:04:00 -0700] "GET /blog/index.php/2011/10/17/thedivaofdelay/ HTTP/1.1" 200 37023 "http://nicolesconiers.com/blog/2011/10/17/thedivaofdelay/#comment-/" "Mozilla/5.0 (Windows NT 6.1; WOW64) AppleWebKit/537.36 (KHTML, like Gecko) Chrome/90.0.4430.85 Safari/537.36" "nicolesconiers.com"
37.139.53.60 - - [01/Oct/2022:18:04:04 -0700] "POST /blog/wp-comments-post.php HTTP/1.1" 302 - "http://nicolesconiers.com/blog/2011/10/17/thedivaofdelay/#comment-/" "Mozilla/5.0 (Windows NT 6.1; WOW64) AppleWebKit/537.36 (KHTML, like Gecko) Chrome/90.0.4430.85 Safari/537.36" "nicolesconiers.com"
37.139.53.70 - - [01/Oct/2022:18:05:00 -0700] "GET /blog/index.php/2011/10/17/thedivaofdelay/ HTTP/1.1" 200 37023 "http://nicolesconiers.com/blog/2011/10/17/thedivaofdelay/#comment-/" "Mozilla/5.0 (Windows NT 6.1) AppleWebKit/537.36 (KHTML, like Gecko) Chrome/90.0.4430.72 Safari/537.36" "nicolesconiers.com"
37.139.53.70 - - [01/Oct/2022:18:05:04 -0700] "POST /blog/wp-comments-post.php HTTP/1.1" 302 - "http://nicolesconiers.com/blog/2011/10/17/thedivaofdelay/#comment-/" "Mozilla/5.0 (Windows NT 6.1) AppleWebKit/537.36 (KHTML, like Gecko) Chrome/90.0.4430.72 Safari/537.36" "nicolesconiers.com"
196.196.203.213 - - [01/Oct/2022:18:06:16 -0700] "GET /blog/index.php/2011/10/17/thedivaofdelay/ HTTP/1.1" 200 37023 "http://nicolesconiers.com/blog/2011/10/17/thedivaofdelay/#comment-/" "Mozilla/5.0 (Windows NT 6.3; Win64; x64) AppleWebKit/537.36 (KHTML, like Gecko) Chrome/90.0.4430.85 Safari/537.36 Edg/90.0.818.49" "nicolesconiers.com"
196.196.203.213 - - [01/Oct/2022:18:06:18 -0700] "POST /blog/wp-comments-post.php HTTP/1.1" 302 - "http://nicolesconiers.com/blog/2011/10/17/thedivaofdelay/#comment-/" "Mozilla/5.0 (Windows NT 6.3; Win64; x64) AppleWebKit/537.36 (KHTML, like Gecko) Chrome/90.0.4430.85 Safari/537.36 Edg/90.0.818.49" "nicolesconiers.com"
196.196.203.213 - - [01/Oct/2022:18:06:20 -0700] "GET /blog/index.php/2011/10/17/thedivaofdelay/ HTTP/1.1" 200 37023 "http://nicolesconiers.com/blog/2011/10/17/thedivaofdelay/#comment-" "Mozilla/5.0 (Windows NT 6.3; Win64; x64) AppleWebKit/537.36 (KHTML, like Gecko) Chrome/90.0.4430.85 Safari/537.36 Edg/90.0.818.49" "nicolesconiers.com"
37.139.53.70 - - [01/Oct/2022:18:12:42 -0700] "GET /blog/index.php/2011/10/17/thedivaofdelay/ HTTP/1.1" 200 37023 "http://nicolesconiers.com/blog/2011/10/17/thedivaofdelay/#comment-/" "Mozilla/5.0 (Windows NT 10.0; WOW64) AppleWebKit/537.36 (KHTML, like Gecko) Chrome/90.0.4430.72 Safari/537.36" "nicolesconiers.com"
37.139.53.70 - - [01/Oct/2022:18:12:48 -0700] "POST /blog/wp-comments-post.php HTTP/1.1" 302 - "http://nicolesconiers.com/blog/2011/10/17/thedivaofdelay/#comment-/" "Mozilla/5.0 (Windows NT 10.0; WOW64) AppleWebKit/537.36 (KHTML, like Gecko) Chrome/90.0.4430.72 Safari/537.36" "nicolesconiers.com"
37.139.53.75 - - [01/Oct/2022:18:13:53 -0700] "GET /blog/index.php/2011/10/17/thedivaofdelay/ HTTP/1.1" 200 37023 "http://nicolesconiers.com/blog/2011/10/17/thedivaofdelay/#comment-/" "Mozilla/5.0 (Windows NT 6.3; Win64; x64) AppleWebKit/537.36 (KHTML, like Gecko) Chrome/90.0.4430.72 Safari/537.36" "nicolesconiers.com"
37.139.53.75 - - [01/Oct/2022:18:13:56 -0700] "POST /blog/wp-comments-post.php HTTP/1.1" 302 - "http://nicolesconiers.com/blog/2011/10/17/thedivaofdelay/#comment-/" "Mozilla/5.0 (Windows NT 6.3; Win64; x64) AppleWebKit/537.36 (KHTML, like Gecko) Chrome/90.0.4430.72 Safari/537.36" "nicolesconiers.com"
73.210.0.212 - - [01/Oct/2022:18:18:00 -0700] "GET /blog/index.php/2011/07/28/the-help-white-women-saviors-and-maids-with-superpowers/ HTTP/1.1" 200 40362 "-" "Mozilla/5.0 (Windows NT 10.0; WOW64) AppleWebKit/537.36 (KHTML, like Gecko) Chrome/103.0.0.0 YaBrowser/22.7.0 Yowser/2.5 Safari/537.36" "nicolesconiers.com"
89.185.85.245 - - [01/Oct/2022:18:23:04 -0700] "GET /blog/index.php/2011/10/17/thedivaofdelay/ HTTP/1.1" 200 37023 "https://twtalk080.info/" "Mozilla/4.0 (compatible; MSIE 6.0; AOL 9.0; Windows NT 5.1)" "nicolesconiers.com"
89.185.85.245 - - [01/Oct/2022:18:23:03 -0700] "GET /blog/index.php/2011/10/17/thedivaofdelay/ HTTP/1.1" 200 37023 "https://twtalk080.info/" "Mozilla/4.0 (compatible; MSIE 6.0; AOL 9.0; Windows NT 5.1)" "nicolesconiers.com"
89.185.85.245 - - [01/Oct/2022:18:23:05 -0700] "GET /blog/index.php/2011/10/17/thedivaofdelay/ HTTP/1.1" 200 37023 "https://twtalk080.info/" "Mozilla/4.0 (compatible; MSIE 6.0; AOL 9.0; Windows NT 5.1)" "nicolesconiers.com"
37.139.53.80 - - [01/Oct/2022:18:31:52 -0700] "GET /blog/index.php/2011/10/17/thedivaofdelay/ HTTP/1.1" 200 37023 "http://nicolesconiers.com/blog/2011/10/17/thedivaofdelay/#comment-/" "Mozilla/5.0 (Windows NT 6.3; Win64; x64) AppleWebKit/537.36 (KHTML, like Gecko) Chrome/90.0.4430.85 Safari/537.36 Edg/90.0.818.49" "nicolesconiers.com"
37.139.53.80 - - [01/Oct/2022:18:31:55 -0700] "POST /blog/wp-comments-post.php HTTP/1.1" 302 - "http://nicolesconiers.com/blog/2011/10/17/thedivaofdelay/#comment-/" "Mozilla/5.0 (Windows NT 6.3; Win64; x64) AppleWebKit/537.36 (KHTML, like Gecko) Chrome/90.0.4430.85 Safari/537.36 Edg/90.0.818.49" "nicolesconiers.com"
37.139.53.80 - - [01/Oct/2022:18:35:00 -0700] "GET /blog/index.php/2011/10/17/thedivaofdelay/ HTTP/1.1" 200 37023 "http://nicolesconiers.com/blog/2011/10/17/thedivaofdelay/#comment-/" "Mozilla/5.0 (Windows NT 10.0) AppleWebKit/537.36 (KHTML, like Gecko) Chrome/90.0.4430.72 Safari/537.36" "nicolesconiers.com"
37.139.53.80 - - [01/Oct/2022:18:35:03 -0700] "POST /blog/wp-comments-post.php HTTP/1.1" 302 - "http://nicolesconiers.com/blog/2011/10/17/thedivaofdelay/#comment-/" "Mozilla/5.0 (Windows NT 10.0) AppleWebKit/537.36 (KHTML, like Gecko) Chrome/90.0.4430.72 Safari/537.36" "nicolesconiers.com"
108.216.15.90 - - [01/Oct/2022:18:37:42 -0700] "GET / HTTP/1.1" 200 20039 "-" "Mozilla/5.0 (iPhone; CPU iPhone OS 15_6_1 like Mac OS X) AppleWebKit/605.1.15 (KHTML, like Gecko) Version/15.6.1 Mobile/15E148 Safari/604.1" "nicolesconiers.com"
108.216.15.90 - - [01/Oct/2022:18:37:42 -0700] "GET /css/fonts.css?v=1.5.8c HTTP/1.1" 200 1538 "http://nicolesconiers.com/" "Mozilla/5.0 (iPhone; CPU iPhone OS 15_6_1 like Mac OS X) AppleWebKit/605.1.15 (KHTML, like Gecko) Version/15.6.1 Mobile/15E148 Safari/604.1" "nicolesconiers.com"
108.216.15.90 - - [01/Oct/2022:18:37:43 -0700] "GET /js/xprs_helper.js?v=1.5.8c HTTP/1.1" 200 9186 "http://nicolesconiers.com/" "Mozilla/5.0 (iPhone; CPU iPhone OS 15_6_1 like Mac OS X) AppleWebKit/605.1.15 (KHTML, like Gecko) Version/15.6.1 Mobile/15E148 Safari/604.1" "nicolesconiers.com"
108.216.15.90 - - [01/Oct/2022:18:37:43 -0700] "GET /js/lightbox.js?v=1.5.8c HTTP/1.1" 200 3021 "http://nicolesconiers.com/" "Mozilla/5.0 (iPhone; CPU iPhone OS 15_6_1 like Mac OS X) AppleWebKit/605.1.15 (KHTML, like Gecko) Version/15.6.1 Mobile/15E148 Safari/604.1" "nicolesconiers.com"
37.139.53.65 - - [01/Oct/2022:18:37:42 -0700] "GET /blog/index.php/2011/10/17/thedivaofdelay/ HTTP/1.1" 200 37023 "http://nicolesconiers.com/blog/2011/10/17/thedivaofdelay/#comment-/" "Mozilla/5.0 (Windows NT 6.1) AppleWebKit/537.36 (KHTML, like Gecko) Chrome/90.0.4430.85 Safari/537.36" "nicolesconiers.com"
37.139.53.65 - - [01/Oct/2022:18:37:47 -0700] "POST /blog/wp-comments-post.php HTTP/1.1" 302 - "http://nicolesconiers.com/blog/2011/10/17/thedivaofdelay/#comment-/" "Mozilla/5.0 (Windows NT 6.1) AppleWebKit/537.36 (KHTML, like Gecko) Chrome/90.0.4430.85 Safari/537.36" "nicolesconiers.com"
72.14.199.167 - - [01/Oct/2022:18:39:19 -0700] "GET /blog/index.php/feed/ HTTP/1.1" 304 - "-" "FeedFetcher-Google; (+http://www.google.com/feedfetcher.html)" "nicolesconiers.com"
20.163.27.206 - - [01/Oct/2022:18:40:27 -0700] "GET /blog/index.php/2011/07/01/the-beckyville-bookmobile-or-soul-sista-ice-cream-truck/ HTTP/1.1" 200 41455 "-" "Mozilla/5.0 (Windows NT 10.0; WOW64; x64) AppleWebKit/537.36 (KHTML, like Gecko) Chrome/103.0.0.0 Safari/537.36 OPR/89.0.4447.51" "nicolesconiers.com"
37.139.53.75 - - [01/Oct/2022:18:42:27 -0700] "GET /blog/index.php/2011/10/17/thedivaofdelay/ HTTP/1.1" 200 37023 "http://nicolesconiers.com/blog/2011/10/17/thedivaofdelay/#comment-/" "Mozilla/5.0 (Windows NT 6.1; ) AppleWebKit/537.36 (KHTML, like Gecko) Chrome/90.0.4430.85 Safari/537.36" "nicolesconiers.com"
37.139.53.75 - - [01/Oct/2022:18:42:29 -0700] "POST /blog/wp-comments-post.php HTTP/1.1" 302 - "http://nicolesconiers.com/blog/2011/10/17/thedivaofdelay/#comment-/" "Mozilla/5.0 (Windows NT 6.1; ) AppleWebKit/537.36 (KHTML, like Gecko) Chrome/90.0.4430.85 Safari/537.36" "nicolesconiers.com"
14.29.235.225 - - [01/Oct/2022:18:45:21 -0700] "GET /wp-login.php HTTP/1.1" 404 88 "-" "Apache-HttpClient/4.5.2 (Java/1.8.0_151)" "nicolesconiers.com"
14.29.235.225 - - [01/Oct/2022:18:45:21 -0700] "GET /?author=1 HTTP/1.1" 200 20039 "-" "Apache-HttpClient/4.5.2 (Java/1.8.0_151)" "nicolesconiers.com"
14.29.235.225 - - [01/Oct/2022:18:45:21 -0700] "GET /?author=2 HTTP/1.1" 200 20039 "-" "Apache-HttpClient/4.5.2 (Java/1.8.0_151)" "nicolesconiers.com"
14.29.235.225 - - [01/Oct/2022:18:45:28 -0700] "GET /?author=3 HTTP/1.1" 200 20039 "-" "Apache-HttpClient/4.5.2 (Java/1.8.0_151)" "nicolesconiers.com"
14.29.235.225 - - [01/Oct/2022:18:45:28 -0700] "GET /?author=4 HTTP/1.1" 200 20039 "-" "Apache-HttpClient/4.5.2 (Java/1.8.0_151)" "nicolesconiers.com"
14.29.235.225 - - [01/Oct/2022:18:45:31 -0700] "GET /?author=5 HTTP/1.1" 200 20039 "-" "Apache-HttpClient/4.5.2 (Java/1.8.0_151)" "nicolesconiers.com"
14.29.235.225 - - [01/Oct/2022:18:45:31 -0700] "GET /?author=6 HTTP/1.1" 200 20039 "-" "Apache-HttpClient/4.5.2 (Java/1.8.0_151)" "nicolesconiers.com"
14.29.235.225 - - [01/Oct/2022:18:45:32 -0700] "GET /?author=7 HTTP/1.1" 200 20039 "-" "Apache-HttpClient/4.5.2 (Java/1.8.0_151)" "nicolesconiers.com"
14.29.235.225 - - [01/Oct/2022:18:45:33 -0700] "GET /?author=8 HTTP/1.1" 200 20039 "-" "Apache-HttpClient/4.5.2 (Java/1.8.0_151)" "nicolesconiers.com"
14.29.235.225 - - [01/Oct/2022:18:45:33 -0700] "GET /?author=9 HTTP/1.1" 200 20039 "-" "Apache-HttpClient/4.5.2 (Java/1.8.0_151)" "nicolesconiers.com"
14.29.235.225 - - [01/Oct/2022:18:45:36 -0700] "GET /?author=10 HTTP/1.1" 200 20039 "-" "Apache-HttpClient/4.5.2 (Java/1.8.0_151)" "nicolesconiers.com"
14.29.235.225 - - [01/Oct/2022:18:45:37 -0700] "GET /?author=11 HTTP/1.1" 200 20039 "-" "Apache-HttpClient/4.5.2 (Java/1.8.0_151)" "nicolesconiers.com"
14.29.235.225 - - [01/Oct/2022:18:45:39 -0700] "GET /?author=12 HTTP/1.1" 200 20039 "-" "Apache-HttpClient/4.5.2 (Java/1.8.0_151)" "nicolesconiers.com"
14.29.235.225 - - [01/Oct/2022:18:45:44 -0700] "GET /?author=13 HTTP/1.1" 200 20039 "-" "Apache-HttpClient/4.5.2 (Java/1.8.0_151)" "nicolesconiers.com"
14.29.235.225 - - [01/Oct/2022:18:45:44 -0700] "GET /?author=14 HTTP/1.1" 200 20039 "-" "Apache-HttpClient/4.5.2 (Java/1.8.0_151)" "nicolesconiers.com"
14.29.235.225 - - [01/Oct/2022:18:45:48 -0700] "GET /?author=15 HTTP/1.1" 200 20039 "-" "Apache-HttpClient/4.5.2 (Java/1.8.0_151)" "nicolesconiers.com"
14.29.235.225 - - [01/Oct/2022:18:45:50 -0700] "GET /?author=16 HTTP/1.1" 200 20039 "-" "Apache-HttpClient/4.5.2 (Java/1.8.0_151)" "nicolesconiers.com"
14.29.235.225 - - [01/Oct/2022:18:45:52 -0700] "GET /?author=17 HTTP/1.1" 200 20039 "-" "Apache-HttpClient/4.5.2 (Java/1.8.0_151)" "nicolesconiers.com"
14.29.235.225 - - [01/Oct/2022:18:45:52 -0700] "GET /?author=18 HTTP/1.1" 200 20039 "-" "Apache-HttpClient/4.5.2 (Java/1.8.0_151)" "nicolesconiers.com"
14.29.235.225 - - [01/Oct/2022:18:45:53 -0700] "GET /?author=19 HTTP/1.1" 200 20039 "-" "Apache-HttpClient/4.5.2 (Java/1.8.0_151)" "nicolesconiers.com"
14.29.235.225 - - [01/Oct/2022:18:45:54 -0700] "GET /?author=20 HTTP/1.1" 200 20039 "-" "Apache-HttpClient/4.5.2 (Java/1.8.0_151)" "nicolesconiers.com"
114.119.136.155 - - [01/Oct/2022:18:46:12 -0700] "GET /blog/index.php/2012/03/08/coming-to-a-campus-near-you HTTP/1.1" 200 31122 "http://nicolesconiers.com/blog/2012/03/08/coming-to-a-campus-near-you" "Mozilla/5.0 (Linux; Android 7.0;) AppleWebKit/537.36 (KHTML, like Gecko) Mobile Safari/537.36 (compatible; PetalBot;+https://webmaster.petalsearch.com/site/petalbot)" "nicolesconiers.com"
222.186.180.213 - - [01/Oct/2022:18:47:13 -0700] "GET /blog/index.php/2011/10/12/bumrushingtheoldboynetwork/ HTTP/1.1" 200 40966 "http://nicolesconiers.com/blog/2011/10/12/bumrushingtheoldboynetwork/" "Mozilla/4.0 (compatible; MSIE 6.0; Windows NT 5.1; SV1; .NET CLR 2.0.50727)" "nicolesconiers.com"
37.139.53.65 - - [01/Oct/2022:18:52:01 -0700] "GET /blog/index.php/2011/10/17/thedivaofdelay/ HTTP/1.1" 200 37023 "http://nicolesconiers.com/blog/2011/10/17/thedivaofdelay/#comment-/" "Mozilla/5.0 (Windows NT 10.0) AppleWebKit/537.36 (KHTML, like Gecko) Chrome/90.0.4430.93 Safari/537.36" "nicolesconiers.com"
37.139.53.65 - - [01/Oct/2022:18:52:08 -0700] "POST /blog/wp-comments-post.php HTTP/1.1" 302 - "http://nicolesconiers.com/blog/2011/10/17/thedivaofdelay/#comment-/" "Mozilla/5.0 (Windows NT 10.0) AppleWebKit/537.36 (KHTML, like Gecko) Chrome/90.0.4430.93 Safari/537.36" "nicolesconiers.com"
185.191.171.17 - - [01/Oct/2022:18:56:49 -0700] "GET /robots.txt HTTP/1.1" 200 44 "-" "Mozilla/5.0 (compatible; SemrushBot/7~bl; +http://www.semrush.com/bot.html)" "nicolesconiers.com"
185.191.171.43 - - [01/Oct/2022:18:56:50 -0700] "GET /blog/index.php/tag/hair/ HTTP/1.1" 200 36248 "-" "Mozilla/5.0 (compatible; SemrushBot/7~bl; +http://www.semrush.com/bot.html)" "nicolesconiers.com"
71.115.185.123 - - [01/Oct/2022:18:57:54 -0700] "GET / HTTP/1.1" 200 20039 "https://www.google.com/" "Mozilla/5.0 (Linux; Android 12; SM-G998U) AppleWebKit/537.36 (KHTML, like Gecko) Chrome/105.0.0.0 Mobile Safari/537.36" "nicolesconiers.com"
71.115.185.123 - - [01/Oct/2022:18:57:54 -0700] "GET /css/fonts.css?v=1.5.8c HTTP/1.1" 200 1538 "http://nicolesconiers.com/" "Mozilla/5.0 (Linux; Android 12; SM-G998U) AppleWebKit/537.36 (KHTML, like Gecko) Chrome/105.0.0.0 Mobile Safari/537.36" "nicolesconiers.com"
71.115.185.123 - - [01/Oct/2022:18:57:54 -0700] "GET /js/ysb.js HTTP/1.1" 200 20 "http://nicolesconiers.com/" "Mozilla/5.0 (Linux; Android 12; SM-G998U) AppleWebKit/537.36 (KHTML, like Gecko) Chrome/105.0.0.0 Mobile Safari/537.36" "nicolesconiers.com"
71.115.185.123 - - [01/Oct/2022:18:57:54 -0700] "GET /js/all_js.js HTTP/1.1" 200 14389 "http://nicolesconiers.com/" "Mozilla/5.0 (Linux; Android 12; SM-G998U) AppleWebKit/537.36 (KHTML, like Gecko) Chrome/105.0.0.0 Mobile Safari/537.36" "nicolesconiers.com"
71.115.185.123 - - [01/Oct/2022:18:57:54 -0700] "GET /js/lib/touchswipe/jquery.mobile.custom.min.js HTTP/1.1" 200 2872 "http://nicolesconiers.com/" "Mozilla/5.0 (Linux; Android 12; SM-G998U) AppleWebKit/537.36 (KHTML, like Gecko) Chrome/105.0.0.0 Mobile Safari/537.36" "nicolesconiers.com"
71.115.185.123 - - [01/Oct/2022:18:57:54 -0700] "GET /css/static_style.css HTTP/1.1" 200 3614 "http://nicolesconiers.com/" "Mozilla/5.0 (Linux; Android 12; SM-G998U) AppleWebKit/537.36 (KHTML, like Gecko) Chrome/105.0.0.0 Mobile Safari/537.36" "nicolesconiers.com"
71.115.185.123 - - [01/Oct/2022:18:57:54 -0700] "GET /js/xprs_helper.js?v=1.5.8c HTTP/1.1" 200 9186 "http://nicolesconiers.com/" "Mozilla/5.0 (Linux; Android 12; SM-G998U) AppleWebKit/537.36 (KHTML, like Gecko) Chrome/105.0.0.0 Mobile Safari/537.36" "nicolesconiers.com"
71.115.185.123 - - [01/Oct/2022:18:57:54 -0700] "GET /js/lightbox.js?v=1.5.8c HTTP/1.1" 200 3021 "http://nicolesconiers.com/" "Mozilla/5.0 (Linux; Android 12; SM-G998U) AppleWebKit/537.36 (KHTML, like Gecko) Chrome/105.0.0.0 Mobile Safari/537.36" "nicolesconiers.com"
71.115.185.123 - - [01/Oct/2022:18:57:54 -0700] "GET /js/spimeengine.js?v=1.5.8c HTTP/1.1" 200 17277 "http://nicolesconiers.com/" "Mozilla/5.0 (Linux; Android 12; SM-G998U) AppleWebKit/537.36 (KHTML, like Gecko) Chrome/105.0.0.0 Mobile Safari/537.36" "nicolesconiers.com"
71.115.185.123 - - [01/Oct/2022:18:57:55 -0700] "GET /css/effects.css?v=1.5.8c HTTP/1.1" 200 2395 "http://nicolesconiers.com/" "Mozilla/5.0 (Linux; Android 12; SM-G998U) AppleWebKit/537.36 (KHTML, like Gecko) Chrome/105.0.0.0 Mobile Safari/537.36" "nicolesconiers.com"
71.115.185.123 - - [01/Oct/2022:18:57:55 -0700] "GET /css/lightbox.css?v=1.5.8c HTTP/1.1" 200 646 "http://nicolesconiers.com/" "Mozilla/5.0 (Linux; Android 12; SM-G998U) AppleWebKit/537.36 (KHTML, like Gecko) Chrome/105.0.0.0 Mobile Safari/537.36" "nicolesconiers.com"
37.139.53.60 - - [01/Oct/2022:18:58:39 -0700] "GET /blog/index.php/2011/10/17/thedivaofdelay/ HTTP/1.1" 200 37023 "http://nicolesconiers.com/blog/2011/10/17/thedivaofdelay/#comment-/" "Mozilla/5.0 (Windows NT 6.3; Win64; x64) AppleWebKit/537.36 (KHTML, like Gecko) Chrome/90.0.4430.85 Safari/537.36" "nicolesconiers.com"
37.139.53.60 - - [01/Oct/2022:18:58:44 -0700] "POST /blog/wp-comments-post.php HTTP/1.1" 302 - "http://nicolesconiers.com/blog/2011/10/17/thedivaofdelay/#comment-/" "Mozilla/5.0 (Windows NT 6.3; Win64; x64) AppleWebKit/537.36 (KHTML, like Gecko) Chrome/90.0.4430.85 Safari/537.36" "nicolesconiers.com"
104.144.7.228 - - [01/Oct/2022:19:00:01 -0700] "GET /blog/index.php/2011/07/28/the-help-white-women-saviors-and-maids-with-superpowers/ HTTP/1.1" 200 40362 "-" "Mozilla/5.0 (Windows NT 10.0; Win64; x64) AppleWebKit/537.36 (KHTML, like Gecko) Chrome/71.0.3578.98 Safari/537.36" "nicolesconiers.com"
37.139.53.60 - - [01/Oct/2022:19:01:57 -0700] "GET /blog/index.php/2011/10/17/thedivaofdelay/ HTTP/1.1" 200 37023 "http://nicolesconiers.com/blog/2011/10/17/thedivaofdelay/#comment-/" "Mozilla/5.0 (Windows NT 6.1) AppleWebKit/537.36 (KHTML, like Gecko) Chrome/90.0.4430.72 Safari/537.36" "nicolesconiers.com"
37.139.53.60 - - [01/Oct/2022:19:02:01 -0700] "POST /blog/wp-comments-post.php HTTP/1.1" 302 - "http://nicolesconiers.com/blog/2011/10/17/thedivaofdelay/#comment-/" "Mozilla/5.0 (Windows NT 6.1) AppleWebKit/537.36 (KHTML, like Gecko) Chrome/90.0.4430.72 Safari/537.36" "nicolesconiers.com"
10.213.116.227 - - [01/Oct/2022:19:07:35 -0700] "POST /blog/wp-cron.php?doing_wp_cron HTTP/1.1" 200 - "-" "WordPress/3.0.4; http://nicolesconiers.com/blog" "nicolesconiers.com"
37.139.53.70 - - [01/Oct/2022:19:07:34 -0700] "GET /blog/index.php/2011/10/17/thedivaofdelay/ HTTP/1.1" 200 37023 "http://nicolesconiers.com/blog/2011/10/17/thedivaofdelay/#comment-/" "Mozilla/5.0 (Windows NT 6.1; Win64; x64) AppleWebKit/537.36 (KHTML, like Gecko) Chrome/90.0.4430.85 Safari/537.36" "nicolesconiers.com"
37.139.53.70 - - [01/Oct/2022:19:07:38 -0700] "POST /blog/wp-comments-post.php HTTP/1.1" 302 - "http://nicolesconiers.com/blog/2011/10/17/thedivaofdelay/#comment-/" "Mozilla/5.0 (Windows NT 6.1; Win64; x64) AppleWebKit/537.36 (KHTML, like Gecko) Chrome/90.0.4430.85 Safari/537.36" "nicolesconiers.com"
37.139.53.75 - - [01/Oct/2022:19:09:47 -0700] "GET /blog/index.php/2011/10/17/thedivaofdelay/ HTTP/1.1" 200 37023 "http://nicolesconiers.com/blog/2011/10/17/thedivaofdelay/#comment-/" "Mozilla/5.0 (Windows NT 10.0; Win64; x64) AppleWebKit/537.36 (KHTML, like Gecko) Chrome/90.0.4430.93 Safari/537.36" "nicolesconiers.com"
37.139.53.75 - - [01/Oct/2022:19:09:49 -0700] "POST /blog/wp-comments-post.php HTTP/1.1" 302 - "http://nicolesconiers.com/blog/2011/10/17/thedivaofdelay/#comment-/" "Mozilla/5.0 (Windows NT 10.0; Win64; x64) AppleWebKit/537.36 (KHTML, like Gecko) Chrome/90.0.4430.93 Safari/537.36" "nicolesconiers.com"
66.44.121.149 - - [01/Oct/2022:19:11:34 -0700] "GET /blog HTTP/1.1" 301 1407 "-" "Mozilla/5.0 (Macintosh; Intel Mac OS X 10_13) AppleWebKit/604.1.38 (KHTML, like Gecko) Version/11.0 Safari/604.1.38" "nicolesconiers.com"
66.44.121.149 - - [01/Oct/2022:19:11:35 -0700] "GET /blog/ HTTP/1.1" 200 153350 "http://nicolesconiers.com/blog" "Mozilla/5.0 (Macintosh; Intel Mac OS X 10_13) AppleWebKit/604.1.38 (KHTML, like Gecko) Version/11.0 Safari/604.1.38" "nicolesconiers.com"
66.44.121.149 - - [01/Oct/2022:19:11:41 -0700] "GET / HTTP/1.1" 200 20039 "-" "Go-http-client/1.1" "nicolesconiers.com"
66.44.121.149 - - [01/Oct/2022:19:12:10 -0700] "GET /robots.txt HTTP/1.1" 200 44 "-" "Go-http-client/1.1" "www.nicolesconiers.com"
37.139.53.70 - - [01/Oct/2022:19:14:34 -0700] "GET /blog/index.php/2011/10/17/thedivaofdelay/ HTTP/1.1" 200 37023 "http://nicolesconiers.com/blog/2011/10/17/thedivaofdelay/#comment-/" "Mozilla/5.0 (Windows NT 6.3; Win64; x64) AppleWebKit/537.36 (KHTML, like Gecko) Chrome/90.0.4430.85 Safari/537.36 Edg/90.0.818.49" "nicolesconiers.com"
37.139.53.70 - - [01/Oct/2022:19:14:37 -0700] "POST /blog/wp-comments-post.php HTTP/1.1" 302 - "http://nicolesconiers.com/blog/2011/10/17/thedivaofdelay/#comment-/" "Mozilla/5.0 (Windows NT 6.3; Win64; x64) AppleWebKit/537.36 (KHTML, like Gecko) Chrome/90.0.4430.85 Safari/537.36 Edg/90.0.818.49" "nicolesconiers.com"
62.210.215.118 - - [01/Oct/2022:19:21:24 -0700] "GET /blog/index.php/tag/writing/feed/ HTTP/1.1" 200 57603 "-" "Mozilla/5.0 (X11; Linux i686) AppleWebKit/537.36 (KHTML, like Gecko) Chrome/30.0.1599.66 Safari/537.36" "nicolesconiers.com"
122.187.230.222 - - [01/Oct/2022:19:22:13 -0700] "GET /blog/index.php/2017/03/20/1098/ HTTP/1.1" 200 30491 "http://nicolesconiers.com/blog/2017/03/20/1098/#comment-/" "Mozilla/5.0 (Windows NT 6.1) AppleWebKit/537.36 (KHTML, like Gecko) Chrome/90.0.4430.93 Safari/537.36" "nicolesconiers.com"
122.187.230.222 - - [01/Oct/2022:19:22:23 -0700] "POST /blog/wp-comments-post.php HTTP/1.1" 302 - "http://nicolesconiers.com/blog/2017/03/20/1098/#comment-/" "Mozilla/5.0 (Windows NT 6.1) AppleWebKit/537.36 (KHTML, like Gecko) Chrome/90.0.4430.93 Safari/537.36" "nicolesconiers.com"
122.187.230.222 - - [01/Oct/2022:19:22:30 -0700] "GET /blog/index.php/2017/03/20/1098/ HTTP/1.1" 200 30491 "http://nicolesconiers.com/blog/2017/03/20/1098/#comment-" "Mozilla/5.0 (Windows NT 6.1) AppleWebKit/537.36 (KHTML, like Gecko) Chrome/90.0.4430.93 Safari/537.36" "nicolesconiers.com"
185.191.171.39 - - [01/Oct/2022:19:22:34 -0700] "GET /blog.html HTTP/1.1" 200 22453 "-" "Mozilla/5.0 (compatible; SemrushBot/7~bl; +http://www.semrush.com/bot.html)" "nicolesconiers.com"
37.139.53.80 - - [01/Oct/2022:19:26:57 -0700] "GET /blog/index.php/2011/10/17/thedivaofdelay/ HTTP/1.1" 200 37023 "http://nicolesconiers.com/blog/2011/10/17/thedivaofdelay/#comment-/" "Mozilla/5.0 (Windows NT 6.1; Win64; x64) AppleWebKit/537.36 (KHTML, like Gecko) Chrome/90.0.4427.0 Safari/537.36" "nicolesconiers.com"
37.139.53.80 - - [01/Oct/2022:19:26:59 -0700] "POST /blog/wp-comments-post.php HTTP/1.1" 302 - "http://nicolesconiers.com/blog/2011/10/17/thedivaofdelay/#comment-/" "Mozilla/5.0 (Windows NT 6.1; Win64; x64) AppleWebKit/537.36 (KHTML, like Gecko) Chrome/90.0.4427.0 Safari/537.36" "nicolesconiers.com"
37.139.53.80 - - [01/Oct/2022:19:30:31 -0700] "GET /blog/index.php/2011/10/17/thedivaofdelay/ HTTP/1.1" 200 37023 "http://nicolesconiers.com/blog/2011/10/17/thedivaofdelay/#comment-/" "Mozilla/5.0 (Windows NT 6.1; Win64; x64) AppleWebKit/537.36 (KHTML, like Gecko) Chrome/90.0.4430.85 Safari/537.36 Edg/90.0.818.49" "nicolesconiers.com"
37.139.53.80 - - [01/Oct/2022:19:30:33 -0700] "POST /blog/wp-comments-post.php HTTP/1.1" 302 - "http://nicolesconiers.com/blog/2011/10/17/thedivaofdelay/#comment-/" "Mozilla/5.0 (Windows NT 6.1; Win64; x64) AppleWebKit/537.36 (KHTML, like Gecko) Chrome/90.0.4430.85 Safari/537.36 Edg/90.0.818.49" "nicolesconiers.com"
62.210.215.118 - - [01/Oct/2022:19:30:50 -0700] "GET /blog/index.php/tag/reading/feed/ HTTP/1.1" 200 8236 "-" "Mozilla/5.0 (X11; Linux i686) AppleWebKit/537.36 (KHTML, like Gecko) Chrome/30.0.1599.66 Safari/537.36" "nicolesconiers.com"
37.44.252.13 - - [01/Oct/2022:19:36:07 -0700] "GET /blog/index.php/2011/07/01/the-beckyville-bookmobile-or-soul-sista-ice-cream-truck/ HTTP/1.1" 200 41455 "http://nicolesconiers.com/" "Mozilla/5.0 (Windows NT 10.0) AppleWebKit/537.36 (KHTML, like Gecko) Chrome/103.0.0.0 Safari/537.36" "nicolesconiers.com"
37.44.252.13 - - [01/Oct/2022:19:36:12 -0700] "POST /blog/wp-comments-post.php HTTP/1.1" 302 - "http://nicolesconiers.com/blog/2011/07/01/the-beckyville-bookmobile-or-soul-sista-ice-cream-truck/" "Mozilla/5.0 (Windows NT 10.0) AppleWebKit/537.36 (KHTML, like Gecko) Chrome/103.0.0.0 Safari/537.36" "nicolesconiers.com"
37.44.252.13 - - [01/Oct/2022:19:36:17 -0700] "GET /blog/index.php/2011/07/01/the-beckyville-bookmobile-or-soul-sista-ice-cream-truck/ HTTP/1.1" 200 41455 "http://nicolesconiers.com/blog/wp-comments-post.php" "Mozilla/5.0 (Windows NT 10.0) AppleWebKit/537.36 (KHTML, like Gecko) Chrome/103.0.0.0 Safari/537.36" "nicolesconiers.com"
37.44.252.13 - - [01/Oct/2022:19:36:19 -0700] "GET /blog/index.php/2011/07/01/the-beckyville-bookmobile-or-soul-sista-ice-cream-truck/ HTTP/1.1" 200 41455 "-" "Mozilla/5.0 (Windows NT 10.0) AppleWebKit/537.36 (KHTML, like Gecko) Chrome/103.0.0.0 Safari/537.36" "nicolesconiers.com"
37.139.53.75 - - [01/Oct/2022:19:38:19 -0700] "GET /blog/index.php/2011/10/17/thedivaofdelay/ HTTP/1.1" 200 37023 "http://nicolesconiers.com/blog/2011/10/17/thedivaofdelay/#comment-/" "Mozilla/5.0 (Windows NT 6.2; Win64; x64) AppleWebKit/537.36 (KHTML, like Gecko) Chrome/90.0.4430.93 Safari/537.36" "nicolesconiers.com"
37.139.53.75 - - [01/Oct/2022:19:38:22 -0700] "POST /blog/wp-comments-post.php HTTP/1.1" 302 - "http://nicolesconiers.com/blog/2011/10/17/thedivaofdelay/#comment-/" "Mozilla/5.0 (Windows NT 6.2; Win64; x64) AppleWebKit/537.36 (KHTML, like Gecko) Chrome/90.0.4430.93 Safari/537.36" "nicolesconiers.com"
37.139.53.65 - - [01/Oct/2022:19:40:33 -0700] "GET /blog/index.php/2011/10/17/thedivaofdelay/ HTTP/1.1" 200 37023 "http://nicolesconiers.com/blog/2011/10/17/thedivaofdelay/#comment-/" "Mozilla/5.0 (Windows NT 6.3; Win64; x64) AppleWebKit/537.36 (KHTML, like Gecko) Chrome/90.0.4430.93 Safari/537.36" "nicolesconiers.com"
37.139.53.65 - - [01/Oct/2022:19:40:36 -0700] "POST /blog/wp-comments-post.php HTTP/1.1" 302 - "http://nicolesconiers.com/blog/2011/10/17/thedivaofdelay/#comment-/" "Mozilla/5.0 (Windows NT 6.3; Win64; x64) AppleWebKit/537.36 (KHTML, like Gecko) Chrome/90.0.4430.93 Safari/537.36" "nicolesconiers.com"
54.38.44.6 - - [01/Oct/2022:19:41:34 -0700] "GET /wp-login.php HTTP/1.1" 404 88 "-" "Mozilla/5.0 (Windows NT 10.0; Win64; x64; rv:96.0) Gecko/20100101 Firefox/96" "nicolesconiers.com"
85.202.195.141 - - [01/Oct/2022:19:42:47 -0700] "GET /blog/index.php/2011/07/01/the-beckyville-bookmobile-or-soul-sista-ice-cream-truck/ HTTP/1.1" 200 41455 "-" "Mozilla/5.0 (Windows NT 10.0; WOW64; x64) AppleWebKit/537.36 (KHTML, like Gecko) Chrome/103.0.0.0 Safari/537.36 OPR/89.0.4447.51" "nicolesconiers.com"
37.139.53.65 - - [01/Oct/2022:19:54:48 -0700] "GET /blog/index.php/2011/10/17/thedivaofdelay/ HTTP/1.1" 200 37023 "http://nicolesconiers.com/blog/2011/10/17/thedivaofdelay/#comment-/" "Mozilla/5.0 (Windows NT 6.3; Win64; x64) AppleWebKit/537.36 (KHTML, like Gecko) Chrome/90.0.4430.85 Safari/537.36" "nicolesconiers.com"
37.139.53.65 - - [01/Oct/2022:19:54:53 -0700] "POST /blog/wp-comments-post.php HTTP/1.1" 302 - "http://nicolesconiers.com/blog/2011/10/17/thedivaofdelay/#comment-/" "Mozilla/5.0 (Windows NT 6.3; Win64; x64) AppleWebKit/537.36 (KHTML, like Gecko) Chrome/90.0.4430.85 Safari/537.36" "nicolesconiers.com"
37.139.53.60 - - [01/Oct/2022:19:56:05 -0700] "GET /blog/index.php/2011/10/17/thedivaofdelay/ HTTP/1.1" 200 37023 "http://nicolesconiers.com/blog/2011/10/17/thedivaofdelay/#comment-/" "Mozilla/5.0 (Windows NT 10.0) AppleWebKit/537.36 (KHTML, like Gecko) Chrome/90.0.4430.85 Safari/537.36" "nicolesconiers.com"
37.139.53.60 - - [01/Oct/2022:19:56:19 -0700] "POST /blog/wp-comments-post.php HTTP/1.1" 302 - "http://nicolesconiers.com/blog/2011/10/17/thedivaofdelay/#comment-/" "Mozilla/5.0 (Windows NT 10.0) AppleWebKit/537.36 (KHTML, like Gecko) Chrome/90.0.4430.85 Safari/537.36" "nicolesconiers.com"
37.139.53.60 - - [01/Oct/2022:19:59:25 -0700] "GET /blog/index.php/2011/10/17/thedivaofdelay/ HTTP/1.1" 200 37023 "http://nicolesconiers.com/blog/2011/10/17/thedivaofdelay/#comment-/" "Mozilla/5.0 (Windows NT 10.0; WOW64) AppleWebKit/537.36 (KHTML, like Gecko) Chrome/90.0.4430.93 Safari/537.36" "nicolesconiers.com"
37.139.53.60 - - [01/Oct/2022:19:59:31 -0700] "POST /blog/wp-comments-post.php HTTP/1.1" 302 - "http://nicolesconiers.com/blog/2011/10/17/thedivaofdelay/#comment-/" "Mozilla/5.0 (Windows NT 10.0; WOW64) AppleWebKit/537.36 (KHTML, like Gecko) Chrome/90.0.4430.93 Safari/537.36" "nicolesconiers.com"
72.14.199.161 - - [01/Oct/2022:19:59:49 -0700] "GET /blog/index.php/feed/ HTTP/1.1" 304 - "-" "FeedFetcher-Google; (+http://www.google.com/feedfetcher.html)" "nicolesconiers.com"
37.139.53.75 - - [01/Oct/2022:20:05:43 -0700] "GET /blog/index.php/2011/10/17/thedivaofdelay/ HTTP/1.1" 200 37023 "http://nicolesconiers.com/blog/2011/10/17/thedivaofdelay/#comment-/" "Mozilla/5.0 (Windows NT 10.0; WOW64) AppleWebKit/537.36 (KHTML, like Gecko) Chrome/90.0.4400.8 Safari/537.36" "nicolesconiers.com"
37.139.53.75 - - [01/Oct/2022:20:05:46 -0700] "POST /blog/wp-comments-post.php HTTP/1.1" 302 - "http://nicolesconiers.com/blog/2011/10/17/thedivaofdelay/#comment-/" "Mozilla/5.0 (Windows NT 10.0; WOW64) AppleWebKit/537.36 (KHTML, like Gecko) Chrome/90.0.4400.8 Safari/537.36" "nicolesconiers.com"
114.119.136.148 - - [01/Oct/2022:20:09:04 -0700] "GET /blog/index.php/2012/02/16/the-state-of-black-sci-fi-2012-why-i-love-onyx-con HTTP/1.1" 200 42371 "http://nicolesconiers.com/blog/index.php/2012/02/14/escape-from-beckyville-on-sale-now" "Mozilla/5.0 (Linux; Android 7.0;) AppleWebKit/537.36 (KHTML, like Gecko) Mobile Safari/537.36 (compatible; PetalBot;+https://webmaster.petalsearch.com/site/petalbot)" "nicolesconiers.com"
37.139.53.70 - - [01/Oct/2022:20:10:07 -0700] "GET /blog/index.php/2011/10/17/thedivaofdelay/ HTTP/1.1" 200 37023 "http://nicolesconiers.com/blog/2011/10/17/thedivaofdelay/#comment-/" "Mozilla/5.0 (Windows NT 6.1; ) AppleWebKit/537.36 (KHTML, like Gecko) Chrome/90.0.4430.85 Safari/537.36" "nicolesconiers.com"
37.139.53.70 - - [01/Oct/2022:20:10:10 -0700] "POST /blog/wp-comments-post.php HTTP/1.1" 302 - "http://nicolesconiers.com/blog/2011/10/17/thedivaofdelay/#comment-/" "Mozilla/5.0 (Windows NT 6.1; ) AppleWebKit/537.36 (KHTML, like Gecko) Chrome/90.0.4430.85 Safari/537.36" "nicolesconiers.com"
91.239.85.19 - - [01/Oct/2022:20:15:28 -0700] "GET /blog/index.php/2011/10/17/thedivaofdelay/ HTTP/1.1" 200 37023 "http://nicolesconiers.com/blog/2011/10/17/thedivaofdelay/" "Mozilla/5.0 (Windows NT 10.0; Win64; x64) AppleWebKit/537.36 (KHTML, like Gecko) Chrome/90.0.4430.93 Safari/537.36" "nicolesconiers.com"
91.239.85.19 - - [01/Oct/2022:20:15:30 -0700] "POST /blog/wp-comments-post.php HTTP/1.1" 302 - "http://nicolesconiers.com/blog/2011/10/17/thedivaofdelay/" "Mozilla/5.0 (Windows NT 10.0; Win64; x64) AppleWebKit/537.36 (KHTML, like Gecko) Chrome/90.0.4430.93 Safari/537.36" "nicolesconiers.com"
91.239.85.19 - - [01/Oct/2022:20:15:32 -0700] "GET /blog/index.php/2011/10/17/thedivaofdelay/ HTTP/1.1" 200 37023 "http://nicolesconiers.com/blog/2011/10/17/thedivaofdelay/#comment-" "Mozilla/5.0 (Windows NT 10.0; Win64; x64) AppleWebKit/537.36 (KHTML, like Gecko) Chrome/90.0.4430.93 Safari/537.36" "nicolesconiers.com"
37.139.53.70 - - [01/Oct/2022:20:16:28 -0700] "GET /blog/index.php/2011/10/17/thedivaofdelay/ HTTP/1.1" 200 37023 "http://nicolesconiers.com/blog/2011/10/17/thedivaofdelay/#comment-/" "Mozilla/5.0 (Windows NT 10.0; Win64; x64) AppleWebKit/537.36 (KHTML, like Gecko) Chrome/90.0.4430.85 Safari/537.36 Edg/90.0.818.49" "nicolesconiers.com"
37.139.53.70 - - [01/Oct/2022:20:16:31 -0700] "POST /blog/wp-comments-post.php HTTP/1.1" 302 - "http://nicolesconiers.com/blog/2011/10/17/thedivaofdelay/#comment-/" "Mozilla/5.0 (Windows NT 10.0; Win64; x64) AppleWebKit/537.36 (KHTML, like Gecko) Chrome/90.0.4430.85 Safari/537.36 Edg/90.0.818.49" "nicolesconiers.com"
222.186.180.213 - - [01/Oct/2022:20:20:40 -0700] "GET /blog/index.php/2011/12/19/lola-and-nikkis-excellent-adventures/ HTTP/1.1" 200 32379 "http://nicolesconiers.com/blog/2011/12/19/lola-and-nikkis-excellent-adventures/" "Mozilla/4.0 (compatible; MSIE 6.0; Windows NT 5.1; SV1; .NET CLR 2.0.50727)" "nicolesconiers.com"
159.192.123.2 - - [01/Oct/2022:20:30:48 -0700] "GET /blog/index.php/2011/07/01/the-beckyville-bookmobile-or-soul-sista-ice-cream-truck/ HTTP/1.1" 200 41455 "-" "Mozilla/5.0 (Windows NT 10.0; WOW64; x64) AppleWebKit/537.36 (KHTML, like Gecko) Chrome/103.0.0.0 Safari/537.36 OPR/89.0.4447.51" "nicolesconiers.com"
42.236.10.74 - - [01/Oct/2022:20:31:59 -0700] "GET / HTTP/1.1" 200 20039 "http://www.nicolesconiers.com/" "Mozilla/5.0 (Windows NT 6.1; WOW64) AppleWebKit/537.36 (KHTML, like Gecko) Chrome/50.0.2661.102 Safari/537.36; 360Spider" "www.nicolesconiers.com"
45.169.70.9 - - [01/Oct/2022:20:33:31 -0700] "GET /blog/index.php/2011/07/01/the-beckyville-bookmobile-or-soul-sista-ice-cream-truck/ HTTP/1.1" 200 41455 "http://nicolesconiers.com/" "Mozilla/5.0 (Windows NT 10.0; WOW64) AppleWebKit/537.36 (KHTML, like Gecko) Chrome/103.0.0.0 Safari/537.36" "nicolesconiers.com"
45.169.70.9 - - [01/Oct/2022:20:33:34 -0700] "GET /wp-login.php?action=register HTTP/1.1" 404 88 "http://nicolesconiers.com/" "Mozilla/5.0 (Windows NT 6.3; Win64; x64) AppleWebKit/537.36 (KHTML, like Gecko) Chrome/103.0.0.0 Safari/537.36" "nicolesconiers.com"
