37.139.53.75 - - [03/Oct/2022:07:29:36 -0700] "GET /blog/index.php/2011/10/17/thedivaofdelay/ HTTP/1.1" 200 37023 "http://nicolesconiers.com/blog/2011/10/17/thedivaofdelay/#comment-/" "Mozilla/5.0 (Windows NT 10.0) AppleWebKit/537.36 (KHTML, like Gecko) Chrome/90.0.4430.85 Safari/537.36 Edg/90.0.818.46" "nicolesconiers.com"
37.139.53.75 - - [03/Oct/2022:07:29:39 -0700] "POST /blog/wp-comments-post.php HTTP/1.1" 302 - "http://nicolesconiers.com/blog/2011/10/17/thedivaofdelay/#comment-/" "Mozilla/5.0 (Windows NT 10.0) AppleWebKit/537.36 (KHTML, like Gecko) Chrome/90.0.4430.85 Safari/537.36 Edg/90.0.818.46" "nicolesconiers.com"
185.191.171.21 - - [03/Oct/2022:07:30:58 -0700] "GET /robots.txt HTTP/1.1" 200 44 "-" "Mozilla/5.0 (compatible; SemrushBot/7~bl; +http://www.semrush.com/bot.html)" "nicolesconiers.com"
185.191.171.26 - - [03/Oct/2022:07:30:59 -0700] "GET /blog/index.php/tag/literature/ HTTP/1.1" 200 26749 "-" "Mozilla/5.0 (compatible; SemrushBot/7~bl; +http://www.semrush.com/bot.html)" "nicolesconiers.com"
37.139.53.80 - - [03/Oct/2022:07:31:02 -0700] "GET /blog/index.php/2011/10/17/thedivaofdelay/ HTTP/1.1" 200 37023 "http://nicolesconiers.com/blog/2011/10/17/thedivaofdelay/#comment-/" "Mozilla/5.0 (Windows NT 10.0; Win64; x64) AppleWebKit/537.36 (KHTML, like Gecko) Chrome/90.0.4430.72 Safari/537.36" "nicolesconiers.com"
37.139.53.80 - - [03/Oct/2022:07:31:04 -0700] "POST /blog/wp-comments-post.php HTTP/1.1" 302 - "http://nicolesconiers.com/blog/2011/10/17/thedivaofdelay/#comment-/" "Mozilla/5.0 (Windows NT 10.0; Win64; x64) AppleWebKit/537.36 (KHTML, like Gecko) Chrome/90.0.4430.72 Safari/537.36" "nicolesconiers.com"
64.71.131.243 - - [03/Oct/2022:07:35:51 -0700] "GET / HTTP/1.1" 200 138477 "-" "Mozilla/5.0 (compatible; ev-crawler/1.0; +https://headline.com/legal/crawler)" "nicolesconiers.com"
178.206.179.203 - - [03/Oct/2022:07:38:05 -0700] "GET /blog/index.php/2012/01/16/what-is-the-state-of-black-science-fiction-2012/ HTTP/1.1" 200 43571 "http://nicolesconiers.com/blog/2012/01/16/what-is-the-state-of-black-science-fiction-2012/#comments" "Mozilla/5.0 (Windows NT 6.3; Win64; x64) AppleWebKit/537.36 (KHTML, like Gecko) Chrome/90.0.4430.72 Safari/537.36" "nicolesconiers.com"
178.206.179.203 - - [03/Oct/2022:07:38:09 -0700] "POST /blog/wp-comments-post.php HTTP/1.1" 302 - "http://nicolesconiers.com/blog/2012/01/16/what-is-the-state-of-black-science-fiction-2012/#comments" "Mozilla/5.0 (Windows NT 6.3; Win64; x64) AppleWebKit/537.36 (KHTML, like Gecko) Chrome/90.0.4430.72 Safari/537.36" "nicolesconiers.com"
178.206.179.203 - - [03/Oct/2022:07:38:10 -0700] "GET /blog/index.php/2012/01/16/what-is-the-state-of-black-science-fiction-2012/ HTTP/1.1" 200 43571 "http://nicolesconiers.com/blog/2012/01/16/what-is-the-state-of-black-science-fiction-2012/#comment-" "Mozilla/5.0 (Windows NT 6.3; Win64; x64) AppleWebKit/537.36 (KHTML, like Gecko) Chrome/90.0.4430.72 Safari/537.36" "nicolesconiers.com"
37.139.53.70 - - [03/Oct/2022:07:38:11 -0700] "GET /blog/index.php/2011/10/17/thedivaofdelay/ HTTP/1.1" 200 37023 "http://nicolesconiers.com/blog/2011/10/17/thedivaofdelay/#comment-/" "Mozilla/5.0 (Windows NT 6.3; Win64; x64) AppleWebKit/537.36 (KHTML, like Gecko) Chrome/90.0.4430.93 Safari/537.36" "nicolesconiers.com"
37.139.53.70 - - [03/Oct/2022:07:38:13 -0700] "POST /blog/wp-comments-post.php HTTP/1.1" 302 - "http://nicolesconiers.com/blog/2011/10/17/thedivaofdelay/#comment-/" "Mozilla/5.0 (Windows NT 6.3; Win64; x64) AppleWebKit/537.36 (KHTML, like Gecko) Chrome/90.0.4430.93 Safari/537.36" "nicolesconiers.com"
37.139.53.80 - - [03/Oct/2022:07:38:18 -0700] "GET /blog/index.php/2011/10/17/thedivaofdelay/ HTTP/1.1" 200 37023 "http://nicolesconiers.com/blog/2011/10/17/thedivaofdelay/#comment-/" "Mozilla/5.0 (Windows NT 6.2; Win64; x64) AppleWebKit/537.36 (KHTML, like Gecko) Chrome/90.0.4430.93 Safari/537.36" "nicolesconiers.com"
37.139.53.80 - - [03/Oct/2022:07:38:20 -0700] "POST /blog/wp-comments-post.php HTTP/1.1" 302 - "http://nicolesconiers.com/blog/2011/10/17/thedivaofdelay/#comment-/" "Mozilla/5.0 (Windows NT 6.2; Win64; x64) AppleWebKit/537.36 (KHTML, like Gecko) Chrome/90.0.4430.93 Safari/537.36" "nicolesconiers.com"
114.119.136.155 - - [03/Oct/2022:07:40:25 -0700] "GET /blog/index.php/tag/kathryn-stockett HTTP/1.1" 200 27190 "http://nicolesconiers.com/blog/tag/entertainment-2/" "Mozilla/5.0 (Linux; Android 7.0;) AppleWebKit/537.36 (KHTML, like Gecko) Mobile Safari/537.36 (compatible; PetalBot;+https://webmaster.petalsearch.com/site/petalbot)" "nicolesconiers.com"
54.38.43.78 - - [03/Oct/2022:07:41:07 -0700] "GET /blog/wp-content/uploads/2012/03/Hunted-259x300.jpg HTTP/1.1" 200 13412 "-" "python-urllib3/1.26.9" "nicolesconiers.com"
37.139.53.60 - - [03/Oct/2022:07:43:52 -0700] "GET /blog/index.php/2011/10/17/thedivaofdelay/ HTTP/1.1" 200 37023 "http://nicolesconiers.com/blog/2011/10/17/thedivaofdelay/#comment-/" "Mozilla/5.0 (Windows NT 6.3) AppleWebKit/537.36 (KHTML, like Gecko) Chrome/90.0.4430.72 Safari/537.36" "nicolesconiers.com"
37.139.53.60 - - [03/Oct/2022:07:43:55 -0700] "POST /blog/wp-comments-post.php HTTP/1.1" 302 - "http://nicolesconiers.com/blog/2011/10/17/thedivaofdelay/#comment-/" "Mozilla/5.0 (Windows NT 6.3) AppleWebKit/537.36 (KHTML, like Gecko) Chrome/90.0.4430.72 Safari/537.36" "nicolesconiers.com"
37.139.53.60 - - [03/Oct/2022:07:49:47 -0700] "GET /blog/index.php/2011/10/17/thedivaofdelay/ HTTP/1.1" 200 37023 "http://nicolesconiers.com/blog/2011/10/17/thedivaofdelay/#comment-/" "Mozilla/5.0 (Windows NT 10.0) AppleWebKit/537.36 (KHTML, like Gecko) Chrome/90.0.4430.85 Safari/537.36" "nicolesconiers.com"
37.139.53.60 - - [03/Oct/2022:07:49:50 -0700] "POST /blog/wp-comments-post.php HTTP/1.1" 302 - "http://nicolesconiers.com/blog/2011/10/17/thedivaofdelay/#comment-/" "Mozilla/5.0 (Windows NT 10.0) AppleWebKit/537.36 (KHTML, like Gecko) Chrome/90.0.4430.85 Safari/537.36" "nicolesconiers.com"
37.139.53.70 - - [03/Oct/2022:07:50:32 -0700] "GET /blog/index.php/2011/10/17/thedivaofdelay/ HTTP/1.1" 200 37023 "http://nicolesconiers.com/blog/2011/10/17/thedivaofdelay/#comment-/" "Mozilla/5.0 (Windows NT 6.1; ) AppleWebKit/537.36 (KHTML, like Gecko) Chrome/90.0.4430.85 Safari/537.36" "nicolesconiers.com"
37.139.53.70 - - [03/Oct/2022:07:50:35 -0700] "POST /blog/wp-comments-post.php HTTP/1.1" 302 - "http://nicolesconiers.com/blog/2011/10/17/thedivaofdelay/#comment-/" "Mozilla/5.0 (Windows NT 6.1; ) AppleWebKit/537.36 (KHTML, like Gecko) Chrome/90.0.4430.85 Safari/537.36" "nicolesconiers.com"
178.159.37.28 - - [03/Oct/2022:07:53:28 -0700] "GET /blog/index.php/2011/12/01/afro-futurism-brave-new-world/ HTTP/1.1" 200 40623 "http://nicolesconiers.com/blog/2011/12/01/afro-futurism-brave-new-world/#comment-" "Mozilla/5.0 (Windows NT 10.1; rv:40.1) Gecko/20100101 Firefox/40.1" "nicolesconiers.com"
207.46.13.24 - - [03/Oct/2022:07:54:42 -0700] "GET /blog/index.php/2012/02/14/escape-from-beckyville-on-sale-now/ HTTP/1.1" 200 31670 "-" "Mozilla/5.0 AppleWebKit/537.36 (KHTML, like Gecko; compatible; bingbot/2.0; +http://www.bing.com/bingbot.htm) Chrome/103.0.5060.134 Safari/537.36" "nicolesconiers.com"
37.139.53.65 - - [03/Oct/2022:08:01:39 -0700] "GET /blog/index.php/2011/10/17/thedivaofdelay/ HTTP/1.1" 200 37023 "http://nicolesconiers.com/blog/2011/10/17/thedivaofdelay/#comment-/" "Mozilla/5.0 (Windows NT 10.0; WOW64) AppleWebKit/537.36 (KHTML, like Gecko) Chrome/90.0.4430.72 Safari/537.36" "nicolesconiers.com"
37.139.53.65 - - [03/Oct/2022:08:01:45 -0700] "POST /blog/wp-comments-post.php HTTP/1.1" 302 - "http://nicolesconiers.com/blog/2011/10/17/thedivaofdelay/#comment-/" "Mozilla/5.0 (Windows NT 10.0; WOW64) AppleWebKit/537.36 (KHTML, like Gecko) Chrome/90.0.4430.72 Safari/537.36" "nicolesconiers.com"
157.245.210.217 - - [03/Oct/2022:08:09:17 -0700] "GET /blog/index.php/2011/07/01/the-beckyville-bookmobile-or-soul-sista-ice-cream-truck/ HTTP/1.1" 200 41455 "http://nicolesconiers.com/" "Mozilla/5.0 (Windows NT 10.0; WOW64) AppleWebKit/537.36 (KHTML, like Gecko) Chrome/103.0.0.0 Safari/537.36" "nicolesconiers.com"
157.245.210.217 - - [03/Oct/2022:08:09:20 -0700] "GET /wp-login.php?action=register HTTP/1.1" 404 88 "http://nicolesconiers.com/" "Mozilla/5.0 (Windows NT 6.3; Win64; x64) AppleWebKit/537.36 (KHTML, like Gecko) Chrome/103.0.0.0 Safari/537.36" "nicolesconiers.com"
157.245.210.217 - - [03/Oct/2022:08:09:21 -0700] "GET /wp-login.php?action=register HTTP/1.1" 404 88 "http://nicolesconiers.com/wp-login.php?action=register" "Mozilla/5.0 (Windows NT 6.3; Win64; x64) AppleWebKit/537.36 (KHTML, like Gecko) Chrome/103.0.0.0 Safari/537.36" "nicolesconiers.com"
72.14.199.175 - - [03/Oct/2022:08:17:59 -0700] "GET /blog/index.php/feed/ HTTP/1.1" 304 - "-" "FeedFetcher-Google; (+http://www.google.com/feedfetcher.html)" "nicolesconiers.com"
72.14.199.161 - - [03/Oct/2022:08:21:45 -0700] "GET /blog/index.php/feed/ HTTP/1.1" 304 - "-" "FeedFetcher-Google; (+http://www.google.com/feedfetcher.html)" "nicolesconiers.com"
193.42.96.193 - - [03/Oct/2022:08:22:40 -0700] "GET /blog/index.php/2011/07/28/the-help-white-women-saviors-and-maids-with-superpowers/ HTTP/1.1" 200 40362 "http://nicolesconiers.com/" "Mozilla/5.0 (Windows NT 10.0; Win64; x64) AppleWebKit/537.36 (KHTML, like Gecko) Chrome/103.0.0.0 Safari/537.36 OPR/89.0.4447.51" "nicolesconiers.com"
193.42.96.193 - - [03/Oct/2022:08:22:42 -0700] "POST /blog/xmlrpc.php HTTP/1.1" 500 100 "http://nicolesconiers.com/" "PHP/6.2.34" "nicolesconiers.com"
193.42.96.193 - - [03/Oct/2022:08:22:45 -0700] "GET /blog/index.php/2011/07/28/the-help-white-women-saviors-and-maids-with-superpowers/ HTTP/1.1" 200 40362 "-" "PHP/6.2.34" "nicolesconiers.com"
37.139.53.75 - - [03/Oct/2022:08:23:46 -0700] "GET /blog/index.php/2011/10/17/thedivaofdelay/ HTTP/1.1" 200 37023 "http://nicolesconiers.com/blog/2011/10/17/thedivaofdelay/#comment-/" "Mozilla/5.0 (Windows NT 6.1; Win64; x64) AppleWebKit/537.36 (KHTML, like Gecko) Chrome/90.0.4430.85 Safari/537.36 Edg/90.0.818.49" "nicolesconiers.com"
37.139.53.75 - - [03/Oct/2022:08:23:49 -0700] "POST /blog/wp-comments-post.php HTTP/1.1" 302 - "http://nicolesconiers.com/blog/2011/10/17/thedivaofdelay/#comment-/" "Mozilla/5.0 (Windows NT 6.1; Win64; x64) AppleWebKit/537.36 (KHTML, like Gecko) Chrome/90.0.4430.85 Safari/537.36 Edg/90.0.818.49" "nicolesconiers.com"
37.139.53.65 - - [03/Oct/2022:08:23:51 -0700] "GET /blog/index.php/2011/10/17/thedivaofdelay/ HTTP/1.1" 200 37023 "http://nicolesconiers.com/blog/2011/10/17/thedivaofdelay/#comment-/" "Mozilla/5.0 (Windows NT 6.1) AppleWebKit/537.36 (KHTML, like Gecko) Chrome/90.0.4430.72 Safari/537.36" "nicolesconiers.com"
37.139.53.65 - - [03/Oct/2022:08:23:54 -0700] "POST /blog/wp-comments-post.php HTTP/1.1" 302 - "http://nicolesconiers.com/blog/2011/10/17/thedivaofdelay/#comment-/" "Mozilla/5.0 (Windows NT 6.1) AppleWebKit/537.36 (KHTML, like Gecko) Chrome/90.0.4430.72 Safari/537.36" "nicolesconiers.com"
193.42.96.193 - - [03/Oct/2022:08:24:09 -0700] "GET /blog/index.php/2011/07/28/the-help-white-women-saviors-and-maids-with-superpowers/ HTTP/1.1" 200 40362 "-" "Mozilla/5.0 (X11; Fedora; Linux x86_64; rv:102.0) Gecko/20100101 Firefox/102.0" "nicolesconiers.com"
37.139.53.75 - - [03/Oct/2022:08:24:46 -0700] "GET /blog/index.php/2011/10/17/thedivaofdelay/ HTTP/1.1" 200 37023 "http://nicolesconiers.com/blog/2011/10/17/thedivaofdelay/#comment-/" "Mozilla/5.0 (Windows NT 6.3) AppleWebKit/537.36 (KHTML, like Gecko) Chrome/90.0.4430.72 Safari/537.36" "nicolesconiers.com"
37.139.53.75 - - [03/Oct/2022:08:24:48 -0700] "POST /blog/wp-comments-post.php HTTP/1.1" 302 - "http://nicolesconiers.com/blog/2011/10/17/thedivaofdelay/#comment-/" "Mozilla/5.0 (Windows NT 6.3) AppleWebKit/537.36 (KHTML, like Gecko) Chrome/90.0.4430.72 Safari/537.36" "nicolesconiers.com"
37.139.53.80 - - [03/Oct/2022:08:25:44 -0700] "GET /blog/index.php/2011/10/17/thedivaofdelay/ HTTP/1.1" 200 37023 "http://nicolesconiers.com/blog/2011/10/17/thedivaofdelay/#comment-/" "Mozilla/5.0 (Windows NT 10.0) AppleWebKit/537.36 (KHTML, like Gecko) Chrome/90.0.4430.85 Safari/537.36 Edg/90.0.818.46" "nicolesconiers.com"
37.139.53.80 - - [03/Oct/2022:08:25:47 -0700] "POST /blog/wp-comments-post.php HTTP/1.1" 302 - "http://nicolesconiers.com/blog/2011/10/17/thedivaofdelay/#comment-/" "Mozilla/5.0 (Windows NT 10.0) AppleWebKit/537.36 (KHTML, like Gecko) Chrome/90.0.4430.85 Safari/537.36 Edg/90.0.818.46" "nicolesconiers.com"
102.165.124.54 - - [03/Oct/2022:08:30:35 -0700] "GET /blog/index.php/2017/03/20/1098/ HTTP/1.1" 200 30491 "http://nicolesconiers.com/blog/2017/03/20/1098/#comment-/" "Mozilla/5.0 (Windows NT 10.0) AppleWebKit/537.36 (KHTML, like Gecko) Chrome/90.0.4430.93 Safari/537.36" "nicolesconiers.com"
37.139.53.80 - - [03/Oct/2022:08:32:59 -0700] "GET /blog/index.php/2011/10/17/thedivaofdelay/ HTTP/1.1" 200 37023 "http://nicolesconiers.com/blog/2011/10/17/thedivaofdelay/#comment-/" "Mozilla/5.0 (Windows NT 10.0; WOW64) AppleWebKit/537.36 (KHTML, like Gecko) Chrome/90.0.4430.93 Safari/537.36" "nicolesconiers.com"
37.139.53.80 - - [03/Oct/2022:08:33:02 -0700] "POST /blog/wp-comments-post.php HTTP/1.1" 302 - "http://nicolesconiers.com/blog/2011/10/17/thedivaofdelay/#comment-/" "Mozilla/5.0 (Windows NT 10.0; WOW64) AppleWebKit/537.36 (KHTML, like Gecko) Chrome/90.0.4430.93 Safari/537.36" "nicolesconiers.com"
103.137.138.93 - - [03/Oct/2022:08:35:38 -0700] "GET /blog/index.php/2017/03/20/1098/ HTTP/1.1" 200 30491 "http://nicolesconiers.com/blog/2017/03/20/1098/#comment-/" "Mozilla/5.0 (Windows NT 6.3; Win64; x64) AppleWebKit/537.36 (KHTML, like Gecko) Chrome/90.0.4430.72 Safari/537.36 Edg/90.0.818.42" "nicolesconiers.com"
103.137.138.93 - - [03/Oct/2022:08:35:41 -0700] "POST /blog/wp-comments-post.php HTTP/1.1" 302 - "http://nicolesconiers.com/blog/2017/03/20/1098/#comment-/" "Mozilla/5.0 (Windows NT 6.3; Win64; x64) AppleWebKit/537.36 (KHTML, like Gecko) Chrome/90.0.4430.72 Safari/537.36 Edg/90.0.818.42" "nicolesconiers.com"
103.137.138.93 - - [03/Oct/2022:08:35:43 -0700] "GET /blog/index.php/2017/03/20/1098/ HTTP/1.1" 200 30491 "http://nicolesconiers.com/blog/2017/03/20/1098/#comment-" "Mozilla/5.0 (Windows NT 6.3; Win64; x64) AppleWebKit/537.36 (KHTML, like Gecko) Chrome/90.0.4430.72 Safari/537.36 Edg/90.0.818.42" "nicolesconiers.com"
37.139.53.70 - - [03/Oct/2022:08:39:37 -0700] "GET /blog/index.php/2011/10/17/thedivaofdelay/ HTTP/1.1" 200 37023 "http://nicolesconiers.com/blog/2011/10/17/thedivaofdelay/#comment-/" "Mozilla/5.0 (Windows NT 10.0; WOW64) AppleWebKit/537.36 (KHTML, like Gecko) Chrome/90.0.4430.93 Safari/537.36" "nicolesconiers.com"
37.139.53.70 - - [03/Oct/2022:08:39:40 -0700] "POST /blog/wp-comments-post.php HTTP/1.1" 302 - "http://nicolesconiers.com/blog/2011/10/17/thedivaofdelay/#comment-/" "Mozilla/5.0 (Windows NT 10.0; WOW64) AppleWebKit/537.36 (KHTML, like Gecko) Chrome/90.0.4430.93 Safari/537.36" "nicolesconiers.com"
37.139.53.60 - - [03/Oct/2022:08:40:23 -0700] "GET /blog/index.php/2011/10/17/thedivaofdelay/ HTTP/1.1" 200 37023 "http://nicolesconiers.com/blog/2011/10/17/thedivaofdelay/#comment-/" "Mozilla/5.0 (Windows NT 10.0) AppleWebKit/537.36 (KHTML, like Gecko) Chrome/90.0.4430.85 Safari/537.36" "nicolesconiers.com"
37.139.53.60 - - [03/Oct/2022:08:40:29 -0700] "POST /blog/wp-comments-post.php HTTP/1.1" 302 - "http://nicolesconiers.com/blog/2011/10/17/thedivaofdelay/#comment-/" "Mozilla/5.0 (Windows NT 10.0) AppleWebKit/537.36 (KHTML, like Gecko) Chrome/90.0.4430.85 Safari/537.36" "nicolesconiers.com"
185.191.171.45 - - [03/Oct/2022:08:45:00 -0700] "GET /robots.txt HTTP/1.1" 200 44 "-" "Mozilla/5.0 (compatible; SemrushBot/7~bl; +http://www.semrush.com/bot.html)" "nicolesconiers.com"
185.191.171.22 - - [03/Oct/2022:08:45:01 -0700] "GET /blog/index.php/2012/02/20/the-state-of-black-sci-fi-2012-my-tribute-to-afrofuturist-betye-saar/ HTTP/1.1" 200 46944 "-" "Mozilla/5.0 (compatible; SemrushBot/7~bl; +http://www.semrush.com/bot.html)" "nicolesconiers.com"
98.149.145.193 - - [03/Oct/2022:08:46:03 -0700] "GET / HTTP/1.1" 200 20039 "-" "Mozilla/5.0 (Macintosh; Intel Mac OS X 10_15_7) AppleWebKit/537.36 (KHTML, like Gecko) Chrome/104.0.0.0 Safari/537.36" "nicolesconiers.com"
98.149.145.193 - - [03/Oct/2022:08:46:03 -0700] "GET /css/fonts.css?v=1.5.8c HTTP/1.1" 200 1538 "http://nicolesconiers.com/" "Mozilla/5.0 (Macintosh; Intel Mac OS X 10_15_7) AppleWebKit/537.36 (KHTML, like Gecko) Chrome/104.0.0.0 Safari/537.36" "nicolesconiers.com"
98.149.145.193 - - [03/Oct/2022:08:46:03 -0700] "GET /css/static_style.css HTTP/1.1" 200 3614 "http://nicolesconiers.com/" "Mozilla/5.0 (Macintosh; Intel Mac OS X 10_15_7) AppleWebKit/537.36 (KHTML, like Gecko) Chrome/104.0.0.0 Safari/537.36" "nicolesconiers.com"
98.149.145.193 - - [03/Oct/2022:08:46:03 -0700] "GET /js/xprs_helper.js?v=1.5.8c HTTP/1.1" 200 9186 "http://nicolesconiers.com/" "Mozilla/5.0 (Macintosh; Intel Mac OS X 10_15_7) AppleWebKit/537.36 (KHTML, like Gecko) Chrome/104.0.0.0 Safari/537.36" "nicolesconiers.com"
98.149.145.193 - - [03/Oct/2022:08:46:03 -0700] "GET /js/ysb.js HTTP/1.1" 200 20 "http://nicolesconiers.com/" "Mozilla/5.0 (Macintosh; Intel Mac OS X 10_15_7) AppleWebKit/537.36 (KHTML, like Gecko) Chrome/104.0.0.0 Safari/537.36" "nicolesconiers.com"
98.149.145.193 - - [03/Oct/2022:08:46:03 -0700] "GET /js/lib/touchswipe/jquery.mobile.custom.min.js HTTP/1.1" 200 2872 "http://nicolesconiers.com/" "Mozilla/5.0 (Macintosh; Intel Mac OS X 10_15_7) AppleWebKit/537.36 (KHTML, like Gecko) Chrome/104.0.0.0 Safari/537.36" "nicolesconiers.com"
98.149.145.193 - - [03/Oct/2022:08:46:03 -0700] "GET /js/all_js.js HTTP/1.1" 200 14389 "http://nicolesconiers.com/" "Mozilla/5.0 (Macintosh; Intel Mac OS X 10_15_7) AppleWebKit/537.36 (KHTML, like Gecko) Chrome/104.0.0.0 Safari/537.36" "nicolesconiers.com"
98.149.145.193 - - [03/Oct/2022:08:46:04 -0700] "GET /js/lightbox.js?v=1.5.8c HTTP/1.1" 200 3021 "http://nicolesconiers.com/" "Mozilla/5.0 (Macintosh; Intel Mac OS X 10_15_7) AppleWebKit/537.36 (KHTML, like Gecko) Chrome/104.0.0.0 Safari/537.36" "nicolesconiers.com"
98.149.145.193 - - [03/Oct/2022:08:46:04 -0700] "GET /js/spimeengine.js?v=1.5.8c HTTP/1.1" 200 17277 "http://nicolesconiers.com/" "Mozilla/5.0 (Macintosh; Intel Mac OS X 10_15_7) AppleWebKit/537.36 (KHTML, like Gecko) Chrome/104.0.0.0 Safari/537.36" "nicolesconiers.com"
98.149.145.193 - - [03/Oct/2022:08:46:04 -0700] "GET /css/effects.css?v=1.5.8c HTTP/1.1" 200 2395 "http://nicolesconiers.com/" "Mozilla/5.0 (Macintosh; Intel Mac OS X 10_15_7) AppleWebKit/537.36 (KHTML, like Gecko) Chrome/104.0.0.0 Safari/537.36" "nicolesconiers.com"
98.149.145.193 - - [03/Oct/2022:08:46:04 -0700] "GET /css/lightbox.css?v=1.5.8c HTTP/1.1" 200 646 "http://nicolesconiers.com/" "Mozilla/5.0 (Macintosh; Intel Mac OS X 10_15_7) AppleWebKit/537.36 (KHTML, like Gecko) Chrome/104.0.0.0 Safari/537.36" "nicolesconiers.com"
98.149.145.193 - - [03/Oct/2022:08:46:15 -0700] "GET /words.html HTTP/1.1" 200 19199 "http://nicolesconiers.com/" "Mozilla/5.0 (Macintosh; Intel Mac OS X 10_15_7) AppleWebKit/537.36 (KHTML, like Gecko) Chrome/104.0.0.0 Safari/537.36" "nicolesconiers.com"
98.149.145.193 - - [03/Oct/2022:08:46:15 -0700] "GET /css/words/static_style.css HTTP/1.1" 200 2570 "http://nicolesconiers.com/words.html" "Mozilla/5.0 (Macintosh; Intel Mac OS X 10_15_7) AppleWebKit/537.36 (KHTML, like Gecko) Chrome/104.0.0.0 Safari/537.36" "nicolesconiers.com"
98.149.145.193 - - [03/Oct/2022:08:46:28 -0700] "GET /books.html HTTP/1.1" 200 19979 "http://nicolesconiers.com/words.html" "Mozilla/5.0 (Macintosh; Intel Mac OS X 10_15_7) AppleWebKit/537.36 (KHTML, like Gecko) Chrome/104.0.0.0 Safari/537.36" "nicolesconiers.com"
98.149.145.193 - - [03/Oct/2022:08:46:29 -0700] "GET /css/books/static_style.css HTTP/1.1" 200 3316 "http://nicolesconiers.com/books.html" "Mozilla/5.0 (Macintosh; Intel Mac OS X 10_15_7) AppleWebKit/537.36 (KHTML, like Gecko) Chrome/104.0.0.0 Safari/537.36" "nicolesconiers.com"
37.139.53.60 - - [03/Oct/2022:08:46:37 -0700] "GET /blog/index.php/2011/10/17/thedivaofdelay/ HTTP/1.1" 200 37023 "http://nicolesconiers.com/blog/2011/10/17/thedivaofdelay/#comment-/" "Mozilla/5.0 (Windows NT 10.0) AppleWebKit/537.36 (KHTML, like Gecko) Chrome/90.0.4430.85 Safari/537.36" "nicolesconiers.com"
37.139.53.60 - - [03/Oct/2022:08:46:39 -0700] "POST /blog/wp-comments-post.php HTTP/1.1" 302 - "http://nicolesconiers.com/blog/2011/10/17/thedivaofdelay/#comment-/" "Mozilla/5.0 (Windows NT 10.0) AppleWebKit/537.36 (KHTML, like Gecko) Chrome/90.0.4430.85 Safari/537.36" "nicolesconiers.com"
37.139.53.70 - - [03/Oct/2022:08:51:31 -0700] "GET /blog/index.php/2011/10/17/thedivaofdelay/ HTTP/1.1" 200 37023 "http://nicolesconiers.com/blog/2011/10/17/thedivaofdelay/#comment-/" "Mozilla/5.0 (Windows NT 6.3; Win64; x64) AppleWebKit/537.36 (KHTML, like Gecko) Chrome/90.0.4430.72 Safari/537.36 Edg/90.0.818.42" "nicolesconiers.com"
37.139.53.70 - - [03/Oct/2022:08:51:34 -0700] "POST /blog/wp-comments-post.php HTTP/1.1" 302 - "http://nicolesconiers.com/blog/2011/10/17/thedivaofdelay/#comment-/" "Mozilla/5.0 (Windows NT 6.3; Win64; x64) AppleWebKit/537.36 (KHTML, like Gecko) Chrome/90.0.4430.72 Safari/537.36 Edg/90.0.818.42" "nicolesconiers.com"
62.210.215.118 - - [03/Oct/2022:08:53:04 -0700] "GET /blog/index.php/tag/writing/feed/ HTTP/1.1" 200 57603 "-" "Mozilla/5.0 (X11; Linux i686) AppleWebKit/537.36 (KHTML, like Gecko) Chrome/30.0.1599.66 Safari/537.36" "nicolesconiers.com"
37.139.53.65 - - [03/Oct/2022:09:03:13 -0700] "GET /blog/index.php/2011/10/17/thedivaofdelay/ HTTP/1.1" 200 37023 "http://nicolesconiers.com/blog/2011/10/17/thedivaofdelay/#comment-/" "Mozilla/5.0 (Windows NT 6.1; Win64; x64) AppleWebKit/537.36 (KHTML, like Gecko) Chrome/90.0.4430.72 Safari/537.36" "nicolesconiers.com"
37.139.53.65 - - [03/Oct/2022:09:03:24 -0700] "POST /blog/wp-comments-post.php HTTP/1.1" 302 - "http://nicolesconiers.com/blog/2011/10/17/thedivaofdelay/#comment-/" "Mozilla/5.0 (Windows NT 6.1; Win64; x64) AppleWebKit/537.36 (KHTML, like Gecko) Chrome/90.0.4430.72 Safari/537.36" "nicolesconiers.com"
37.139.53.75 - - [03/Oct/2022:09:19:27 -0700] "GET /blog/index.php/2011/10/17/thedivaofdelay/ HTTP/1.1" 200 37023 "http://nicolesconiers.com/blog/2011/10/17/thedivaofdelay/#comment-/" "Mozilla/5.0 (Windows NT 6.3) AppleWebKit/537.36 (KHTML, like Gecko) Chrome/90.0.4430.72 Safari/537.36" "nicolesconiers.com"
37.139.53.75 - - [03/Oct/2022:09:19:30 -0700] "POST /blog/wp-comments-post.php HTTP/1.1" 302 - "http://nicolesconiers.com/blog/2011/10/17/thedivaofdelay/#comment-/" "Mozilla/5.0 (Windows NT 6.3) AppleWebKit/537.36 (KHTML, like Gecko) Chrome/90.0.4430.72 Safari/537.36" "nicolesconiers.com"
37.139.53.75 - - [03/Oct/2022:09:20:41 -0700] "GET /blog/index.php/2011/10/17/thedivaofdelay/ HTTP/1.1" 200 37023 "http://nicolesconiers.com/blog/2011/10/17/thedivaofdelay/#comment-/" "Mozilla/5.0 (Windows NT 6.3) AppleWebKit/537.36 (KHTML, like Gecko) Chrome/90.0.4430.72 Safari/537.36" "nicolesconiers.com"
37.139.53.80 - - [03/Oct/2022:09:20:44 -0700] "GET /blog/index.php/2011/10/17/thedivaofdelay/ HTTP/1.1" 200 37023 "http://nicolesconiers.com/blog/2011/10/17/thedivaofdelay/#comment-/" "Mozilla/5.0 (Windows NT 10.0; Win64; x64) AppleWebKit/537.36 (KHTML, like Gecko) Chrome/90.0.4430.85 Safari/537.36 Edg/90.0.818.49" "nicolesconiers.com"
37.139.53.75 - - [03/Oct/2022:09:20:44 -0700] "POST /blog/wp-comments-post.php HTTP/1.1" 302 - "http://nicolesconiers.com/blog/2011/10/17/thedivaofdelay/#comment-/" "Mozilla/5.0 (Windows NT 6.3) AppleWebKit/537.36 (KHTML, like Gecko) Chrome/90.0.4430.72 Safari/537.36" "nicolesconiers.com"
37.139.53.80 - - [03/Oct/2022:09:20:45 -0700] "POST /blog/wp-comments-post.php HTTP/1.1" 302 - "http://nicolesconiers.com/blog/2011/10/17/thedivaofdelay/#comment-/" "Mozilla/5.0 (Windows NT 10.0; Win64; x64) AppleWebKit/537.36 (KHTML, like Gecko) Chrome/90.0.4430.85 Safari/537.36 Edg/90.0.818.49" "nicolesconiers.com"
62.210.215.118 - - [03/Oct/2022:09:21:56 -0700] "GET /blog/index.php/tag/guest-blog/feed/ HTTP/1.1" 200 11510 "-" "Mozilla/5.0 (X11; Linux i686) AppleWebKit/537.36 (KHTML, like Gecko) Chrome/30.0.1599.66 Safari/537.36" "nicolesconiers.com"
185.191.171.35 - - [03/Oct/2022:09:22:29 -0700] "GET /blog/index.php/tag/contests/ HTTP/1.1" 200 30659 "-" "Mozilla/5.0 (compatible; SemrushBot/7~bl; +http://www.semrush.com/bot.html)" "nicolesconiers.com"
37.139.53.65 - - [03/Oct/2022:09:26:08 -0700] "GET /blog/index.php/2011/10/17/thedivaofdelay/ HTTP/1.1" 200 37023 "http://nicolesconiers.com/blog/2011/10/17/thedivaofdelay/#comment-/" "Mozilla/5.0 (Windows NT 6.3; Win64; x64) AppleWebKit/537.36 (KHTML, like Gecko) Chrome/90.0.4430.85 Safari/537.36 Edg/90.0.818.49" "nicolesconiers.com"
37.139.53.65 - - [03/Oct/2022:09:26:14 -0700] "POST /blog/wp-comments-post.php HTTP/1.1" 302 - "http://nicolesconiers.com/blog/2011/10/17/thedivaofdelay/#comment-/" "Mozilla/5.0 (Windows NT 6.3; Win64; x64) AppleWebKit/537.36 (KHTML, like Gecko) Chrome/90.0.4430.85 Safari/537.36 Edg/90.0.818.49" "nicolesconiers.com"
37.139.53.80 - - [03/Oct/2022:09:27:56 -0700] "GET /blog/index.php/2011/10/17/thedivaofdelay/ HTTP/1.1" 200 37023 "http://nicolesconiers.com/blog/2011/10/17/thedivaofdelay/#comment-/" "Mozilla/5.0 (Windows NT 6.1; Win64; x64) AppleWebKit/537.36 (KHTML, like Gecko) Chrome/90.0.4430.93 Safari/537.36" "nicolesconiers.com"
37.139.53.80 - - [03/Oct/2022:09:27:59 -0700] "POST /blog/wp-comments-post.php HTTP/1.1" 302 - "http://nicolesconiers.com/blog/2011/10/17/thedivaofdelay/#comment-/" "Mozilla/5.0 (Windows NT 6.1; Win64; x64) AppleWebKit/537.36 (KHTML, like Gecko) Chrome/90.0.4430.93 Safari/537.36" "nicolesconiers.com"
173.208.153.34 - - [03/Oct/2022:09:29:51 -0700] "GET /blog/index.php/2011/10/17/thedivaofdelay/ HTTP/1.1" 200 37023 "http://nicolesconiers.com/blog/2011/10/17/thedivaofdelay/" "Mozilla/5.0 (Windows NT 6.3) AppleWebKit/537.36 (KHTML, like Gecko) Chrome/90.0.4430.72 Safari/537.36" "nicolesconiers.com"
173.208.153.34 - - [03/Oct/2022:09:29:53 -0700] "POST /blog/wp-comments-post.php HTTP/1.1" 302 - "http://nicolesconiers.com/blog/2011/10/17/thedivaofdelay/" "Mozilla/5.0 (Windows NT 6.3) AppleWebKit/537.36 (KHTML, like Gecko) Chrome/90.0.4430.72 Safari/537.36" "nicolesconiers.com"
184.82.8.173 - - [03/Oct/2022:09:32:02 -0700] "GET /blog/index.php/2011/12/01/afro-futurism-brave-new-world/ HTTP/1.1" 200 40623 "-" "Mozilla/5.0 (X11; Fedora; Linux x86_64; rv:102.0) Gecko/20100101 Firefox/102.0" "nicolesconiers.com"
37.139.53.60 - - [03/Oct/2022:09:37:09 -0700] "GET /blog/index.php/2011/10/17/thedivaofdelay/ HTTP/1.1" 200 37023 "http://nicolesconiers.com/blog/2011/10/17/thedivaofdelay/#comment-/" "Mozilla/5.0 (Windows NT 10.0) AppleWebKit/537.36 (KHTML, like Gecko) Chrome/90.0.4430.85 Safari/537.36 Edg/90.0.818.46" "nicolesconiers.com"
37.139.53.60 - - [03/Oct/2022:09:37:12 -0700] "POST /blog/wp-comments-post.php HTTP/1.1" 302 - "http://nicolesconiers.com/blog/2011/10/17/thedivaofdelay/#comment-/" "Mozilla/5.0 (Windows NT 10.0) AppleWebKit/537.36 (KHTML, like Gecko) Chrome/90.0.4430.85 Safari/537.36 Edg/90.0.818.46" "nicolesconiers.com"
68.127.168.223 - - [03/Oct/2022:09:40:09 -0700] "GET /blog/wp-content/themes/pilcrow/style.css HTTP/1.1" 200 4202 "-" "Mozilla/5.0 (Linux; Android 11; SM-X200) AppleWebKit/537.36 (KHTML, like Gecko) Chrome/106.0.0.0 Safari/537.36" "nicolesconiers.com"
68.127.168.223 - - [03/Oct/2022:09:40:09 -0700] "GET /blog/wp-content/plugins/wp-polls/polls-css.css?ver=2.50 HTTP/1.1" 200 738 "-" "Mozilla/5.0 (Linux; Android 11; SM-X200) AppleWebKit/537.36 (KHTML, like Gecko) Chrome/106.0.0.0 Safari/537.36" "nicolesconiers.com"
68.127.168.223 - - [03/Oct/2022:09:40:09 -0700] "GET /blog/index.php/2011/07/28/the-help-white-women-saviors-and-maids-with-superpowers/ HTTP/1.1" 200 40362 "-" "Mozilla/5.0 (Linux; Android 11; SM-X200) AppleWebKit/537.36 (KHTML, like Gecko) Chrome/106.0.0.0 Safari/537.36" "nicolesconiers.com"
68.127.168.223 - - [03/Oct/2022:09:40:11 -0700] "GET /blog/wp-includes/js/comment-reply.js?ver=20090102 HTTP/1.1" 200 412 "http://nicolesconiers.com/blog/2011/07/28/the-help-white-women-saviors-and-maids-with-superpowers/" "Mozilla/5.0 (Linux; Android 11; SM-X200) AppleWebKit/537.36 (KHTML, like Gecko) Chrome/106.0.0.0 Safari/537.36" "nicolesconiers.com"
68.127.168.223 - - [03/Oct/2022:09:40:11 -0700] "GET /blog/wp-includes/js/jquery/jquery.js?ver=1.4.2 HTTP/1.1" 200 24618 "http://nicolesconiers.com/blog/2011/07/28/the-help-white-women-saviors-and-maids-with-superpowers/" "Mozilla/5.0 (Linux; Android 11; SM-X200) AppleWebKit/537.36 (KHTML, like Gecko) Chrome/106.0.0.0 Safari/537.36" "nicolesconiers.com"
68.127.168.223 - - [03/Oct/2022:09:40:11 -0700] "GET /blog/wp-content/plugins/wp-polls/polls-js.js?ver=2.50 HTTP/1.1" 200 644 "http://nicolesconiers.com/blog/2011/07/28/the-help-white-women-saviors-and-maids-with-superpowers/" "Mozilla/5.0 (Linux; Android 11; SM-X200) AppleWebKit/537.36 (KHTML, like Gecko) Chrome/106.0.0.0 Safari/537.36" "nicolesconiers.com"
68.127.168.223 - - [03/Oct/2022:09:40:11 -0700] "GET /blog/wp-content/uploads/2011/06/cropped-Wordpress-header.jpg HTTP/1.1" 200 52813 "http://nicolesconiers.com/blog/2011/07/28/the-help-white-women-saviors-and-maids-with-superpowers/" "Mozilla/5.0 (Linux; Android 11; SM-X200) AppleWebKit/537.36 (KHTML, like Gecko) Chrome/106.0.0.0 Safari/537.36" "nicolesconiers.com"
68.127.168.223 - - [03/Oct/2022:09:40:11 -0700] "GET /blog/wp-content/uploads/2011/07/black-maid.jpg HTTP/1.1" 200 35380 "http://nicolesconiers.com/blog/2011/07/28/the-help-white-women-saviors-and-maids-with-superpowers/" "Mozilla/5.0 (Linux; Android 11; SM-X200) AppleWebKit/537.36 (KHTML, like Gecko) Chrome/106.0.0.0 Safari/537.36" "nicolesconiers.com"
68.127.168.223 - - [03/Oct/2022:09:40:11 -0700] "GET /blog/wp-content/plugins/wordpress-hit-counter/styles/Digital/pdp/1.gif HTTP/1.1" 200 68 "http://nicolesconiers.com/blog/2011/07/28/the-help-white-women-saviors-and-maids-with-superpowers/" "Mozilla/5.0 (Linux; Android 11; SM-X200) AppleWebKit/537.36 (KHTML, like Gecko) Chrome/106.0.0.0 Safari/537.36" "nicolesconiers.com"
68.127.168.223 - - [03/Oct/2022:09:40:12 -0700] "GET /blog/wp-content/plugins/wordpress-hit-counter/styles/Digital/pdp/5.gif HTTP/1.1" 200 81 "http://nicolesconiers.com/blog/2011/07/28/the-help-white-women-saviors-and-maids-with-superpowers/" "Mozilla/5.0 (Linux; Android 11; SM-X200) AppleWebKit/537.36 (KHTML, like Gecko) Chrome/106.0.0.0 Safari/537.36" "nicolesconiers.com"
68.127.168.223 - - [03/Oct/2022:09:40:12 -0700] "GET /blog/wp-content/plugins/wordpress-hit-counter/styles/Digital/pdp/0.gif HTTP/1.1" 200 86 "http://nicolesconiers.com/blog/2011/07/28/the-help-white-women-saviors-and-maids-with-superpowers/" "Mozilla/5.0 (Linux; Android 11; SM-X200) AppleWebKit/537.36 (KHTML, like Gecko) Chrome/106.0.0.0 Safari/537.36" "nicolesconiers.com"
68.127.168.223 - - [03/Oct/2022:09:40:12 -0700] "GET /blog/wp-content/plugins/wordpress-hit-counter/styles/Digital/pdp/9.gif HTTP/1.1" 200 85 "http://nicolesconiers.com/blog/2011/07/28/the-help-white-women-saviors-and-maids-with-superpowers/" "Mozilla/5.0 (Linux; Android 11; SM-X200) AppleWebKit/537.36 (KHTML, like Gecko) Chrome/106.0.0.0 Safari/537.36" "nicolesconiers.com"
68.127.168.223 - - [03/Oct/2022:09:40:12 -0700] "GET /blog/wp-content/plugins/wordpress-hit-counter/styles/Digital/pdp/6.gif HTTP/1.1" 200 82 "http://nicolesconiers.com/blog/2011/07/28/the-help-white-women-saviors-and-maids-with-superpowers/" "Mozilla/5.0 (Linux; Android 11; SM-X200) AppleWebKit/537.36 (KHTML, like Gecko) Chrome/106.0.0.0 Safari/537.36" "nicolesconiers.com"
68.127.168.223 - - [03/Oct/2022:09:40:12 -0700] "GET /blog/wp-content/themes/pilcrow/images/icons/bubble.png HTTP/1.1" 200 446 "http://nicolesconiers.com/blog/wp-content/themes/pilcrow/style.css" "Mozilla/5.0 (Linux; Android 11; SM-X200) AppleWebKit/537.36 (KHTML, like Gecko) Chrome/106.0.0.0 Safari/537.36" "nicolesconiers.com"
68.127.168.223 - - [03/Oct/2022:09:40:12 -0700] "GET /blog/wp-content/themes/pilcrow/images/icons/cabinet.png HTTP/1.1" 200 445 "http://nicolesconiers.com/blog/wp-content/themes/pilcrow/style.css" "Mozilla/5.0 (Linux; Android 11; SM-X200) AppleWebKit/537.36 (KHTML, like Gecko) Chrome/106.0.0.0 Safari/537.36" "nicolesconiers.com"
68.127.168.223 - - [03/Oct/2022:09:40:14 -0700] "GET /favicon.ico HTTP/1.1" 404 88 "http://nicolesconiers.com/blog/wp-content/uploads/2011/07/black-maid.jpg" "Mozilla/5.0 (Linux; Android 11; SM-X200) AppleWebKit/537.36 (KHTML, like Gecko) Chrome/106.0.0.0 Safari/537.36" "nicolesconiers.com"
27.155.79.53 - - [03/Oct/2022:09:40:53 -0700] "GET /blog/index.php/2017/03/20/1098/ HTTP/1.1" 200 30491 "http://nicolesconiers.com/blog/2017/03/20/1098/#comment-/" "Mozilla/5.0 (Windows NT 6.2; Win64; x64) AppleWebKit/537.36 (KHTML, like Gecko) Chrome/90.0.4430.93 Safari/537.36" "nicolesconiers.com"
27.155.79.53 - - [03/Oct/2022:09:40:57 -0700] "POST /blog/wp-comments-post.php HTTP/1.1" 302 - "http://nicolesconiers.com/blog/2017/03/20/1098/#comment-/" "Mozilla/5.0 (Windows NT 6.2; Win64; x64) AppleWebKit/537.36 (KHTML, like Gecko) Chrome/90.0.4430.93 Safari/537.36" "nicolesconiers.com"
27.155.79.53 - - [03/Oct/2022:09:41:01 -0700] "GET /blog/index.php/2017/03/20/1098/ HTTP/1.1" 200 30491 "http://nicolesconiers.com/blog/2017/03/20/1098/#comment-" "Mozilla/5.0 (Windows NT 6.2; Win64; x64) AppleWebKit/537.36 (KHTML, like Gecko) Chrome/90.0.4430.93 Safari/537.36" "nicolesconiers.com"
37.139.53.70 - - [03/Oct/2022:09:41:27 -0700] "GET /blog/index.php/2011/10/17/thedivaofdelay/ HTTP/1.1" 200 37023 "http://nicolesconiers.com/blog/2011/10/17/thedivaofdelay/#comment-/" "Mozilla/5.0 (Windows NT 10.0; WOW64) AppleWebKit/537.36 (KHTML, like Gecko) Chrome/90.0.4400.8 Safari/537.36" "nicolesconiers.com"
37.139.53.70 - - [03/Oct/2022:09:41:29 -0700] "POST /blog/wp-comments-post.php HTTP/1.1" 302 - "http://nicolesconiers.com/blog/2011/10/17/thedivaofdelay/#comment-/" "Mozilla/5.0 (Windows NT 10.0; WOW64) AppleWebKit/537.36 (KHTML, like Gecko) Chrome/90.0.4400.8 Safari/537.36" "nicolesconiers.com"
37.139.53.60 - - [03/Oct/2022:09:43:22 -0700] "GET /blog/index.php/2011/10/17/thedivaofdelay/ HTTP/1.1" 200 37023 "http://nicolesconiers.com/blog/2011/10/17/thedivaofdelay/#comment-/" "Mozilla/5.0 (Windows NT 10.0; Win64; x64) AppleWebKit/537.36 (KHTML, like Gecko) Chrome/90.0.4430.72 Safari/537.36 Edg/90.0.818.39" "nicolesconiers.com"
37.139.53.60 - - [03/Oct/2022:09:43:24 -0700] "POST /blog/wp-comments-post.php HTTP/1.1" 302 - "http://nicolesconiers.com/blog/2011/10/17/thedivaofdelay/#comment-/" "Mozilla/5.0 (Windows NT 10.0; Win64; x64) AppleWebKit/537.36 (KHTML, like Gecko) Chrome/90.0.4430.72 Safari/537.36 Edg/90.0.818.39" "nicolesconiers.com"
185.191.171.5 - - [03/Oct/2022:09:45:15 -0700] "GET /robots.txt HTTP/1.1" 200 44 "-" "Mozilla/5.0 (compatible; SemrushBot/7~bl; +http://www.semrush.com/bot.html)" "nicolesconiers.com"
185.191.171.7 - - [03/Oct/2022:09:45:15 -0700] "GET /blog/index.php/tag/amiri-baraka/ HTTP/1.1" 200 27053 "-" "Mozilla/5.0 (compatible; SemrushBot/7~bl; +http://www.semrush.com/bot.html)" "nicolesconiers.com"
3.234.210.25 - - [03/Oct/2022:09:51:24 -0700] "GET /robots.txt HTTP/1.1" 200 44 "-" "CCBot/2.0 (https://commoncrawl.org/faq/)" "nicolesconiers.com"
3.234.210.25 - - [03/Oct/2022:09:51:24 -0700] "GET /april-28.html HTTP/1.1" 200 18297 "-" "CCBot/2.0 (https://commoncrawl.org/faq/)" "nicolesconiers.com"
37.139.53.70 - - [03/Oct/2022:09:52:40 -0700] "GET /blog/index.php/2011/10/17/thedivaofdelay/ HTTP/1.1" 200 37023 "http://nicolesconiers.com/blog/2011/10/17/thedivaofdelay/#comment-/" "Mozilla/5.0 (Windows NT 10.0; Win64; x64) AppleWebKit/537.36 (KHTML, like Gecko) Chrome/90.0.4430.72 Safari/537.36 Edg/90.0.818.42" "nicolesconiers.com"
37.139.53.70 - - [03/Oct/2022:09:52:44 -0700] "POST /blog/wp-comments-post.php HTTP/1.1" 302 - "http://nicolesconiers.com/blog/2011/10/17/thedivaofdelay/#comment-/" "Mozilla/5.0 (Windows NT 10.0; Win64; x64) AppleWebKit/537.36 (KHTML, like Gecko) Chrome/90.0.4430.72 Safari/537.36 Edg/90.0.818.42" "nicolesconiers.com"
3.234.210.25 - - [03/Oct/2022:09:53:51 -0700] "GET /blog/index.php/2011/10/12/bumrushingtheoldboynetwork/ HTTP/1.1" 200 40966 "-" "CCBot/2.0 (https://commoncrawl.org/faq/)" "nicolesconiers.com"
3.234.210.25 - - [03/Oct/2022:09:55:20 -0700] "GET /blog/index.php/2012/02/16/the-state-of-black-sci-fi-2012-why-i-love-onyx-con/ HTTP/1.1" 200 42372 "-" "CCBot/2.0 (https://commoncrawl.org/faq/)" "nicolesconiers.com"
3.234.210.25 - - [03/Oct/2022:09:56:44 -0700] "GET /blog/index.php/tag/culture/ HTTP/1.1" 200 27028 "-" "CCBot/2.0 (https://commoncrawl.org/faq/)" "nicolesconiers.com"
38.242.214.232 - - [03/Oct/2022:09:57:12 -0700] "GET / HTTP/1.1" 200 20039 "-" "Scrapy/1.7.3 (+https://scrapy.org)" "nicolesconiers.com"
3.234.210.25 - - [03/Oct/2022:09:57:55 -0700] "GET /january-30.html HTTP/1.1" 200 18735 "-" "CCBot/2.0 (https://commoncrawl.org/faq/)" "nicolesconiers.com"
185.191.171.26 - - [03/Oct/2022:09:58:05 -0700] "GET /blog/index.php/2012/01/04/st-white-girls-say-to-black-girls/ HTTP/1.1" 200 32183 "-" "Mozilla/5.0 (compatible; SemrushBot/7~bl; +http://www.semrush.com/bot.html)" "nicolesconiers.com"
185.197.75.208 - - [03/Oct/2022:09:58:08 -0700] "GET /blog/index.php/2011/10/17/thedivaofdelay/ HTTP/1.1" 200 37023 "http://nicolesconiers.com/blog/2011/10/17/thedivaofdelay/" "Mozilla/5.0 (Windows NT 6.1; ) AppleWebKit/537.36 (KHTML, like Gecko) Chrome/90.0.4430.72 Safari/537.36" "nicolesconiers.com"
185.197.75.208 - - [03/Oct/2022:09:58:09 -0700] "POST /blog/wp-comments-post.php HTTP/1.1" 302 - "http://nicolesconiers.com/blog/2011/10/17/thedivaofdelay/" "Mozilla/5.0 (Windows NT 6.1; ) AppleWebKit/537.36 (KHTML, like Gecko) Chrome/90.0.4430.72 Safari/537.36" "nicolesconiers.com"
185.197.75.208 - - [03/Oct/2022:09:58:10 -0700] "GET /blog/index.php/2011/10/17/thedivaofdelay/ HTTP/1.1" 200 37023 "http://nicolesconiers.com/blog/2011/10/17/thedivaofdelay/#comment-" "Mozilla/5.0 (Windows NT 6.1; ) AppleWebKit/537.36 (KHTML, like Gecko) Chrome/90.0.4430.72 Safari/537.36" "nicolesconiers.com"
3.234.210.25 - - [03/Oct/2022:10:02:11 -0700] "GET /september-25.html HTTP/1.1" 200 18533 "-" "CCBot/2.0 (https://commoncrawl.org/faq/)" "nicolesconiers.com"
3.234.210.25 - - [03/Oct/2022:10:04:02 -0700] "GET /july-9.html HTTP/1.1" 200 18278 "-" "CCBot/2.0 (https://commoncrawl.org/faq/)" "nicolesconiers.com"
37.139.53.65 - - [03/Oct/2022:10:04:46 -0700] "GET /blog/index.php/2011/10/17/thedivaofdelay/ HTTP/1.1" 200 37023 "http://nicolesconiers.com/blog/2011/10/17/thedivaofdelay/#comment-/" "Mozilla/5.0 (Windows NT 10.0; WOW64) AppleWebKit/537.36 (KHTML, like Gecko) Chrome/90.0.4430.72 Safari/537.36" "nicolesconiers.com"
37.139.53.65 - - [03/Oct/2022:10:04:50 -0700] "POST /blog/wp-comments-post.php HTTP/1.1" 302 - "http://nicolesconiers.com/blog/2011/10/17/thedivaofdelay/#comment-/" "Mozilla/5.0 (Windows NT 10.0; WOW64) AppleWebKit/537.36 (KHTML, like Gecko) Chrome/90.0.4430.72 Safari/537.36" "nicolesconiers.com"
154.92.123.6 - - [03/Oct/2022:10:07:15 -0700] "GET /blog/index.php/2011/07/28/the-help-white-women-saviors-and-maids-with-superpowers/ HTTP/1.1" 200 40362 "-" "Mozilla/5.0 (X11; Fedora; Linux x86_64; rv:102.0) Gecko/20100101 Firefox/102.0" "nicolesconiers.com"
3.234.210.25 - - [03/Oct/2022:10:09:30 -0700] "GET /blog/index.php/2012/03/17/remembering-jamiel-shaw-and-trayvon-martin/ HTTP/1.1" 200 40617 "-" "CCBot/2.0 (https://commoncrawl.org/faq/)" "nicolesconiers.com"
3.234.210.25 - - [03/Oct/2022:10:11:10 -0700] "GET /blog/index.php/tag/thingsyouneedtosee/ HTTP/1.1" 200 26828 "-" "CCBot/2.0 (https://commoncrawl.org/faq/)" "nicolesconiers.com"
3.234.210.25 - - [03/Oct/2022:10:11:58 -0700] "GET /blog/index.php/2011/06/08/wiggin-out/ HTTP/1.1" 200 32392 "-" "CCBot/2.0 (https://commoncrawl.org/faq/)" "nicolesconiers.com"
3.234.210.25 - - [03/Oct/2022:10:12:44 -0700] "GET /september-18.html HTTP/1.1" 200 18535 "-" "CCBot/2.0 (https://commoncrawl.org/faq/)" "nicolesconiers.com"
37.139.53.75 - - [03/Oct/2022:10:15:00 -0700] "GET /blog/index.php/2011/10/17/thedivaofdelay/ HTTP/1.1" 200 37023 "http://nicolesconiers.com/blog/2011/10/17/thedivaofdelay/#comment-/" "Mozilla/5.0 (Windows NT 10.0; WOW64) AppleWebKit/537.36 (KHTML, like Gecko) Chrome/90.0.4400.8 Safari/537.36" "nicolesconiers.com"
37.139.53.75 - - [03/Oct/2022:10:15:03 -0700] "POST /blog/wp-comments-post.php HTTP/1.1" 302 - "http://nicolesconiers.com/blog/2011/10/17/thedivaofdelay/#comment-/" "Mozilla/5.0 (Windows NT 10.0; WOW64) AppleWebKit/537.36 (KHTML, like Gecko) Chrome/90.0.4400.8 Safari/537.36" "nicolesconiers.com"
37.139.53.80 - - [03/Oct/2022:10:15:50 -0700] "GET /blog/index.php/2011/10/17/thedivaofdelay/ HTTP/1.1" 200 37023 "http://nicolesconiers.com/blog/2011/10/17/thedivaofdelay/#comment-/" "Mozilla/5.0 (Windows NT 6.2; Win64; x64) AppleWebKit/537.36 (KHTML, like Gecko) Chrome/90.0.4430.93 Safari/537.36" "nicolesconiers.com"
37.139.53.80 - - [03/Oct/2022:10:15:54 -0700] "POST /blog/wp-comments-post.php HTTP/1.1" 302 - "http://nicolesconiers.com/blog/2011/10/17/thedivaofdelay/#comment-/" "Mozilla/5.0 (Windows NT 6.2; Win64; x64) AppleWebKit/537.36 (KHTML, like Gecko) Chrome/90.0.4430.93 Safari/537.36" "nicolesconiers.com"
37.139.53.75 - - [03/Oct/2022:10:16:14 -0700] "GET /blog/index.php/2011/10/17/thedivaofdelay/ HTTP/1.1" 200 37023 "http://nicolesconiers.com/blog/2011/10/17/thedivaofdelay/#comment-/" "Mozilla/5.0 (Windows NT 6.1) AppleWebKit/537.36 (KHTML, like Gecko) Chrome/90.0.4430.93 Safari/537.36" "nicolesconiers.com"
37.139.53.75 - - [03/Oct/2022:10:16:16 -0700] "POST /blog/wp-comments-post.php HTTP/1.1" 302 - "http://nicolesconiers.com/blog/2011/10/17/thedivaofdelay/#comment-/" "Mozilla/5.0 (Windows NT 6.1) AppleWebKit/537.36 (KHTML, like Gecko) Chrome/90.0.4430.93 Safari/537.36" "nicolesconiers.com"
3.234.210.25 - - [03/Oct/2022:10:16:39 -0700] "GET /blog/index.php/tag/afrofuturistic/ HTTP/1.1" 200 26771 "-" "CCBot/2.0 (https://commoncrawl.org/faq/)" "nicolesconiers.com"
3.234.210.25 - - [03/Oct/2022:10:20:31 -0700] "GET /robots.txt HTTP/1.1" 200 44 "-" "CCBot/2.0 (https://commoncrawl.org/faq/)" "nicolesconiers.com"
3.234.210.25 - - [03/Oct/2022:10:20:31 -0700] "GET /blog/index.php/2012/02/20/the-state-of-black-sci-fi-2012-my-tribute-to-afrofuturist-betye-saar/ HTTP/1.1" 200 46944 "-" "CCBot/2.0 (https://commoncrawl.org/faq/)" "nicolesconiers.com"
37.139.53.80 - - [03/Oct/2022:10:22:41 -0700] "GET /blog/index.php/2011/10/17/thedivaofdelay/ HTTP/1.1" 200 37023 "http://nicolesconiers.com/blog/2011/10/17/thedivaofdelay/#comment-/" "Mozilla/5.0 (Windows NT 6.1; Win64; x64) AppleWebKit/537.36 (KHTML, like Gecko) Chrome/90.0.4430.93 Safari/537.36" "nicolesconiers.com"
37.139.53.80 - - [03/Oct/2022:10:22:44 -0700] "POST /blog/wp-comments-post.php HTTP/1.1" 302 - "http://nicolesconiers.com/blog/2011/10/17/thedivaofdelay/#comment-/" "Mozilla/5.0 (Windows NT 6.1; Win64; x64) AppleWebKit/537.36 (KHTML, like Gecko) Chrome/90.0.4430.93 Safari/537.36" "nicolesconiers.com"
3.234.210.25 - - [03/Oct/2022:10:26:09 -0700] "GET /blog/index.php/tag/isaiah-mustafa/ HTTP/1.1" 200 26558 "-" "CCBot/2.0 (https://commoncrawl.org/faq/)" "nicolesconiers.com"
3.234.210.25 - - [03/Oct/2022:10:26:54 -0700] "GET /blog/index.php/2012/01/27/when-should-you-give-up-on-your-dreams/ HTTP/1.1" 200 38919 "-" "CCBot/2.0 (https://commoncrawl.org/faq/)" "nicolesconiers.com"
37.139.53.65 - - [03/Oct/2022:10:28:14 -0700] "GET /blog/index.php/2011/10/17/thedivaofdelay/ HTTP/1.1" 200 37023 "http://nicolesconiers.com/blog/2011/10/17/thedivaofdelay/#comment-/" "Mozilla/5.0 (Windows NT 10.0; Win64; x64) AppleWebKit/537.36 (KHTML, like Gecko) Chrome/90.0.4430.72 Safari/537.36 Edg/90.0.818.39" "nicolesconiers.com"
178.159.37.28 - - [03/Oct/2022:10:29:29 -0700] "GET /blog/index.php/2011/07/28/the-help-white-women-saviors-and-maids-with-superpowers/ HTTP/1.1" 200 40362 "http://nicolesconiers.com/blog/2011/07/28/the-help-white-women-saviors-and-maids-with-superpowers/#comment-" "Mozilla/5.0 (Windows NT 7.1; rv:37.1) Gecko/20100101 Firefox/37.1" "nicolesconiers.com"
178.159.37.28 - - [03/Oct/2022:10:29:33 -0700] "POST /blog/wp-comments-post.php HTTP/1.1" 302 - "http://nicolesconiers.com/blog/2011/07/28/the-help-white-women-saviors-and-maids-with-superpowers/#comment-" "Mozilla/5.0 (Windows NT 7.1; rv:37.1) Gecko/20100101 Firefox/37.1" "nicolesconiers.com"
178.159.37.28 - - [03/Oct/2022:10:29:35 -0700] "GET /blog/index.php/2011/07/28/the-help-white-women-saviors-and-maids-with-superpowers/ HTTP/1.1" 200 40362 "http://nicolesconiers.com/blog/2011/07/28/the-help-white-women-saviors-and-maids-with-superpowers/#comment-" "Mozilla/5.0 (Windows NT 7.1; rv:37.1) Gecko/20100101 Firefox/37.1" "nicolesconiers.com"
81.4.109.162 - - [03/Oct/2022:10:29:38 -0700] "GET /blog/index.php/2017/03/20/1098/ HTTP/1.1" 200 30491 "http://nicolesconiers.com/blog/2017/03/20/1098/#comment-/" "Mozilla/5.0 (Windows NT 10.0; WOW64) AppleWebKit/537.36 (KHTML, like Gecko) Chrome/90.0.4430.93 Safari/537.36" "nicolesconiers.com"
81.4.109.162 - - [03/Oct/2022:10:29:46 -0700] "POST /blog/wp-comments-post.php HTTP/1.1" 302 - "http://nicolesconiers.com/blog/2017/03/20/1098/#comment-/" "Mozilla/5.0 (Windows NT 10.0; WOW64) AppleWebKit/537.36 (KHTML, like Gecko) Chrome/90.0.4430.93 Safari/537.36" "nicolesconiers.com"
81.4.109.162 - - [03/Oct/2022:10:29:55 -0700] "GET /blog/index.php/2017/03/20/1098/ HTTP/1.1" 200 30491 "http://nicolesconiers.com/blog/2017/03/20/1098/#comment-" "Mozilla/5.0 (Windows NT 10.0; WOW64) AppleWebKit/537.36 (KHTML, like Gecko) Chrome/90.0.4430.93 Safari/537.36" "nicolesconiers.com"
72.14.199.167 - - [03/Oct/2022:10:31:32 -0700] "GET /blog/index.php/feed/ HTTP/1.1" 304 - "-" "FeedFetcher-Google; (+http://www.google.com/feedfetcher.html)" "nicolesconiers.com"
3.234.210.25 - - [03/Oct/2022:10:32:42 -0700] "GET /blog/index.php/tag/womenyouneedtoknow/ HTTP/1.1" 200 27043 "-" "CCBot/2.0 (https://commoncrawl.org/faq/)" "nicolesconiers.com"
3.234.210.25 - - [03/Oct/2022:10:33:22 -0700] "GET /blog/index.php/2012/02/20/2012/01/16/what-is-the-state-of-black-science-fiction-2012/ HTTP/1.1" 404 7475 "-" "CCBot/2.0 (https://commoncrawl.org/faq/)" "nicolesconiers.com"
37.139.53.60 - - [03/Oct/2022:10:33:54 -0700] "GET /blog/index.php/2011/10/17/thedivaofdelay/ HTTP/1.1" 200 37023 "http://nicolesconiers.com/blog/2011/10/17/thedivaofdelay/#comment-/" "Mozilla/5.0 (Windows NT 10.0; WOW64) AppleWebKit/537.36 (KHTML, like Gecko) Chrome/90.0.4430.72 Safari/537.36" "nicolesconiers.com"
37.139.53.60 - - [03/Oct/2022:10:33:56 -0700] "POST /blog/wp-comments-post.php HTTP/1.1" 302 - "http://nicolesconiers.com/blog/2011/10/17/thedivaofdelay/#comment-/" "Mozilla/5.0 (Windows NT 10.0; WOW64) AppleWebKit/537.36 (KHTML, like Gecko) Chrome/90.0.4430.72 Safari/537.36" "nicolesconiers.com"
3.234.210.25 - - [03/Oct/2022:10:34:43 -0700] "GET /blog/index.php/tag/negroplease/ HTTP/1.1" 200 26543 "-" "CCBot/2.0 (https://commoncrawl.org/faq/)" "nicolesconiers.com"
3.234.210.25 - - [03/Oct/2022:10:36:04 -0700] "GET /blog/index.php/tag/franchesca-ramsey/ HTTP/1.1" 200 27299 "-" "CCBot/2.0 (https://commoncrawl.org/faq/)" "nicolesconiers.com"
37.139.53.60 - - [03/Oct/2022:10:40:14 -0700] "GET /blog/index.php/2011/10/17/thedivaofdelay/ HTTP/1.1" 200 37023 "http://nicolesconiers.com/blog/2011/10/17/thedivaofdelay/#comment-/" "Mozilla/5.0 (Windows NT 6.1; WOW64) AppleWebKit/537.36 (KHTML, like Gecko) Chrome/90.0.4430.93 Safari/537.36" "nicolesconiers.com"
37.139.53.60 - - [03/Oct/2022:10:40:17 -0700] "POST /blog/wp-comments-post.php HTTP/1.1" 302 - "http://nicolesconiers.com/blog/2011/10/17/thedivaofdelay/#comment-/" "Mozilla/5.0 (Windows NT 6.1; WOW64) AppleWebKit/537.36 (KHTML, like Gecko) Chrome/90.0.4430.93 Safari/537.36" "nicolesconiers.com"
3.234.210.25 - - [03/Oct/2022:10:41:33 -0700] "GET /blog/index.php/2011/07/28/the-help-white-women-saviors-and-maids-with-superpowers/ HTTP/1.1" 200 40362 "-" "CCBot/2.0 (https://commoncrawl.org/faq/)" "nicolesconiers.com"
3.234.210.25 - - [03/Oct/2022:10:42:50 -0700] "GET /july-13.html HTTP/1.1" 200 18579 "-" "CCBot/2.0 (https://commoncrawl.org/faq/)" "nicolesconiers.com"
37.139.53.70 - - [03/Oct/2022:10:43:13 -0700] "GET /blog/index.php/2011/10/17/thedivaofdelay/ HTTP/1.1" 200 37023 "http://nicolesconiers.com/blog/2011/10/17/thedivaofdelay/#comment-/" "Mozilla/5.0 (Windows NT 6.1; WOW64) AppleWebKit/537.36 (KHTML, like Gecko) Chrome/90.0.4430.72 Safari/537.36" "nicolesconiers.com"
37.139.53.70 - - [03/Oct/2022:10:43:16 -0700] "POST /blog/wp-comments-post.php HTTP/1.1" 302 - "http://nicolesconiers.com/blog/2011/10/17/thedivaofdelay/#comment-/" "Mozilla/5.0 (Windows NT 6.1; WOW64) AppleWebKit/537.36 (KHTML, like Gecko) Chrome/90.0.4430.72 Safari/537.36" "nicolesconiers.com"
94.41.200.161 - - [03/Oct/2022:10:45:57 -0700] "GET /blog/index.php/2017/03/20/1098/ HTTP/1.1" 200 30491 "http://nicolesconiers.com/blog/2017/03/20/1098/#comment-/" "Mozilla/5.0 (Windows NT 6.1; Win64; x64) AppleWebKit/537.36 (KHTML, like Gecko) Chrome/90.0.4430.72 Safari/537.36" "nicolesconiers.com"
94.41.200.161 - - [03/Oct/2022:10:45:59 -0700] "POST /blog/wp-comments-post.php HTTP/1.1" 302 - "http://nicolesconiers.com/blog/2017/03/20/1098/#comment-/" "Mozilla/5.0 (Windows NT 6.1; Win64; x64) AppleWebKit/537.36 (KHTML, like Gecko) Chrome/90.0.4430.72 Safari/537.36" "nicolesconiers.com"
94.41.200.161 - - [03/Oct/2022:10:46:01 -0700] "GET /blog/index.php/2017/03/20/1098/ HTTP/1.1" 200 30491 "http://nicolesconiers.com/blog/2017/03/20/1098/#comment-" "Mozilla/5.0 (Windows NT 6.1; Win64; x64) AppleWebKit/537.36 (KHTML, like Gecko) Chrome/90.0.4430.72 Safari/537.36" "nicolesconiers.com"
207.46.13.51 - - [03/Oct/2022:10:46:26 -0700] "GET /blog/index.php/page/7/ HTTP/1.1" 200 45560 "-" "Mozilla/5.0 (compatible; bingbot/2.0; +http://www.bing.com/bingbot.htm)" "nicolesconiers.com"
