185.220.101.37 - - [10/Nov/2022:05:36:47 -0800] "GET /blog/index.php/2011/10/17/thedivaofdelay/ HTTP/1.1" 200 37023 "http://nicolesconiers.com/blog/2011/10/17/thedivaofdelay/" "Mozilla/5.0 (Windows NT 6.3; Win64; x64) AppleWebKit/537.36 (KHTML, like Gecko) Chrome/90.0.4430.85 Safari/537.36 Edg/90.0.818.46" "nicolesconiers.com"
109.70.100.80 - - [10/Nov/2022:05:37:10 -0800] "POST /blog/wp-comments-post.php HTTP/1.1" 302 - "http://nicolesconiers.com/blog/2011/10/17/thedivaofdelay/" "Mozilla/5.0 (Windows NT 6.3; Win64; x64) AppleWebKit/537.36 (KHTML, like Gecko) Chrome/90.0.4430.85 Safari/537.36 Edg/90.0.818.46" "nicolesconiers.com"
109.70.100.80 - - [10/Nov/2022:05:37:13 -0800] "GET /blog/index.php/2011/10/17/thedivaofdelay/ HTTP/1.1" 200 37023 "http://nicolesconiers.com/blog/2011/10/17/thedivaofdelay/#comment-" "Mozilla/5.0 (Windows NT 6.3; Win64; x64) AppleWebKit/537.36 (KHTML, like Gecko) Chrome/90.0.4430.85 Safari/537.36 Edg/90.0.818.46" "nicolesconiers.com"
192.42.116.16 - - [10/Nov/2022:05:37:16 -0800] "GET /blog/index.php/2011/10/17/thedivaofdelay/ HTTP/1.1" 200 37023 "http://nicolesconiers.com/blog/2011/10/17/thedivaofdelay/#comment-" "Mozilla/5.0 (Windows NT 6.3; Win64; x64) AppleWebKit/537.36 (KHTML, like Gecko) Chrome/90.0.4430.85 Safari/537.36 Edg/90.0.818.46" "nicolesconiers.com"
192.42.116.16 - - [10/Nov/2022:05:37:18 -0800] "GET /blog/ HTTP/1.1" 200 153350 "http://nicolesconiers.com/blog/" "Mozilla/5.0 (Windows NT 6.3; Win64; x64) AppleWebKit/537.36 (KHTML, like Gecko) Chrome/90.0.4430.85 Safari/537.36 Edg/90.0.818.46" "nicolesconiers.com"
37.139.53.60 - - [10/Nov/2022:05:38:37 -0800] "GET /blog/index.php/2011/10/17/thedivaofdelay/ HTTP/1.1" 200 37023 "http://nicolesconiers.com/blog/2011/10/17/thedivaofdelay/#comment-/" "Mozilla/5.0 (Windows NT 6.3; Win64; x64) AppleWebKit/537.36 (KHTML, like Gecko) Chrome/90.0.4430.72 Safari/537.36 Edg/90.0.818.42" "nicolesconiers.com"
37.139.53.60 - - [10/Nov/2022:05:38:38 -0800] "POST /blog/wp-comments-post.php HTTP/1.1" 302 - "http://nicolesconiers.com/blog/2011/10/17/thedivaofdelay/#comment-/" "Mozilla/5.0 (Windows NT 6.3; Win64; x64) AppleWebKit/537.36 (KHTML, like Gecko) Chrome/90.0.4430.72 Safari/537.36 Edg/90.0.818.42" "nicolesconiers.com"
154.47.29.72 - - [10/Nov/2022:05:42:08 -0800] "GET /blog/index.php/2011/10/17/thedivaofdelay/ HTTP/1.1" 200 37023 "http://nicolesconiers.com/blog/2011/10/17/thedivaofdelay/" "Mozilla/5.0 (Windows NT 10.0; WOW64) AppleWebKit/537.36 (KHTML, like Gecko) Chrome/90.0.4430.93 Safari/537.36" "nicolesconiers.com"
154.47.29.72 - - [10/Nov/2022:05:42:11 -0800] "POST /blog/wp-comments-post.php HTTP/1.1" 302 - "http://nicolesconiers.com/blog/2011/10/17/thedivaofdelay/" "Mozilla/5.0 (Windows NT 10.0; WOW64) AppleWebKit/537.36 (KHTML, like Gecko) Chrome/90.0.4430.93 Safari/537.36" "nicolesconiers.com"
154.47.29.72 - - [10/Nov/2022:05:42:12 -0800] "GET /blog/index.php/2011/10/17/thedivaofdelay/ HTTP/1.1" 200 37023 "http://nicolesconiers.com/blog/2011/10/17/thedivaofdelay/#comment-" "Mozilla/5.0 (Windows NT 10.0; WOW64) AppleWebKit/537.36 (KHTML, like Gecko) Chrome/90.0.4430.93 Safari/537.36" "nicolesconiers.com"
37.139.53.75 - - [10/Nov/2022:05:43:40 -0800] "GET /blog/index.php/2011/10/17/thedivaofdelay/ HTTP/1.1" 200 37023 "http://nicolesconiers.com/blog/2011/10/17/thedivaofdelay/#comment-/" "Mozilla/5.0 (Windows NT 6.3; Win64; x64) AppleWebKit/537.36 (KHTML, like Gecko) Chrome/90.0.4430.85 Safari/537.36 Edg/90.0.818.46" "nicolesconiers.com"
37.139.53.75 - - [10/Nov/2022:05:43:43 -0800] "POST /blog/wp-comments-post.php HTTP/1.1" 302 - "http://nicolesconiers.com/blog/2011/10/17/thedivaofdelay/#comment-/" "Mozilla/5.0 (Windows NT 6.3; Win64; x64) AppleWebKit/537.36 (KHTML, like Gecko) Chrome/90.0.4430.85 Safari/537.36 Edg/90.0.818.46" "nicolesconiers.com"
20.12.191.72 - - [10/Nov/2022:05:44:23 -0800] "GET /blog/index.php/tag/publishing/%5C%22http:/visit.webhosting.yahoo.com/wisit.gif%22+%22/%22+%22?%22+z+%22%5C%22 HTTP/1.1" 404 7455 "http://nicolesconiers.com/blog/tag/publishing/\\\"http:/visit.webhosting.yahoo.com/wisit.gif\"+\"" "Mozilla/5.0 (iPhone; CPU iPhone OS 13_5_1 like Mac OS X) AppleWebKit/605.1.15 (KHTML, like Gecko) Version/13.1.1 Mobile/15E148 Safari/604.1" "nicolesconiers.com"
37.139.53.70 - - [10/Nov/2022:05:46:41 -0800] "GET /blog/index.php/2011/10/17/thedivaofdelay/ HTTP/1.1" 200 37023 "http://nicolesconiers.com/blog/2011/10/17/thedivaofdelay/#comment-/" "Mozilla/5.0 (Windows NT 10.0; WOW64) AppleWebKit/537.36 (KHTML, like Gecko) Chrome/90.0.4430.93 Safari/537.36" "nicolesconiers.com"
37.139.53.70 - - [10/Nov/2022:05:46:43 -0800] "POST /blog/wp-comments-post.php HTTP/1.1" 302 - "http://nicolesconiers.com/blog/2011/10/17/thedivaofdelay/#comment-/" "Mozilla/5.0 (Windows NT 10.0; WOW64) AppleWebKit/537.36 (KHTML, like Gecko) Chrome/90.0.4430.93 Safari/537.36" "nicolesconiers.com"
207.46.13.65 - - [10/Nov/2022:05:48:36 -0800] "GET /blog/wp-content/uploads/2011/10/Delayblog21.jpg HTTP/1.1" 200 71019 "-" "Mozilla/5.0 (compatible; bingbot/2.0; +http://www.bing.com/bingbot.htm)" "nicolesconiers.com"
136.243.220.209 - - [10/Nov/2022:05:53:35 -0800] "GET /books HTTP/1.1" 404 88 "-" "Mozilla/5.0 (compatible; DataForSeoBot/1.0; +https://dataforseo.com/dataforseo-bot)" "nicolesconiers.com"
37.139.53.60 - - [10/Nov/2022:05:54:09 -0800] "GET /blog/index.php/2011/10/17/thedivaofdelay/ HTTP/1.1" 200 37023 "http://nicolesconiers.com/blog/2011/10/17/thedivaofdelay/#comment-/" "Mozilla/5.0 (Windows NT 10.0; WOW64) AppleWebKit/537.36 (KHTML, like Gecko) Chrome/90.0.4430.93 Safari/537.36" "nicolesconiers.com"
37.139.53.60 - - [10/Nov/2022:05:54:11 -0800] "POST /blog/wp-comments-post.php HTTP/1.1" 302 - "http://nicolesconiers.com/blog/2011/10/17/thedivaofdelay/#comment-/" "Mozilla/5.0 (Windows NT 10.0; WOW64) AppleWebKit/537.36 (KHTML, like Gecko) Chrome/90.0.4430.93 Safari/537.36" "nicolesconiers.com"
136.243.220.209 - - [10/Nov/2022:05:54:51 -0800] "GET / HTTP/1.1" 304 - "-" "Mozilla/5.0 (compatible; DataForSeoBot/1.0; +https://dataforseo.com/dataforseo-bot)" "nicolesconiers.com"
136.243.220.209 - - [10/Nov/2022:05:55:31 -0800] "GET /bio HTTP/1.1" 304 - "-" "Mozilla/5.0 (compatible; DataForSeoBot/1.0; +https://dataforseo.com/dataforseo-bot)" "nicolesconiers.com"
136.243.220.209 - - [10/Nov/2022:05:56:08 -0800] "GET /blog HTTP/1.1" 301 1407 "-" "Mozilla/5.0 (compatible; DataForSeoBot/1.0; +https://dataforseo.com/dataforseo-bot)" "nicolesconiers.com"
136.243.220.209 - - [10/Nov/2022:05:58:07 -0800] "GET /contact HTTP/1.1" 200 23869 "-" "Mozilla/5.0 (compatible; DataForSeoBot/1.0; +https://dataforseo.com/dataforseo-bot)" "nicolesconiers.com"
136.243.220.209 - - [10/Nov/2022:06:03:05 -0800] "GET /words HTTP/1.1" 404 88 "-" "Mozilla/5.0 (compatible; DataForSeoBot/1.0; +https://dataforseo.com/dataforseo-bot)" "nicolesconiers.com"
10.213.116.227 - - [10/Nov/2022:06:03:23 -0800] "POST /blog/wp-cron.php?doing_wp_cron HTTP/1.1" 200 - "-" "WordPress/3.0.4; http://nicolesconiers.com/blog" "nicolesconiers.com"
37.139.53.70 - - [10/Nov/2022:06:03:21 -0800] "GET /blog/index.php/2011/10/17/thedivaofdelay/ HTTP/1.1" 200 37023 "http://nicolesconiers.com/blog/2011/10/17/thedivaofdelay/#comment-/" "Mozilla/5.0 (Windows NT 6.3; Win64; x64) AppleWebKit/537.36 (KHTML, like Gecko) Chrome/90.0.4430.85 Safari/537.36" "nicolesconiers.com"
37.139.53.70 - - [10/Nov/2022:06:03:26 -0800] "POST /blog/wp-comments-post.php HTTP/1.1" 302 - "http://nicolesconiers.com/blog/2011/10/17/thedivaofdelay/#comment-/" "Mozilla/5.0 (Windows NT 6.3; Win64; x64) AppleWebKit/537.36 (KHTML, like Gecko) Chrome/90.0.4430.85 Safari/537.36" "nicolesconiers.com"
66.249.79.47 - - [10/Nov/2022:06:03:40 -0800] "GET /ads.txt HTTP/1.1" 404 88 "-" "Mozilla/5.0 (compatible; Googlebot/2.1; +http://www.google.com/bot.html)" "nicolesconiers.com"
37.139.53.75 - - [10/Nov/2022:06:05:35 -0800] "GET /blog/index.php/2011/10/17/thedivaofdelay/ HTTP/1.1" 200 37023 "http://nicolesconiers.com/blog/2011/10/17/thedivaofdelay/#comment-/" "Mozilla/5.0 (Windows NT 6.3; Win64; x64) AppleWebKit/537.36 (KHTML, like Gecko) Chrome/90.0.4430.85 Safari/537.36" "nicolesconiers.com"
37.139.53.75 - - [10/Nov/2022:06:05:39 -0800] "POST /blog/wp-comments-post.php HTTP/1.1" 302 - "http://nicolesconiers.com/blog/2011/10/17/thedivaofdelay/#comment-/" "Mozilla/5.0 (Windows NT 6.3; Win64; x64) AppleWebKit/537.36 (KHTML, like Gecko) Chrome/90.0.4430.85 Safari/537.36" "nicolesconiers.com"
37.139.53.65 - - [10/Nov/2022:06:07:20 -0800] "GET /blog/index.php/2011/10/17/thedivaofdelay/ HTTP/1.1" 200 37023 "http://nicolesconiers.com/blog/2011/10/17/thedivaofdelay/#comment-/" "Mozilla/5.0 (Windows NT 10.0; Win64; x64) AppleWebKit/537.36 (KHTML, like Gecko) Chrome/90.0.4430.72 Safari/537.36" "nicolesconiers.com"
37.139.53.65 - - [10/Nov/2022:06:07:22 -0800] "POST /blog/wp-comments-post.php HTTP/1.1" 302 - "http://nicolesconiers.com/blog/2011/10/17/thedivaofdelay/#comment-/" "Mozilla/5.0 (Windows NT 10.0; Win64; x64) AppleWebKit/537.36 (KHTML, like Gecko) Chrome/90.0.4430.72 Safari/537.36" "nicolesconiers.com"
40.86.101.254 - - [10/Nov/2022:06:09:27 -0800] "GET /blog/wp-content/uploads/2011/06/flowers.jpg HTTP/1.1" 200 10500 "http://nicolesconiers.com/blog/wp-content/uploads/2011/06" "Mozilla/5.0 (Macintosh; Intel Mac OS X 10_11_6) AppleWebKit/605.1.15 (KHTML, like Gecko) Version/11.1.2 Safari/605.1.15" "nicolesconiers.com"
20.29.110.168 - - [10/Nov/2022:06:10:15 -0800] "GET /blog/wp-content/uploads/2011/06/Shoot5-300x195.jpg HTTP/1.1" 200 22006 "http://nicolesconiers.com/blog/wp-content/uploads/2011/06" "Mozilla/5.0 (Windows NT 10.0; Win64; x64) AppleWebKit/537.36 (KHTML, like Gecko) Chrome/74.0.3729.157 Safari/537.36" "nicolesconiers.com"
37.139.53.65 - - [10/Nov/2022:06:12:58 -0800] "GET /blog/index.php/2011/10/17/thedivaofdelay/ HTTP/1.1" 200 37023 "http://nicolesconiers.com/blog/2011/10/17/thedivaofdelay/#comment-/" "Mozilla/5.0 (Windows NT 6.1; ) AppleWebKit/537.36 (KHTML, like Gecko) Chrome/90.0.4430.72 Safari/537.36" "nicolesconiers.com"
37.139.53.65 - - [10/Nov/2022:06:13:03 -0800] "POST /blog/wp-comments-post.php HTTP/1.1" 302 - "http://nicolesconiers.com/blog/2011/10/17/thedivaofdelay/#comment-/" "Mozilla/5.0 (Windows NT 6.1; ) AppleWebKit/537.36 (KHTML, like Gecko) Chrome/90.0.4430.72 Safari/537.36" "nicolesconiers.com"
20.109.241.82 - - [10/Nov/2022:06:21:40 -0800] "GET /blog/wp-content/uploads/2011/08/UNDERGROUND-BOOKS-300x276.jpg HTTP/1.1" 200 27807 "http://nicolesconiers.com/blog/wp-content/uploads/2011/08" "Mozilla/5.0 (iPhone; CPU iPhone OS 13_5_1 like Mac OS X) AppleWebKit/605.1.15 (KHTML, like Gecko) Version/13.1.1 Mobile/15E148 Safari/604.1" "nicolesconiers.com"
151.80.67.229 - - [10/Nov/2022:06:21:55 -0800] "GET /blog/index.php/ccx/index.php HTTP/1.1" 200 153378 "nicolesconiers.com" "Mozilla/5.0 (Windows NT 6.1; WOW64) AppleWebKit/537.36 (KHTML, like Gecko) Chrome/50.0.2661.75 Safari/537.36" "nicolesconiers.com"
62.210.215.118 - - [10/Nov/2022:06:22:27 -0800] "GET /blog/index.php/tag/essence-magazine/feed/ HTTP/1.1" 200 12183 "-" "Mozilla/5.0 (X11; Linux i686) AppleWebKit/537.36 (KHTML, like Gecko) Chrome/30.0.1599.66 Safari/537.36" "nicolesconiers.com"
151.80.67.229 - - [10/Nov/2022:06:22:52 -0800] "GET /blog/wp-content/ccx/index.php HTTP/1.1" 404 73 "nicolesconiers.com" "Mozilla/5.0 (Windows NT 6.1; WOW64) AppleWebKit/537.36 (KHTML, like Gecko) Chrome/50.0.2661.75 Safari/537.36" "nicolesconiers.com"
72.14.199.175 - - [10/Nov/2022:06:22:54 -0800] "GET /blog/index.php/feed/ HTTP/1.1" 304 - "-" "FeedFetcher-Google; (+http://www.google.com/feedfetcher.html)" "nicolesconiers.com"
37.139.53.80 - - [10/Nov/2022:06:27:32 -0800] "GET /blog/index.php/2011/10/17/thedivaofdelay/ HTTP/1.1" 200 37023 "http://nicolesconiers.com/blog/2011/10/17/thedivaofdelay/#comment-/" "Mozilla/5.0 (Windows NT 10.0; WOW64) AppleWebKit/537.36 (KHTML, like Gecko) Chrome/90.0.4430.72 Safari/537.36" "nicolesconiers.com"
37.139.53.80 - - [10/Nov/2022:06:27:34 -0800] "POST /blog/wp-comments-post.php HTTP/1.1" 302 - "http://nicolesconiers.com/blog/2011/10/17/thedivaofdelay/#comment-/" "Mozilla/5.0 (Windows NT 10.0; WOW64) AppleWebKit/537.36 (KHTML, like Gecko) Chrome/90.0.4430.72 Safari/537.36" "nicolesconiers.com"
40.77.51.81 - - [10/Nov/2022:06:28:25 -0800] "GET /blog/index.php/tag/wewuzgirlstogether/%5C%22http:/visit.webhosting.yahoo.com/wisit.gif%22+%22/%22+%22?%22+z+%22%5C%22 HTTP/1.1" 404 7455 "http://nicolesconiers.com/blog/tag/wewuzgirlstogether/\\\"http:/visit.webhosting.yahoo.com/wisit.gif\"+\"" "Mozilla/5.0 (X11; Linux x86_64) AppleWebKit/537.36 (KHTML, like Gecko) Chrome/74.0.3729.169 Safari/537.36" "nicolesconiers.com"
207.46.13.45 - - [10/Nov/2022:06:28:41 -0800] "GET /blog/index.php/2012/01/31/race-sci-fi/ HTTP/1.1" 200 43571 "-" "Mozilla/5.0 (compatible; bingbot/2.0; +http://www.bing.com/bingbot.htm)" "nicolesconiers.com"
136.243.220.209 - - [10/Nov/2022:06:34:56 -0800] "GET /index.html HTTP/1.1" 304 - "-" "Mozilla/5.0 (compatible; DataForSeoBot/1.0; +https://dataforseo.com/dataforseo-bot)" "nicolesconiers.com"
37.139.53.80 - - [10/Nov/2022:06:34:56 -0800] "GET /blog/index.php/2011/10/17/thedivaofdelay/ HTTP/1.1" 200 37023 "http://nicolesconiers.com/blog/2011/10/17/thedivaofdelay/#comment-/" "Mozilla/5.0 (Windows NT 6.1; Win64; x64) AppleWebKit/537.36 (KHTML, like Gecko) Chrome/90.0.4430.93 Safari/537.36" "nicolesconiers.com"
37.139.53.80 - - [10/Nov/2022:06:34:59 -0800] "POST /blog/wp-comments-post.php HTTP/1.1" 302 - "http://nicolesconiers.com/blog/2011/10/17/thedivaofdelay/#comment-/" "Mozilla/5.0 (Windows NT 6.1; Win64; x64) AppleWebKit/537.36 (KHTML, like Gecko) Chrome/90.0.4430.93 Safari/537.36" "nicolesconiers.com"
173.44.167.70 - - [10/Nov/2022:06:37:39 -0800] "GET /blog/index.php/2011/07/28/the-help-white-women-saviors-and-maids-with-superpowers/ HTTP/1.1" 200 40362 "-" "Mozilla/5.0 (Macintosh; Intel Mac OS X 12_5) AppleWebKit/537.36 (KHTML, like Gecko) Chrome/103.0.0.0 Safari/537.36" "nicolesconiers.com"
163.172.18.192 - - [10/Nov/2022:06:39:03 -0800] "GET /blog/index.php/2011/07/01/the-beckyville-bookmobile-or-soul-sista-ice-cream-truck/ HTTP/1.1" 200 41455 "http://nicolesconiers.com/" "Mozilla/5.0 (Windows NT 10.0; WOW64) AppleWebKit/537.36 (KHTML, like Gecko) Chrome/65.0.3325.181 Safari/537.36 OPR/52.0.2871.64" "nicolesconiers.com"
163.172.18.192 - - [10/Nov/2022:06:39:05 -0800] "POST /blog/xmlrpc.php HTTP/1.1" 200 384 "http://nicolesconiers.com/" "PHP/7.2.60" "nicolesconiers.com"
40.77.51.82 - - [10/Nov/2022:06:40:10 -0800] "GET /blog/index.php/tag/police/%5C%22http:/visit.webhosting.yahoo.com/wisit.gif%22+%22/%22+%22?%22+z+%22%5C%22 HTTP/1.1" 404 7455 "http://nicolesconiers.com/blog/tag/police/\\\"http:/visit.webhosting.yahoo.com/wisit.gif\"+\"" "Mozilla/5.0 (X11; Linux x86_64) AppleWebKit/537.36 (KHTML, like Gecko) Chrome/74.0.3729.169 Safari/537.36" "nicolesconiers.com"
37.139.53.75 - - [10/Nov/2022:06:42:37 -0800] "GET /blog/index.php/2011/10/17/thedivaofdelay/ HTTP/1.1" 200 37023 "http://nicolesconiers.com/blog/2011/10/17/thedivaofdelay/#comment-/" "Mozilla/5.0 (Windows NT 10.0) AppleWebKit/537.36 (KHTML, like Gecko) Chrome/90.0.4430.85 Safari/537.36 Edg/90.0.818.46" "nicolesconiers.com"
37.139.53.75 - - [10/Nov/2022:06:42:40 -0800] "POST /blog/wp-comments-post.php HTTP/1.1" 302 - "http://nicolesconiers.com/blog/2011/10/17/thedivaofdelay/#comment-/" "Mozilla/5.0 (Windows NT 10.0) AppleWebKit/537.36 (KHTML, like Gecko) Chrome/90.0.4430.85 Safari/537.36 Edg/90.0.818.46" "nicolesconiers.com"
37.139.53.60 - - [10/Nov/2022:06:44:27 -0800] "GET /blog/index.php/2011/10/17/thedivaofdelay/ HTTP/1.1" 200 37023 "http://nicolesconiers.com/blog/2011/10/17/thedivaofdelay/#comment-/" "Mozilla/5.0 (Windows NT 6.1; Win64; x64) AppleWebKit/537.36 (KHTML, like Gecko) Chrome/90.0.4430.72 Safari/537.36" "nicolesconiers.com"
37.139.53.60 - - [10/Nov/2022:06:44:29 -0800] "POST /blog/wp-comments-post.php HTTP/1.1" 302 - "http://nicolesconiers.com/blog/2011/10/17/thedivaofdelay/#comment-/" "Mozilla/5.0 (Windows NT 6.1; Win64; x64) AppleWebKit/537.36 (KHTML, like Gecko) Chrome/90.0.4430.72 Safari/537.36" "nicolesconiers.com"
34.79.114.255 - - [10/Nov/2022:06:46:37 -0800] "GET / HTTP/1.1" 200 138477 "-" "Mozilla/5.0 (Windows NT 10.0; Win64; x64) AppleWebKit/537.36 (KHTML, like Gecko) Chrome/84.0.4147.105 Safari/537.36" "www.nicolesconiers.com"
194.63.140.221 - - [10/Nov/2022:06:51:20 -0800] "GET /blog/index.php/2011/10/17/thedivaofdelay/ HTTP/1.1" 200 37023 "http://nicolesconiers.com/blog/2011/10/17/thedivaofdelay/" "Mozilla/5.0 (Windows NT 6.3; Win64; x64) AppleWebKit/537.36 (KHTML, like Gecko) Chrome/90.0.4430.85 Safari/537.36" "nicolesconiers.com"
194.63.140.221 - - [10/Nov/2022:06:51:23 -0800] "POST /blog/wp-comments-post.php HTTP/1.1" 302 - "http://nicolesconiers.com/blog/2011/10/17/thedivaofdelay/" "Mozilla/5.0 (Windows NT 6.3; Win64; x64) AppleWebKit/537.36 (KHTML, like Gecko) Chrome/90.0.4430.85 Safari/537.36" "nicolesconiers.com"
194.63.140.221 - - [10/Nov/2022:06:51:24 -0800] "GET /blog/index.php/2011/10/17/thedivaofdelay/ HTTP/1.1" 200 37023 "http://nicolesconiers.com/blog/2011/10/17/thedivaofdelay/#comment-" "Mozilla/5.0 (Windows NT 6.3; Win64; x64) AppleWebKit/537.36 (KHTML, like Gecko) Chrome/90.0.4430.85 Safari/537.36" "nicolesconiers.com"
37.139.53.70 - - [10/Nov/2022:06:52:51 -0800] "GET /blog/index.php/2011/10/17/thedivaofdelay/ HTTP/1.1" 200 37023 "http://nicolesconiers.com/blog/2011/10/17/thedivaofdelay/#comment-/" "Mozilla/5.0 (Windows NT 6.1; Win64; x64) AppleWebKit/537.36 (KHTML, like Gecko) Chrome/90.0.4430.93 Safari/537.36" "nicolesconiers.com"
37.139.53.70 - - [10/Nov/2022:06:52:54 -0800] "POST /blog/wp-comments-post.php HTTP/1.1" 302 - "http://nicolesconiers.com/blog/2011/10/17/thedivaofdelay/#comment-/" "Mozilla/5.0 (Windows NT 6.1; Win64; x64) AppleWebKit/537.36 (KHTML, like Gecko) Chrome/90.0.4430.93 Safari/537.36" "nicolesconiers.com"
37.139.53.60 - - [10/Nov/2022:07:00:16 -0800] "GET /blog/index.php/2011/10/17/thedivaofdelay/ HTTP/1.1" 200 37023 "http://nicolesconiers.com/blog/2011/10/17/thedivaofdelay/#comment-/" "Mozilla/5.0 (Windows NT 10.0) AppleWebKit/537.36 (KHTML, like Gecko) Chrome/90.0.4430.85 Safari/537.36" "nicolesconiers.com"
37.139.53.60 - - [10/Nov/2022:07:00:19 -0800] "POST /blog/wp-comments-post.php HTTP/1.1" 302 - "http://nicolesconiers.com/blog/2011/10/17/thedivaofdelay/#comment-/" "Mozilla/5.0 (Windows NT 10.0) AppleWebKit/537.36 (KHTML, like Gecko) Chrome/90.0.4430.85 Safari/537.36" "nicolesconiers.com"
37.139.53.75 - - [10/Nov/2022:07:05:37 -0800] "GET /blog/index.php/2011/10/17/thedivaofdelay/ HTTP/1.1" 200 37023 "http://nicolesconiers.com/blog/2011/10/17/thedivaofdelay/#comment-/" "Mozilla/5.0 (Windows NT 10.0; WOW64) AppleWebKit/537.36 (KHTML, like Gecko) Chrome/90.0.4400.8 Safari/537.36" "nicolesconiers.com"
37.139.53.75 - - [10/Nov/2022:07:05:41 -0800] "POST /blog/wp-comments-post.php HTTP/1.1" 302 - "http://nicolesconiers.com/blog/2011/10/17/thedivaofdelay/#comment-/" "Mozilla/5.0 (Windows NT 10.0; WOW64) AppleWebKit/537.36 (KHTML, like Gecko) Chrome/90.0.4400.8 Safari/537.36" "nicolesconiers.com"
20.12.191.73 - - [10/Nov/2022:07:06:25 -0800] "GET /blog/index.php/tag/afrofuturism/%5C%22http:/visit.webhosting.yahoo.com/wisit.gif%22+%22/%22+%22?%22+z+%22%5C%22 HTTP/1.1" 404 7455 "http://nicolesconiers.com/blog/tag/afrofuturism/\\\"http:/visit.webhosting.yahoo.com/wisit.gif\"+\"" "Mozilla/5.0 (Linux; Android 10; SM-G960U) AppleWebKit/537.36 (KHTML, like Gecko) Chrome/88.0.4324.181 Mobile Safari/537.36" "nicolesconiers.com"
37.139.53.70 - - [10/Nov/2022:07:09:10 -0800] "GET /blog/index.php/2011/10/17/thedivaofdelay/ HTTP/1.1" 200 37023 "http://nicolesconiers.com/blog/2011/10/17/thedivaofdelay/#comment-/" "Mozilla/5.0 (Windows NT 6.3; Win64; x64) AppleWebKit/537.36 (KHTML, like Gecko) Chrome/90.0.4430.93 Safari/537.36" "nicolesconiers.com"
37.139.53.70 - - [10/Nov/2022:07:09:13 -0800] "POST /blog/wp-comments-post.php HTTP/1.1" 302 - "http://nicolesconiers.com/blog/2011/10/17/thedivaofdelay/#comment-/" "Mozilla/5.0 (Windows NT 6.3; Win64; x64) AppleWebKit/537.36 (KHTML, like Gecko) Chrome/90.0.4430.93 Safari/537.36" "nicolesconiers.com"
44.228.64.221 - - [10/Nov/2022:07:10:25 -0800] "GET /blog/index.php/2011/08/08/my-cousin-the-witch/ HTTP/1.1" 200 41146 "-" "Python/3.8 aiohttp/3.8.3" "nicolesconiers.com"
207.46.13.45 - - [10/Nov/2022:07:10:36 -0800] "GET /blog/index.php/2012/01/31/race-sci-fi/ HTTP/1.1" 200 43571 "-" "Mozilla/5.0 (compatible; bingbot/2.0; +http://www.bing.com/bingbot.htm)" "nicolesconiers.com"
37.139.53.65 - - [10/Nov/2022:07:12:30 -0800] "GET /blog/index.php/2011/10/17/thedivaofdelay/ HTTP/1.1" 200 37023 "http://nicolesconiers.com/blog/2011/10/17/thedivaofdelay/#comment-/" "Mozilla/5.0 (Windows NT 10.0; Win64; x64) AppleWebKit/537.36 (KHTML, like Gecko) Chrome/90.0.4430.72 Safari/537.36" "nicolesconiers.com"
37.139.53.65 - - [10/Nov/2022:07:12:33 -0800] "POST /blog/wp-comments-post.php HTTP/1.1" 302 - "http://nicolesconiers.com/blog/2011/10/17/thedivaofdelay/#comment-/" "Mozilla/5.0 (Windows NT 10.0; Win64; x64) AppleWebKit/537.36 (KHTML, like Gecko) Chrome/90.0.4430.72 Safari/537.36" "nicolesconiers.com"
44.228.64.221 - - [10/Nov/2022:07:14:00 -0800] "GET /blog/index.php/tag/t-shirt/ HTTP/1.1" 200 29530 "-" "Python/3.8 aiohttp/3.8.3" "nicolesconiers.com"
37.139.53.65 - - [10/Nov/2022:07:18:49 -0800] "GET /blog/index.php/2011/10/17/thedivaofdelay/ HTTP/1.1" 200 37023 "http://nicolesconiers.com/blog/2011/10/17/thedivaofdelay/#comment-/" "Mozilla/5.0 (Windows NT 10.0; Win64; x64) AppleWebKit/537.36 (KHTML, like Gecko) Chrome/90.0.4430.93 Safari/537.36" "nicolesconiers.com"
37.139.53.65 - - [10/Nov/2022:07:18:53 -0800] "POST /blog/wp-comments-post.php HTTP/1.1" 302 - "http://nicolesconiers.com/blog/2011/10/17/thedivaofdelay/#comment-/" "Mozilla/5.0 (Windows NT 10.0; Win64; x64) AppleWebKit/537.36 (KHTML, like Gecko) Chrome/90.0.4430.93 Safari/537.36" "nicolesconiers.com"
207.46.13.65 - - [10/Nov/2022:07:21:06 -0800] "GET /blog/index.php/tag/goals/ HTTP/1.1" 200 26650 "-" "Mozilla/5.0 AppleWebKit/537.36 (KHTML, like Gecko; compatible; bingbot/2.0; +http://www.bing.com/bingbot.htm) Chrome/103.0.5060.134 Safari/537.36" "nicolesconiers.com"
173.252.95.120 - - [10/Nov/2022:07:21:53 -0800] "GET / HTTP/1.1" 206 20039 "-" "facebookexternalhit/1.1 (+http://www.facebook.com/externalhit_uatext.php)" "www.nicolesconiers.com"
51.222.253.16 - - [10/Nov/2022:07:27:25 -0800] "GET /blog/index.php/2012/02/20/the-state-of-black-sci-fi-2012-my-tribute-to-afrofuturist-betye-saar/ HTTP/1.1" 200 46898 "-" "Mozilla/5.0 (compatible; AhrefsBot/7.0; +http://ahrefs.com/robot/)" "nicolesconiers.com"
37.139.53.80 - - [10/Nov/2022:07:27:37 -0800] "GET /blog/index.php/2011/10/17/thedivaofdelay/ HTTP/1.1" 200 37023 "http://nicolesconiers.com/blog/2011/10/17/thedivaofdelay/#comment-/" "Mozilla/5.0 (Windows NT 10.0; WOW64) AppleWebKit/537.36 (KHTML, like Gecko) Chrome/90.0.4430.72 Safari/537.36" "nicolesconiers.com"
37.139.53.80 - - [10/Nov/2022:07:27:39 -0800] "POST /blog/wp-comments-post.php HTTP/1.1" 302 - "http://nicolesconiers.com/blog/2011/10/17/thedivaofdelay/#comment-/" "Mozilla/5.0 (Windows NT 10.0; WOW64) AppleWebKit/537.36 (KHTML, like Gecko) Chrome/90.0.4430.72 Safari/537.36" "nicolesconiers.com"
37.139.53.80 - - [10/Nov/2022:07:34:47 -0800] "GET /blog/index.php/2011/10/17/thedivaofdelay/ HTTP/1.1" 200 37023 "http://nicolesconiers.com/blog/2011/10/17/thedivaofdelay/#comment-/" "Mozilla/5.0 (Windows NT 10.0; Win64; x64) AppleWebKit/537.36 (KHTML, like Gecko) Chrome/90.0.4430.85 Safari/537.36 Edg/90.0.818.49" "nicolesconiers.com"
37.139.53.80 - - [10/Nov/2022:07:34:50 -0800] "POST /blog/wp-comments-post.php HTTP/1.1" 302 - "http://nicolesconiers.com/blog/2011/10/17/thedivaofdelay/#comment-/" "Mozilla/5.0 (Windows NT 10.0; Win64; x64) AppleWebKit/537.36 (KHTML, like Gecko) Chrome/90.0.4430.85 Safari/537.36 Edg/90.0.818.49" "nicolesconiers.com"
72.14.199.161 - - [10/Nov/2022:07:37:18 -0800] "GET /blog/index.php/feed/ HTTP/1.1" 304 - "-" "FeedFetcher-Google; (+http://www.google.com/feedfetcher.html)" "nicolesconiers.com"
40.122.227.200 - - [10/Nov/2022:07:39:55 -0800] "GET /blog/index.php/2011/12/30/personal-alchemy-transmuting-dreams-into-reality/%5C%22http:/visit.webhosting.yahoo.com/wisit.gif%22+%22/%22+%22?%22+z+%22%5C%22 HTTP/1.1" 404 7455 "http://nicolesconiers.com/blog/2011/12/30/personal-alchemy-transmuting-dreams-into-reality/\\\"http:/visit.webhosting.yahoo.com/wisit.gif\"+\"" "Mozilla/5.0 (X11; Linux x86_64) AppleWebKit/537.36 (KHTML, like Gecko) Chrome/74.0.3729.169 Safari/537.36" "nicolesconiers.com"
37.139.53.75 - - [10/Nov/2022:07:41:20 -0800] "GET /blog/index.php/2011/10/17/thedivaofdelay/ HTTP/1.1" 200 37023 "http://nicolesconiers.com/blog/2011/10/17/thedivaofdelay/#comment-/" "Mozilla/5.0 (Windows NT 6.1; ) AppleWebKit/537.36 (KHTML, like Gecko) Chrome/90.0.4430.85 Safari/537.36" "nicolesconiers.com"
37.139.53.75 - - [10/Nov/2022:07:41:24 -0800] "POST /blog/wp-comments-post.php HTTP/1.1" 302 - "http://nicolesconiers.com/blog/2011/10/17/thedivaofdelay/#comment-/" "Mozilla/5.0 (Windows NT 6.1; ) AppleWebKit/537.36 (KHTML, like Gecko) Chrome/90.0.4430.85 Safari/537.36" "nicolesconiers.com"
13.67.224.14 - - [10/Nov/2022:07:49:28 -0800] "GET /blog/index.php/where-to-buy/%5C%22http:/visit.webhosting.yahoo.com/wisit.gif%22+%22/%22+%22?%22+z+%22%5C%22 HTTP/1.1" 404 7455 "http://nicolesconiers.com/blog/where-to-buy/\\\"http:/visit.webhosting.yahoo.com/wisit.gif\"+\"" "Mozilla/5.0 (Windows NT 10.0; Win64; x64) AppleWebKit/537.36 (KHTML, like Gecko) Chrome/74.0.3729.157 Safari/537.36" "nicolesconiers.com"
37.139.53.60 - - [10/Nov/2022:07:50:30 -0800] "GET /blog/index.php/2011/10/17/thedivaofdelay/ HTTP/1.1" 200 37023 "http://nicolesconiers.com/blog/2011/10/17/thedivaofdelay/#comment-/" "Mozilla/5.0 (Windows NT 6.3; Win64; x64) AppleWebKit/537.36 (KHTML, like Gecko) Chrome/90.0.4430.85 Safari/537.36 Edg/90.0.818.46" "nicolesconiers.com"
37.139.53.60 - - [10/Nov/2022:07:50:34 -0800] "POST /blog/wp-comments-post.php HTTP/1.1" 302 - "http://nicolesconiers.com/blog/2011/10/17/thedivaofdelay/#comment-/" "Mozilla/5.0 (Windows NT 6.3; Win64; x64) AppleWebKit/537.36 (KHTML, like Gecko) Chrome/90.0.4430.85 Safari/537.36 Edg/90.0.818.46" "nicolesconiers.com"
62.210.215.118 - - [10/Nov/2022:07:58:27 -0800] "GET /blog/index.php/about/feed/ HTTP/1.1" 200 712 "-" "Mozilla/5.0 (X11; Linux i686) AppleWebKit/537.36 (KHTML, like Gecko) Chrome/30.0.1599.66 Safari/537.36" "nicolesconiers.com"
37.139.53.70 - - [10/Nov/2022:07:59:10 -0800] "GET /blog/index.php/2011/10/17/thedivaofdelay/ HTTP/1.1" 200 37023 "http://nicolesconiers.com/blog/2011/10/17/thedivaofdelay/#comment-/" "Mozilla/5.0 (Windows NT 6.1; Win64; x64) AppleWebKit/537.36 (KHTML, like Gecko) Chrome/90.0.4427.0 Safari/537.36" "nicolesconiers.com"
37.139.53.70 - - [10/Nov/2022:07:59:12 -0800] "POST /blog/wp-comments-post.php HTTP/1.1" 302 - "http://nicolesconiers.com/blog/2011/10/17/thedivaofdelay/#comment-/" "Mozilla/5.0 (Windows NT 6.1; Win64; x64) AppleWebKit/537.36 (KHTML, like Gecko) Chrome/90.0.4427.0 Safari/537.36" "nicolesconiers.com"
37.139.53.75 - - [10/Nov/2022:08:05:03 -0800] "GET /blog/index.php/2011/10/17/thedivaofdelay/ HTTP/1.1" 200 37023 "http://nicolesconiers.com/blog/2011/10/17/thedivaofdelay/#comment-/" "Mozilla/5.0 (Windows NT 6.3; Win64; x64) AppleWebKit/537.36 (KHTML, like Gecko) Chrome/90.0.4430.85 Safari/537.36 Edg/90.0.818.49" "nicolesconiers.com"
37.139.53.75 - - [10/Nov/2022:08:05:07 -0800] "POST /blog/wp-comments-post.php HTTP/1.1" 302 - "http://nicolesconiers.com/blog/2011/10/17/thedivaofdelay/#comment-/" "Mozilla/5.0 (Windows NT 6.3; Win64; x64) AppleWebKit/537.36 (KHTML, like Gecko) Chrome/90.0.4430.85 Safari/537.36 Edg/90.0.818.49" "nicolesconiers.com"
157.55.39.55 - - [10/Nov/2022:08:05:40 -0800] "GET / HTTP/1.1" 200 20039 "-" "Mozilla/5.0 (compatible; bingbot/2.0; +http://www.bing.com/bingbot.htm)" "nicolesconiers.com"
37.139.53.60 - - [10/Nov/2022:08:06:24 -0800] "GET /blog/index.php/2011/10/17/thedivaofdelay/ HTTP/1.1" 200 37023 "http://nicolesconiers.com/blog/2011/10/17/thedivaofdelay/#comment-/" "Mozilla/5.0 (Windows NT 6.1) AppleWebKit/537.36 (KHTML, like Gecko) Chrome/90.0.4430.85 Safari/537.36" "nicolesconiers.com"
37.139.53.60 - - [10/Nov/2022:08:06:26 -0800] "POST /blog/wp-comments-post.php HTTP/1.1" 302 - "http://nicolesconiers.com/blog/2011/10/17/thedivaofdelay/#comment-/" "Mozilla/5.0 (Windows NT 6.1) AppleWebKit/537.36 (KHTML, like Gecko) Chrome/90.0.4430.85 Safari/537.36" "nicolesconiers.com"
62.210.215.118 - - [10/Nov/2022:08:14:17 -0800] "GET /blog/index.php/tag/thingsyoushouldknowaboutme/feed/ HTTP/1.1" 200 16956 "-" "Mozilla/5.0 (X11; Linux i686) AppleWebKit/537.36 (KHTML, like Gecko) Chrome/30.0.1599.66 Safari/537.36" "nicolesconiers.com"
37.139.53.70 - - [10/Nov/2022:08:15:13 -0800] "GET /blog/index.php/2011/10/17/thedivaofdelay/ HTTP/1.1" 200 37023 "http://nicolesconiers.com/blog/2011/10/17/thedivaofdelay/#comment-/" "Mozilla/5.0 (Windows NT 6.1; ) AppleWebKit/537.36 (KHTML, like Gecko) Chrome/90.0.4430.72 Safari/537.36" "nicolesconiers.com"
37.139.53.70 - - [10/Nov/2022:08:15:20 -0800] "POST /blog/wp-comments-post.php HTTP/1.1" 302 - "http://nicolesconiers.com/blog/2011/10/17/thedivaofdelay/#comment-/" "Mozilla/5.0 (Windows NT 6.1; ) AppleWebKit/537.36 (KHTML, like Gecko) Chrome/90.0.4430.72 Safari/537.36" "nicolesconiers.com"
62.210.215.118 - - [10/Nov/2022:08:17:00 -0800] "GET /blog/index.php/tag/procrastination/feed/ HTTP/1.1" 200 9012 "-" "Mozilla/5.0 (X11; Linux i686) AppleWebKit/537.36 (KHTML, like Gecko) Chrome/30.0.1599.66 Safari/537.36" "nicolesconiers.com"
37.139.53.65 - - [10/Nov/2022:08:17:52 -0800] "GET /blog/index.php/2011/10/17/thedivaofdelay/ HTTP/1.1" 200 37023 "http://nicolesconiers.com/blog/2011/10/17/thedivaofdelay/#comment-/" "Mozilla/5.0 (Windows NT 6.3; Win64; x64) AppleWebKit/537.36 (KHTML, like Gecko) Chrome/90.0.4430.72 Safari/537.36" "nicolesconiers.com"
37.139.53.65 - - [10/Nov/2022:08:17:54 -0800] "POST /blog/wp-comments-post.php HTTP/1.1" 302 - "http://nicolesconiers.com/blog/2011/10/17/thedivaofdelay/#comment-/" "Mozilla/5.0 (Windows NT 6.3; Win64; x64) AppleWebKit/537.36 (KHTML, like Gecko) Chrome/90.0.4430.72 Safari/537.36" "nicolesconiers.com"
37.139.53.65 - - [10/Nov/2022:08:24:35 -0800] "GET /blog/index.php/2011/10/17/thedivaofdelay/ HTTP/1.1" 200 37023 "http://nicolesconiers.com/blog/2011/10/17/thedivaofdelay/#comment-/" "Mozilla/5.0 (Windows NT 6.1; Win64; x64) AppleWebKit/537.36 (KHTML, like Gecko) Chrome/90.0.4430.93 Safari/537.36" "nicolesconiers.com"
37.139.53.65 - - [10/Nov/2022:08:24:38 -0800] "POST /blog/wp-comments-post.php HTTP/1.1" 302 - "http://nicolesconiers.com/blog/2011/10/17/thedivaofdelay/#comment-/" "Mozilla/5.0 (Windows NT 6.1; Win64; x64) AppleWebKit/537.36 (KHTML, like Gecko) Chrome/90.0.4430.93 Safari/537.36" "nicolesconiers.com"
75.26.5.105 - - [10/Nov/2022:08:25:34 -0800] "GET /blog/wp-content/uploads/2011/12/Rasheedah-image.jpg HTTP/1.1" 200 168804 "-" "Python-urllib/3.9" "nicolesconiers.com"
37.139.53.80 - - [10/Nov/2022:08:27:50 -0800] "GET /blog/index.php/2011/10/17/thedivaofdelay/ HTTP/1.1" 200 37023 "http://nicolesconiers.com/blog/2011/10/17/thedivaofdelay/#comment-/" "Mozilla/5.0 (Windows NT 6.3; Win64; x64) AppleWebKit/537.36 (KHTML, like Gecko) Chrome/90.0.4430.93 Safari/537.36" "nicolesconiers.com"
37.139.53.80 - - [10/Nov/2022:08:27:52 -0800] "POST /blog/wp-comments-post.php HTTP/1.1" 302 - "http://nicolesconiers.com/blog/2011/10/17/thedivaofdelay/#comment-/" "Mozilla/5.0 (Windows NT 6.3; Win64; x64) AppleWebKit/537.36 (KHTML, like Gecko) Chrome/90.0.4430.93 Safari/537.36" "nicolesconiers.com"
20.106.27.173 - - [10/Nov/2022:08:28:09 -0800] "GET /blog/index.php/tag/new-orleans/%5C%22http:/visit.webhosting.yahoo.com/wisit.gif%22+%22/%22+%22?%22+z+%22%5C%22 HTTP/1.1" 404 7455 "http://nicolesconiers.com/blog/tag/new-orleans/\\\"http:/visit.webhosting.yahoo.com/wisit.gif\"+\"" "Mozilla/5.0 (Macintosh; Intel Mac OS X 10_11_6) AppleWebKit/605.1.15 (KHTML, like Gecko) Version/11.1.2 Safari/605.1.15" "nicolesconiers.com"
72.14.199.175 - - [10/Nov/2022:08:29:47 -0800] "GET /blog/index.php/feed/ HTTP/1.1" 304 - "-" "FeedFetcher-Google; (+http://www.google.com/feedfetcher.html)" "nicolesconiers.com"
114.119.136.150 - - [10/Nov/2022:08:30:59 -0800] "GET /blog/index.php/2011/12/30/personal-alchemy-transmuting-dreams-into-reality/ HTTP/1.1" 200 39900 "http://nicolesconiers.com/blog/index.php/2012/03/09/taking-my-dreams-to-the-next-level" "Mozilla/5.0 (Linux; Android 7.0;) AppleWebKit/537.36 (KHTML, like Gecko) Mobile Safari/537.36 (compatible; PetalBot;+https://webmaster.petalsearch.com/site/petalbot)" "nicolesconiers.com"
140.205.69.239 - - [10/Nov/2022:08:34:21 -0800] "GET /css/static_style.css HTTP/1.1" 200 3614 "http://nicolesconiers.com/" "YisouSpider" "nicolesconiers.com"
37.139.53.80 - - [10/Nov/2022:08:34:27 -0800] "GET /blog/index.php/2011/10/17/thedivaofdelay/ HTTP/1.1" 200 37023 "http://nicolesconiers.com/blog/2011/10/17/thedivaofdelay/#comment-/" "Mozilla/5.0 (Windows NT 6.3) AppleWebKit/537.36 (KHTML, like Gecko) Chrome/90.0.4430.72 Safari/537.36" "nicolesconiers.com"
37.139.53.80 - - [10/Nov/2022:08:34:30 -0800] "POST /blog/wp-comments-post.php HTTP/1.1" 302 - "http://nicolesconiers.com/blog/2011/10/17/thedivaofdelay/#comment-/" "Mozilla/5.0 (Windows NT 6.3) AppleWebKit/537.36 (KHTML, like Gecko) Chrome/90.0.4430.72 Safari/537.36" "nicolesconiers.com"
20.106.27.173 - - [10/Nov/2022:08:39:27 -0800] "GET /blog/index.php/2012/03/17/remembering-jamiel-shaw-and-trayvon-martin/%5C%22http:/visit.webhosting.yahoo.com/wisit.gif%22+%22/%22+%22?%22+z+%22%5C%22 HTTP/1.1" 404 7455 "http://nicolesconiers.com/blog/2012/03/17/remembering-jamiel-shaw-and-trayvon-martin/\\\"http:/visit.webhosting.yahoo.com/wisit.gif\"+\"" "Mozilla/5.0 (Linux; Android 10; SM-G960U) AppleWebKit/537.36 (KHTML, like Gecko) Chrome/88.0.4324.181 Mobile Safari/537.36" "nicolesconiers.com"
37.139.53.75 - - [10/Nov/2022:08:40:38 -0800] "GET /blog/index.php/2011/10/17/thedivaofdelay/ HTTP/1.1" 200 37023 "http://nicolesconiers.com/blog/2011/10/17/thedivaofdelay/#comment-/" "Mozilla/5.0 (Windows NT 6.1; Win64; x64) AppleWebKit/537.36 (KHTML, like Gecko) Chrome/90.0.4430.85 Safari/537.36 Edg/90.0.818.49" "nicolesconiers.com"
37.139.53.75 - - [10/Nov/2022:08:40:42 -0800] "POST /blog/wp-comments-post.php HTTP/1.1" 302 - "http://nicolesconiers.com/blog/2011/10/17/thedivaofdelay/#comment-/" "Mozilla/5.0 (Windows NT 6.1; Win64; x64) AppleWebKit/537.36 (KHTML, like Gecko) Chrome/90.0.4430.85 Safari/537.36 Edg/90.0.818.49" "nicolesconiers.com"
62.210.215.118 - - [10/Nov/2022:08:53:29 -0800] "GET /blog/index.php/tag/essence-magazine/feed/ HTTP/1.1" 200 12183 "-" "Mozilla/5.0 (X11; Linux i686) AppleWebKit/537.36 (KHTML, like Gecko) Chrome/30.0.1599.66 Safari/537.36" "nicolesconiers.com"
104.167.6.224 - - [10/Nov/2022:08:56:01 -0800] "GET /blog/index.php/2011/12/01/afro-futurism-brave-new-world/ HTTP/1.1" 200 40623 "http://nicolesconiers.com/" "Mozilla/5.0 (Macintosh; Intel Mac OS X 12_5) AppleWebKit/537.36 (KHTML, like Gecko) Chrome/103.0.0.0 Safari/537.36 Vivaldi/5.3.2679.68" "nicolesconiers.com"
104.167.6.224 - - [10/Nov/2022:08:56:03 -0800] "POST /blog/wp-comments-post.php HTTP/1.1" 302 - "http://nicolesconiers.com/blog/2011/12/01/afro-futurism-brave-new-world/" "Mozilla/5.0 (Macintosh; Intel Mac OS X 12_5) AppleWebKit/537.36 (KHTML, like Gecko) Chrome/103.0.0.0 Safari/537.36 Vivaldi/5.3.2679.68" "nicolesconiers.com"
104.167.6.224 - - [10/Nov/2022:08:56:04 -0800] "GET /blog/index.php/2011/12/01/afro-futurism-brave-new-world/ HTTP/1.1" 200 40623 "http://nicolesconiers.com/blog/wp-comments-post.php" "Mozilla/5.0 (Macintosh; Intel Mac OS X 12_5) AppleWebKit/537.36 (KHTML, like Gecko) Chrome/103.0.0.0 Safari/537.36 Vivaldi/5.3.2679.68" "nicolesconiers.com"
104.167.6.224 - - [10/Nov/2022:08:56:06 -0800] "GET /blog/index.php/2011/12/01/afro-futurism-brave-new-world/ HTTP/1.1" 200 40623 "-" "Mozilla/5.0 (Macintosh; Intel Mac OS X 12_5) AppleWebKit/537.36 (KHTML, like Gecko) Chrome/103.0.0.0 Safari/537.36 Vivaldi/5.3.2679.68" "nicolesconiers.com"
37.139.53.60 - - [10/Nov/2022:08:56:30 -0800] "GET /blog/index.php/2011/10/17/thedivaofdelay/ HTTP/1.1" 200 37023 "http://nicolesconiers.com/blog/2011/10/17/thedivaofdelay/#comment-/" "Mozilla/5.0 (Windows NT 6.1; ) AppleWebKit/537.36 (KHTML, like Gecko) Chrome/90.0.4430.85 Safari/537.36" "nicolesconiers.com"
37.139.53.60 - - [10/Nov/2022:08:56:33 -0800] "POST /blog/wp-comments-post.php HTTP/1.1" 302 - "http://nicolesconiers.com/blog/2011/10/17/thedivaofdelay/#comment-/" "Mozilla/5.0 (Windows NT 6.1; ) AppleWebKit/537.36 (KHTML, like Gecko) Chrome/90.0.4430.85 Safari/537.36" "nicolesconiers.com"
23.100.232.233 - - [10/Nov/2022:08:56:59 -0800] "GET /blog/index.php/2011/11/17/time-and-persistence/ HTTP/1.1" 200 37513 "-" "Mozilla/5.0 (compatible; MSIE 9.0; Windows NT 6.1; Trident/5.0;  Trident/5.0)" "nicolesconiers.com"
23.100.232.233 - - [10/Nov/2022:08:57:00 -0800] "GET /blog/wp-content/themes/pilcrow/style.css HTTP/1.1" 200 4202 "http://nicolesconiers.com/blog/index.php/2011/11/17/time-and-persistence/" "Mozilla/5.0 (compatible; MSIE 9.0; Windows NT 6.1; Trident/5.0;  Trident/5.0)" "nicolesconiers.com"
23.100.232.233 - - [10/Nov/2022:08:57:01 -0800] "GET /blog/wp-content/plugins/wp-polls/polls-css.css?ver=2.50 HTTP/1.1" 200 738 "http://nicolesconiers.com/blog/index.php/2011/11/17/time-and-persistence/" "Mozilla/5.0 (compatible; MSIE 9.0; Windows NT 6.1; Trident/5.0;  Trident/5.0)" "nicolesconiers.com"
23.100.232.233 - - [10/Nov/2022:08:57:01 -0800] "GET /blog/wp-includes/js/comment-reply.js?ver=20090102 HTTP/1.1" 200 412 "http://nicolesconiers.com/blog/index.php/2011/11/17/time-and-persistence/" "Mozilla/5.0 (compatible; MSIE 9.0; Windows NT 6.1; Trident/5.0;  Trident/5.0)" "nicolesconiers.com"
23.100.232.233 - - [10/Nov/2022:08:57:01 -0800] "GET /blog/wp-includes/js/jquery/jquery.js?ver=1.4.2 HTTP/1.1" 200 24618 "http://nicolesconiers.com/blog/index.php/2011/11/17/time-and-persistence/" "Mozilla/5.0 (compatible; MSIE 9.0; Windows NT 6.1; Trident/5.0;  Trident/5.0)" "nicolesconiers.com"
23.100.232.233 - - [10/Nov/2022:08:57:02 -0800] "GET /blog/wp-content/plugins/wp-polls/polls-js.js?ver=2.50 HTTP/1.1" 200 644 "http://nicolesconiers.com/blog/index.php/2011/11/17/time-and-persistence/" "Mozilla/5.0 (compatible; MSIE 9.0; Windows NT 6.1; Trident/5.0;  Trident/5.0)" "nicolesconiers.com"
104.167.6.224 - - [10/Nov/2022:08:58:48 -0800] "GET /blog/index.php/2011/12/01/afro-futurism-brave-new-world/ HTTP/1.1" 200 40623 "-" "Mozilla/5.0 (Macintosh; Intel Mac OS X 12_5) AppleWebKit/537.36 (KHTML, like Gecko) Chrome/103.0.0.0 Safari/537.36" "nicolesconiers.com"
207.46.13.45 - - [10/Nov/2022:09:01:36 -0800] "GET /blog/index.php/2011/06/10/maid-to-order/ HTTP/1.1" 200 32768 "-" "Mozilla/5.0 AppleWebKit/537.36 (KHTML, like Gecko; compatible; bingbot/2.0; +http://www.bing.com/bingbot.htm) Chrome/103.0.5060.134 Safari/537.36" "nicolesconiers.com"
18.232.139.220 - - [10/Nov/2022:09:03:25 -0800] "GET /blog/index.php/feed/ HTTP/1.1" 304 - "-" "Mozilla/5.0 (compatible; FlipboardRSS/1.2; +http://flipboard.com/browserproxy)" "nicolesconiers.com"
37.139.53.70 - - [10/Nov/2022:09:05:24 -0800] "GET /blog/index.php/2011/10/17/thedivaofdelay/ HTTP/1.1" 200 37023 "http://nicolesconiers.com/blog/2011/10/17/thedivaofdelay/#comment-/" "Mozilla/5.0 (Windows NT 6.1; Win64; x64) AppleWebKit/537.36 (KHTML, like Gecko) Chrome/90.0.4430.93 Safari/537.36" "nicolesconiers.com"
37.139.53.75 - - [10/Nov/2022:09:05:24 -0800] "GET /blog/index.php/2011/10/17/thedivaofdelay/ HTTP/1.1" 200 37023 "http://nicolesconiers.com/blog/2011/10/17/thedivaofdelay/#comment-/" "Mozilla/5.0 (Windows NT 10.0) AppleWebKit/537.36 (KHTML, like Gecko) Chrome/90.0.4430.93 Safari/537.36" "nicolesconiers.com"
37.139.53.70 - - [10/Nov/2022:09:05:26 -0800] "POST /blog/wp-comments-post.php HTTP/1.1" 302 - "http://nicolesconiers.com/blog/2011/10/17/thedivaofdelay/#comment-/" "Mozilla/5.0 (Windows NT 6.1; Win64; x64) AppleWebKit/537.36 (KHTML, like Gecko) Chrome/90.0.4430.93 Safari/537.36" "nicolesconiers.com"
37.139.53.75 - - [10/Nov/2022:09:05:28 -0800] "POST /blog/wp-comments-post.php HTTP/1.1" 302 - "http://nicolesconiers.com/blog/2011/10/17/thedivaofdelay/#comment-/" "Mozilla/5.0 (Windows NT 10.0) AppleWebKit/537.36 (KHTML, like Gecko) Chrome/90.0.4430.93 Safari/537.36" "nicolesconiers.com"
140.205.107.52 - - [10/Nov/2022:09:11:04 -0800] "GET /css/effects.css?v=1.5.8c HTTP/1.1" 200 2395 "http://nicolesconiers.com/" "YisouSpider" "nicolesconiers.com"
37.139.53.60 - - [10/Nov/2022:09:12:43 -0800] "GET /blog/index.php/2011/10/17/thedivaofdelay/ HTTP/1.1" 200 37023 "http://nicolesconiers.com/blog/2011/10/17/thedivaofdelay/#comment-/" "Mozilla/5.0 (Windows NT 6.3; Win64; x64) AppleWebKit/537.36 (KHTML, like Gecko) Chrome/90.0.4430.72 Safari/537.36 Edg/90.0.818.42" "nicolesconiers.com"
37.139.53.60 - - [10/Nov/2022:09:12:46 -0800] "POST /blog/wp-comments-post.php HTTP/1.1" 302 - "http://nicolesconiers.com/blog/2011/10/17/thedivaofdelay/#comment-/" "Mozilla/5.0 (Windows NT 6.3; Win64; x64) AppleWebKit/537.36 (KHTML, like Gecko) Chrome/90.0.4430.72 Safari/537.36 Edg/90.0.818.42" "nicolesconiers.com"
104.144.45.165 - - [10/Nov/2022:09:13:44 -0800] "GET /blog/index.php/2011/07/01/the-beckyville-bookmobile-or-soul-sista-ice-cream-truck/ HTTP/1.1" 200 41455 "-" "Mozilla/5.0 (Windows NT 6.3; Win64; x64) AppleWebKit/537.36 (KHTML, like Gecko) Chrome/102.0.0.0 Safari/537.36" "nicolesconiers.com"
23.100.232.233 - - [10/Nov/2022:09:20:00 -0800] "GET /blog/index.php/2011/07/19/dealing-with-discouragement-and-other-un-divalike-behavior/ HTTP/1.1" 200 36419 "-" "Mozilla/5.0 (compatible; MSIE 9.0; Windows NT 6.1; Trident/5.0;  Trident/5.0)" "nicolesconiers.com"
23.100.232.233 - - [10/Nov/2022:09:20:03 -0800] "GET /blog/wp-content/themes/pilcrow/style.css HTTP/1.1" 200 4202 "http://nicolesconiers.com/blog/2011/07/19/dealing-with-discouragement-and-other-un-divalike-behavior/" "Mozilla/5.0 (compatible; MSIE 9.0; Windows NT 6.1; Trident/5.0;  Trident/5.0)" "nicolesconiers.com"
23.100.232.233 - - [10/Nov/2022:09:20:03 -0800] "GET /blog/wp-content/plugins/wp-polls/polls-css.css?ver=2.50 HTTP/1.1" 200 738 "http://nicolesconiers.com/blog/2011/07/19/dealing-with-discouragement-and-other-un-divalike-behavior/" "Mozilla/5.0 (compatible; MSIE 9.0; Windows NT 6.1; Trident/5.0;  Trident/5.0)" "nicolesconiers.com"
23.100.232.233 - - [10/Nov/2022:09:20:03 -0800] "GET /blog/wp-includes/js/comment-reply.js?ver=20090102 HTTP/1.1" 200 412 "http://nicolesconiers.com/blog/2011/07/19/dealing-with-discouragement-and-other-un-divalike-behavior/" "Mozilla/5.0 (compatible; MSIE 9.0; Windows NT 6.1; Trident/5.0;  Trident/5.0)" "nicolesconiers.com"
23.100.232.233 - - [10/Nov/2022:09:20:03 -0800] "GET /blog/wp-includes/js/jquery/jquery.js?ver=1.4.2 HTTP/1.1" 200 24618 "http://nicolesconiers.com/blog/2011/07/19/dealing-with-discouragement-and-other-un-divalike-behavior/" "Mozilla/5.0 (compatible; MSIE 9.0; Windows NT 6.1; Trident/5.0;  Trident/5.0)" "nicolesconiers.com"
23.100.232.233 - - [10/Nov/2022:09:20:06 -0800] "GET /blog/wp-content/plugins/wp-polls/polls-js.js?ver=2.50 HTTP/1.1" 200 644 "http://nicolesconiers.com/blog/2011/07/19/dealing-with-discouragement-and-other-un-divalike-behavior/" "Mozilla/5.0 (compatible; MSIE 9.0; Windows NT 6.1; Trident/5.0;  Trident/5.0)" "nicolesconiers.com"
37.139.53.70 - - [10/Nov/2022:09:21:04 -0800] "GET /blog/index.php/2011/10/17/thedivaofdelay/ HTTP/1.1" 200 37023 "http://nicolesconiers.com/blog/2011/10/17/thedivaofdelay/#comment-/" "Mozilla/5.0 (Windows NT 6.1) AppleWebKit/537.36 (KHTML, like Gecko) Chrome/90.0.4430.85 Safari/537.36" "nicolesconiers.com"
37.139.53.70 - - [10/Nov/2022:09:21:07 -0800] "POST /blog/wp-comments-post.php HTTP/1.1" 302 - "http://nicolesconiers.com/blog/2011/10/17/thedivaofdelay/#comment-/" "Mozilla/5.0 (Windows NT 6.1) AppleWebKit/537.36 (KHTML, like Gecko) Chrome/90.0.4430.85 Safari/537.36" "nicolesconiers.com"
37.139.53.65 - - [10/Nov/2022:09:24:10 -0800] "GET /blog/index.php/2011/10/17/thedivaofdelay/ HTTP/1.1" 200 37023 "http://nicolesconiers.com/blog/2011/10/17/thedivaofdelay/#comment-/" "Mozilla/5.0 (Windows NT 6.1; WOW64) AppleWebKit/537.36 (KHTML, like Gecko) Chrome/90.0.4430.93 Safari/537.36" "nicolesconiers.com"
37.139.53.65 - - [10/Nov/2022:09:24:14 -0800] "POST /blog/wp-comments-post.php HTTP/1.1" 302 - "http://nicolesconiers.com/blog/2011/10/17/thedivaofdelay/#comment-/" "Mozilla/5.0 (Windows NT 6.1; WOW64) AppleWebKit/537.36 (KHTML, like Gecko) Chrome/90.0.4430.93 Safari/537.36" "nicolesconiers.com"
37.139.53.80 - - [10/Nov/2022:09:28:45 -0800] "GET /blog/index.php/2011/10/17/thedivaofdelay/ HTTP/1.1" 200 37023 "http://nicolesconiers.com/blog/2011/10/17/thedivaofdelay/#comment-/" "Mozilla/5.0 (Windows NT 6.1; Win64; x64) AppleWebKit/537.36 (KHTML, like Gecko) Chrome/90.0.4430.72 Safari/537.36" "nicolesconiers.com"
37.139.53.80 - - [10/Nov/2022:09:28:47 -0800] "POST /blog/wp-comments-post.php HTTP/1.1" 302 - "http://nicolesconiers.com/blog/2011/10/17/thedivaofdelay/#comment-/" "Mozilla/5.0 (Windows NT 6.1; Win64; x64) AppleWebKit/537.36 (KHTML, like Gecko) Chrome/90.0.4430.72 Safari/537.36" "nicolesconiers.com"
37.139.53.65 - - [10/Nov/2022:09:31:31 -0800] "GET /blog/index.php/2011/10/17/thedivaofdelay/ HTTP/1.1" 200 37023 "http://nicolesconiers.com/blog/2011/10/17/thedivaofdelay/#comment-/" "Mozilla/5.0 (Windows NT 10.0; WOW64) AppleWebKit/537.36 (KHTML, like Gecko) Chrome/90.0.4430.93 Safari/537.36" "nicolesconiers.com"
37.139.53.65 - - [10/Nov/2022:09:31:34 -0800] "POST /blog/wp-comments-post.php HTTP/1.1" 302 - "http://nicolesconiers.com/blog/2011/10/17/thedivaofdelay/#comment-/" "Mozilla/5.0 (Windows NT 10.0; WOW64) AppleWebKit/537.36 (KHTML, like Gecko) Chrome/90.0.4430.93 Safari/537.36" "nicolesconiers.com"
13.67.224.12 - - [10/Nov/2022:09:33:08 -0800] "GET /blog/index.php/2011/07/07/why-i-write/%5C%22http:/visit.webhosting.yahoo.com/wisit.gif%22+%22/%22+%22?%22+z+%22%5C%22 HTTP/1.1" 404 7455 "http://nicolesconiers.com/blog/2011/07/07/why-i-write/\\\"http:/visit.webhosting.yahoo.com/wisit.gif\"+\"" "Mozilla/5.0 (X11; Linux x86_64) AppleWebKit/537.36 (KHTML, like Gecko) Chrome/74.0.3729.169 Safari/537.36" "nicolesconiers.com"
40.86.101.253 - - [10/Nov/2022:09:34:45 -0800] "GET /blog/wp-content/plugins/wordpress-hit-counter/styles/Digital/pdp/2.gif HTTP/1.1" 200 80 "http://nicolesconiers.com/blog/wp-content/plugins/wordpress-hit-counter/styles/Digital/pdp" "Mozilla/5.0 (Macintosh; Intel Mac OS X 10_11_6) AppleWebKit/605.1.15 (KHTML, like Gecko) Version/11.1.2 Safari/605.1.15" "nicolesconiers.com"
37.139.53.80 - - [10/Nov/2022:09:34:54 -0800] "GET /blog/index.php/2011/10/17/thedivaofdelay/ HTTP/1.1" 200 37023 "http://nicolesconiers.com/blog/2011/10/17/thedivaofdelay/#comment-/" "Mozilla/5.0 (Windows NT 10.0; WOW64) AppleWebKit/537.36 (KHTML, like Gecko) Chrome/90.0.4430.85 Safari/537.36" "nicolesconiers.com"
37.139.53.80 - - [10/Nov/2022:09:34:56 -0800] "POST /blog/wp-comments-post.php HTTP/1.1" 302 - "http://nicolesconiers.com/blog/2011/10/17/thedivaofdelay/#comment-/" "Mozilla/5.0 (Windows NT 10.0; WOW64) AppleWebKit/537.36 (KHTML, like Gecko) Chrome/90.0.4430.85 Safari/537.36" "nicolesconiers.com"
40.122.195.128 - - [10/Nov/2022:09:36:54 -0800] "GET /blog/index.php/2011/12/07/the-beckyville-chronicles-returning-home-2/%5C%22http:/visit.webhosting.yahoo.com/wisit.gif%22+%22/%22+%22?%22+z+%22%5C%22 HTTP/1.1" 404 7455 "http://nicolesconiers.com/blog/2011/12/07/the-beckyville-chronicles-returning-home-2/\\\"http:/visit.webhosting.yahoo.com/wisit.gif\"+\"" "Mozilla/5.0 (X11; Linux x86_64) AppleWebKit/537.36 (KHTML, like Gecko) Chrome/74.0.3729.169 Safari/537.36" "nicolesconiers.com"
51.222.253.3 - - [10/Nov/2022:09:38:06 -0800] "GET /blog/index.php/category/beckyville/page/2/ HTTP/1.1" 200 41215 "-" "Mozilla/5.0 (compatible; AhrefsBot/7.0; +http://ahrefs.com/robot/)" "nicolesconiers.com"
37.139.53.75 - - [10/Nov/2022:09:41:25 -0800] "GET /blog/index.php/2011/10/17/thedivaofdelay/ HTTP/1.1" 200 37023 "http://nicolesconiers.com/blog/2011/10/17/thedivaofdelay/#comment-/" "Mozilla/5.0 (Windows NT 6.3; Win64; x64) AppleWebKit/537.36 (KHTML, like Gecko) Chrome/90.0.4430.72 Safari/537.36" "nicolesconiers.com"
37.139.53.75 - - [10/Nov/2022:09:41:28 -0800] "POST /blog/wp-comments-post.php HTTP/1.1" 302 - "http://nicolesconiers.com/blog/2011/10/17/thedivaofdelay/#comment-/" "Mozilla/5.0 (Windows NT 6.3; Win64; x64) AppleWebKit/537.36 (KHTML, like Gecko) Chrome/90.0.4430.72 Safari/537.36" "nicolesconiers.com"
54.39.18.217 - - [10/Nov/2022:09:42:11 -0800] "GET /blog/index.php/2011/10/17/thedivaofdelay/ HTTP/1.1" 200 37023 "http://nicolesconiers.com/blog/2011/10/17/thedivaofdelay/" "Mozilla/5.0 (Windows NT 10.0; Win64; x64) AppleWebKit/537.36 (KHTML, like Gecko) Chrome/90.0.4430.85 Safari/537.36" "nicolesconiers.com"
54.39.18.217 - - [10/Nov/2022:09:42:14 -0800] "POST /blog/wp-comments-post.php HTTP/1.1" 302 - "http://nicolesconiers.com/blog/2011/10/17/thedivaofdelay/" "Mozilla/5.0 (Windows NT 10.0; Win64; x64) AppleWebKit/537.36 (KHTML, like Gecko) Chrome/90.0.4430.85 Safari/537.36" "nicolesconiers.com"
54.39.18.217 - - [10/Nov/2022:09:42:16 -0800] "GET /blog/index.php/2011/10/17/thedivaofdelay/ HTTP/1.1" 200 37023 "http://nicolesconiers.com/blog/2011/10/17/thedivaofdelay/#comment-" "Mozilla/5.0 (Windows NT 10.0; Win64; x64) AppleWebKit/537.36 (KHTML, like Gecko) Chrome/90.0.4430.85 Safari/537.36" "nicolesconiers.com"
182.162.90.116 - - [10/Nov/2022:09:47:01 -0800] "POST /blog/index.php HTTP/1.1" 200 153350 "-" "Mozilla/5.0 (Windows NT 6.0; Win64; x64) AppleWebKit/537.36 (KHTML, like Gecko) Chrome/65.0.3152.119 Safari/537.36" "nicolesconiers.com"
