161.123.150.62 - - [10/Nov/2022:09:48:35 -0800] "GET /blog/index.php/2011/10/17/thedivaofdelay/ HTTP/1.1" 200 37023 "http://nicolesconiers.com/blog/2011/10/17/thedivaofdelay/" "Mozilla/5.0 (Windows NT 6.3; Win64; x64) AppleWebKit/537.36 (KHTML, like Gecko) Chrome/90.0.4430.85 Safari/537.36 Edg/90.0.818.46" "nicolesconiers.com"
161.123.150.62 - - [10/Nov/2022:09:48:37 -0800] "GET /blog/index.php/2017/03/20/1098/ HTTP/1.1" 200 30491 "http://nicolesconiers.com/blog/2017/03/20/1098/" "Mozilla/5.0 (Windows NT 6.3; Win64; x64) AppleWebKit/537.36 (KHTML, like Gecko) Chrome/90.0.4430.85 Safari/537.36 Edg/90.0.818.46" "nicolesconiers.com"
161.123.150.62 - - [10/Nov/2022:09:48:39 -0800] "GET /blog/index.php/2011/06/01/dreamsandchildlikefaith/ HTTP/1.1" 200 36732 "http://nicolesconiers.com/blog/2011/06/01/dreamsandchildlikefaith/" "Mozilla/5.0 (Windows NT 6.3; Win64; x64) AppleWebKit/537.36 (KHTML, like Gecko) Chrome/90.0.4430.85 Safari/537.36 Edg/90.0.818.46" "nicolesconiers.com"
161.123.150.62 - - [10/Nov/2022:09:48:42 -0800] "GET /blog/index.php/2011/06/04/32/ HTTP/1.1" 200 32568 "http://nicolesconiers.com/blog/2011/06/04/32/" "Mozilla/5.0 (Windows NT 6.3; Win64; x64) AppleWebKit/537.36 (KHTML, like Gecko) Chrome/90.0.4430.85 Safari/537.36 Edg/90.0.818.46" "nicolesconiers.com"
161.123.150.62 - - [10/Nov/2022:09:48:43 -0800] "GET /blog/index.php/2011/06/08/wiggin-out/ HTTP/1.1" 200 32392 "http://nicolesconiers.com/blog/2011/06/08/wiggin-out/" "Mozilla/5.0 (Windows NT 6.3; Win64; x64) AppleWebKit/537.36 (KHTML, like Gecko) Chrome/90.0.4430.85 Safari/537.36 Edg/90.0.818.46" "nicolesconiers.com"
161.123.150.62 - - [10/Nov/2022:09:48:44 -0800] "GET /blog/index.php/about/ HTTP/1.1" 200 27607 "http://nicolesconiers.com/blog/about/" "Mozilla/5.0 (Windows NT 6.3; Win64; x64) AppleWebKit/537.36 (KHTML, like Gecko) Chrome/90.0.4430.85 Safari/537.36 Edg/90.0.818.46" "nicolesconiers.com"
161.123.150.62 - - [10/Nov/2022:09:48:46 -0800] "GET /blog/index.php/press/ HTTP/1.1" 200 30875 "http://nicolesconiers.com/blog/press/" "Mozilla/5.0 (Windows NT 6.3; Win64; x64) AppleWebKit/537.36 (KHTML, like Gecko) Chrome/90.0.4430.85 Safari/537.36 Edg/90.0.818.46" "nicolesconiers.com"
60.188.11.6 - - [10/Nov/2022:09:50:01 -0800] "GET /css/fonts.css?v=1.5.8c HTTP/1.1" 200 1538 "http://nicolesconiers.com/" "YisouSpider" "nicolesconiers.com"
154.47.29.71 - - [10/Nov/2022:09:50:58 -0800] "GET /blog/index.php/2011/10/17/thedivaofdelay/ HTTP/1.1" 200 37023 "http://nicolesconiers.com/blog/2011/10/17/thedivaofdelay/" "Mozilla/5.0 (Windows NT 10.0) AppleWebKit/537.36 (KHTML, like Gecko) Chrome/90.0.4430.93 Safari/537.36" "nicolesconiers.com"
154.47.29.71 - - [10/Nov/2022:09:51:01 -0800] "POST /blog/wp-comments-post.php HTTP/1.1" 302 - "http://nicolesconiers.com/blog/2011/10/17/thedivaofdelay/" "Mozilla/5.0 (Windows NT 10.0) AppleWebKit/537.36 (KHTML, like Gecko) Chrome/90.0.4430.93 Safari/537.36" "nicolesconiers.com"
154.47.29.71 - - [10/Nov/2022:09:51:03 -0800] "GET /blog/index.php/2011/10/17/thedivaofdelay/ HTTP/1.1" 200 37023 "http://nicolesconiers.com/blog/2011/10/17/thedivaofdelay/#comment-" "Mozilla/5.0 (Windows NT 10.0) AppleWebKit/537.36 (KHTML, like Gecko) Chrome/90.0.4430.93 Safari/537.36" "nicolesconiers.com"
37.139.53.60 - - [10/Nov/2022:10:02:59 -0800] "GET /blog/index.php/2011/10/17/thedivaofdelay/ HTTP/1.1" 200 37023 "http://nicolesconiers.com/blog/2011/10/17/thedivaofdelay/#comment-/" "Mozilla/5.0 (Windows NT 10.0; Win64; x64) AppleWebKit/537.36 (KHTML, like Gecko) Chrome/90.0.4430.72 Safari/537.36" "nicolesconiers.com"
37.139.53.60 - - [10/Nov/2022:10:03:09 -0800] "POST /blog/wp-comments-post.php HTTP/1.1" 302 - "http://nicolesconiers.com/blog/2011/10/17/thedivaofdelay/#comment-/" "Mozilla/5.0 (Windows NT 10.0; Win64; x64) AppleWebKit/537.36 (KHTML, like Gecko) Chrome/90.0.4430.72 Safari/537.36" "nicolesconiers.com"
20.109.241.82 - - [10/Nov/2022:10:04:44 -0800] "GET /blog/wp-content/uploads/2011/10/Good-Hair011-238x300.jpg HTTP/1.1" 200 18576 "http://nicolesconiers.com/blog/wp-content/uploads/2011/10" "Mozilla/5.0 (Macintosh; Intel Mac OS X 10_11_6) AppleWebKit/605.1.15 (KHTML, like Gecko) Version/11.1.2 Safari/605.1.15" "nicolesconiers.com"
37.139.53.75 - - [10/Nov/2022:10:06:57 -0800] "GET /blog/index.php/2011/10/17/thedivaofdelay/ HTTP/1.1" 200 37023 "http://nicolesconiers.com/blog/2011/10/17/thedivaofdelay/#comment-/" "Mozilla/5.0 (Windows NT 6.1) AppleWebKit/537.36 (KHTML, like Gecko) Chrome/90.0.4430.85 Safari/537.36" "nicolesconiers.com"
37.139.53.75 - - [10/Nov/2022:10:07:01 -0800] "POST /blog/wp-comments-post.php HTTP/1.1" 302 - "http://nicolesconiers.com/blog/2011/10/17/thedivaofdelay/#comment-/" "Mozilla/5.0 (Windows NT 6.1) AppleWebKit/537.36 (KHTML, like Gecko) Chrome/90.0.4430.85 Safari/537.36" "nicolesconiers.com"
194.169.217.97 - - [10/Nov/2022:10:11:11 -0800] "GET /blog/index.php/2011/10/17/thedivaofdelay/ HTTP/1.1" 200 37023 "-" "Mozilla/5.0 (Windows NT 6.3; Win64; x64) AppleWebKit/537.36 (KHTML, like Gecko) Chrome/75.0.3770.100 Safari/537.36" "nicolesconiers.com"
37.139.53.70 - - [10/Nov/2022:10:11:41 -0800] "GET /blog/index.php/2011/10/17/thedivaofdelay/ HTTP/1.1" 200 37023 "http://nicolesconiers.com/blog/2011/10/17/thedivaofdelay/#comment-/" "Mozilla/5.0 (Windows NT 6.1; ) AppleWebKit/537.36 (KHTML, like Gecko) Chrome/90.0.4430.72 Safari/537.36" "nicolesconiers.com"
37.139.53.70 - - [10/Nov/2022:10:11:43 -0800] "POST /blog/wp-comments-post.php HTTP/1.1" 302 - "http://nicolesconiers.com/blog/2011/10/17/thedivaofdelay/#comment-/" "Mozilla/5.0 (Windows NT 6.1; ) AppleWebKit/537.36 (KHTML, like Gecko) Chrome/90.0.4430.72 Safari/537.36" "nicolesconiers.com"
37.139.53.60 - - [10/Nov/2022:10:19:49 -0800] "GET /blog/index.php/2011/10/17/thedivaofdelay/ HTTP/1.1" 200 37023 "http://nicolesconiers.com/blog/2011/10/17/thedivaofdelay/#comment-/" "Mozilla/5.0 (Windows NT 6.2; Win64; x64) AppleWebKit/537.36 (KHTML, like Gecko) Chrome/90.0.4430.72 Safari/537.36" "nicolesconiers.com"
37.139.53.60 - - [10/Nov/2022:10:19:55 -0800] "POST /blog/wp-comments-post.php HTTP/1.1" 302 - "http://nicolesconiers.com/blog/2011/10/17/thedivaofdelay/#comment-/" "Mozilla/5.0 (Windows NT 6.2; Win64; x64) AppleWebKit/537.36 (KHTML, like Gecko) Chrome/90.0.4430.72 Safari/537.36" "nicolesconiers.com"
54.39.18.217 - - [10/Nov/2022:10:20:45 -0800] "GET /blog/index.php/2011/10/17/thedivaofdelay/ HTTP/1.1" 200 37023 "http://nicolesconiers.com/blog/2011/10/17/thedivaofdelay/" "Mozilla/5.0 (Windows NT 6.1) AppleWebKit/537.36 (KHTML, like Gecko) Chrome/90.0.4430.85 Safari/537.36" "nicolesconiers.com"
54.39.18.217 - - [10/Nov/2022:10:20:56 -0800] "POST /blog/wp-comments-post.php HTTP/1.1" 302 - "http://nicolesconiers.com/blog/2011/10/17/thedivaofdelay/" "Mozilla/5.0 (Windows NT 6.1) AppleWebKit/537.36 (KHTML, like Gecko) Chrome/90.0.4430.85 Safari/537.36" "nicolesconiers.com"
54.39.18.217 - - [10/Nov/2022:10:20:57 -0800] "GET /blog/index.php/2011/10/17/thedivaofdelay/ HTTP/1.1" 200 37023 "http://nicolesconiers.com/blog/2011/10/17/thedivaofdelay/#comment-" "Mozilla/5.0 (Windows NT 6.1) AppleWebKit/537.36 (KHTML, like Gecko) Chrome/90.0.4430.85 Safari/537.36" "nicolesconiers.com"
54.36.149.16 - - [10/Nov/2022:10:21:24 -0800] "GET /robots.txt HTTP/1.1" 200 44 "-" "Mozilla/5.0 (compatible; AhrefsBot/7.0; +http://ahrefs.com/robot/)" "nicolesconiers.com"
51.222.253.15 - - [10/Nov/2022:10:21:26 -0800] "GET /blog/index.php/2011/08/18/the-beckyville-chronicles-down-and-out-in-new-orleans/ HTTP/1.1" 200 41187 "-" "Mozilla/5.0 (compatible; AhrefsBot/7.0; +http://ahrefs.com/robot/)" "nicolesconiers.com"
72.14.199.175 - - [10/Nov/2022:10:23:35 -0800] "GET /blog/index.php/feed/ HTTP/1.1" 304 - "-" "FeedFetcher-Google; (+http://www.google.com/feedfetcher.html)" "nicolesconiers.com"
37.139.53.70 - - [10/Nov/2022:10:26:48 -0800] "GET /blog/index.php/2011/10/17/thedivaofdelay/ HTTP/1.1" 200 37023 "http://nicolesconiers.com/blog/2011/10/17/thedivaofdelay/#comment-/" "Mozilla/5.0 (Windows NT 6.3; Win64; x64) AppleWebKit/537.36 (KHTML, like Gecko) Chrome/90.0.4430.93 Safari/537.36" "nicolesconiers.com"
37.139.53.70 - - [10/Nov/2022:10:26:52 -0800] "POST /blog/wp-comments-post.php HTTP/1.1" 302 - "http://nicolesconiers.com/blog/2011/10/17/thedivaofdelay/#comment-/" "Mozilla/5.0 (Windows NT 6.3; Win64; x64) AppleWebKit/537.36 (KHTML, like Gecko) Chrome/90.0.4430.93 Safari/537.36" "nicolesconiers.com"
37.139.53.65 - - [10/Nov/2022:10:30:17 -0800] "GET /blog/index.php/2011/10/17/thedivaofdelay/ HTTP/1.1" 200 37023 "http://nicolesconiers.com/blog/2011/10/17/thedivaofdelay/#comment-/" "Mozilla/5.0 (Windows NT 10.0; Win64; x64) AppleWebKit/537.36 (KHTML, like Gecko) Chrome/90.0.4430.85 Safari/537.36 Edg/90.0.818.49" "nicolesconiers.com"
37.139.53.65 - - [10/Nov/2022:10:30:19 -0800] "POST /blog/wp-comments-post.php HTTP/1.1" 302 - "http://nicolesconiers.com/blog/2011/10/17/thedivaofdelay/#comment-/" "Mozilla/5.0 (Windows NT 10.0; Win64; x64) AppleWebKit/537.36 (KHTML, like Gecko) Chrome/90.0.4430.85 Safari/537.36 Edg/90.0.818.49" "nicolesconiers.com"
37.139.53.80 - - [10/Nov/2022:10:30:36 -0800] "GET /blog/index.php/2011/10/17/thedivaofdelay/ HTTP/1.1" 200 37023 "http://nicolesconiers.com/blog/2011/10/17/thedivaofdelay/#comment-/" "Mozilla/5.0 (Windows NT 10.0; Win64; x64) AppleWebKit/537.36 (KHTML, like Gecko) Chrome/90.0.4430.85 Safari/537.36" "nicolesconiers.com"
37.139.53.80 - - [10/Nov/2022:10:30:39 -0800] "POST /blog/wp-comments-post.php HTTP/1.1" 302 - "http://nicolesconiers.com/blog/2011/10/17/thedivaofdelay/#comment-/" "Mozilla/5.0 (Windows NT 10.0; Win64; x64) AppleWebKit/537.36 (KHTML, like Gecko) Chrome/90.0.4430.85 Safari/537.36" "nicolesconiers.com"
72.14.199.161 - - [10/Nov/2022:10:31:08 -0800] "GET /blog/index.php/feed/ HTTP/1.1" 304 - "-" "FeedFetcher-Google; (+http://www.google.com/feedfetcher.html)" "nicolesconiers.com"
119.76.140.83 - - [10/Nov/2022:10:35:27 -0800] "GET /blog/index.php/2017/03/20/1098/ HTTP/1.1" 200 30491 "http://nicolesconiers.com/blog/2017/03/20/1098/#comment-/" "Mozilla/5.0 (Windows NT 10.0) AppleWebKit/537.36 (KHTML, like Gecko) Chrome/90.0.4430.72 Safari/537.36" "nicolesconiers.com"
119.76.140.83 - - [10/Nov/2022:10:35:31 -0800] "POST /blog/wp-comments-post.php HTTP/1.1" 302 - "http://nicolesconiers.com/blog/2017/03/20/1098/#comment-/" "Mozilla/5.0 (Windows NT 10.0) AppleWebKit/537.36 (KHTML, like Gecko) Chrome/90.0.4430.72 Safari/537.36" "nicolesconiers.com"
119.76.140.83 - - [10/Nov/2022:10:35:34 -0800] "GET /blog/index.php/2017/03/20/1098/ HTTP/1.1" 200 30491 "http://nicolesconiers.com/blog/2017/03/20/1098/#comment-" "Mozilla/5.0 (Windows NT 10.0) AppleWebKit/537.36 (KHTML, like Gecko) Chrome/90.0.4430.72 Safari/537.36" "nicolesconiers.com"
37.139.53.80 - - [10/Nov/2022:10:35:48 -0800] "GET /blog/index.php/2011/10/17/thedivaofdelay/ HTTP/1.1" 200 37023 "http://nicolesconiers.com/blog/2011/10/17/thedivaofdelay/#comment-/" "Mozilla/5.0 (Windows NT 6.3; Win64; x64) AppleWebKit/537.36 (KHTML, like Gecko) Chrome/90.0.4430.85 Safari/537.36 Edg/90.0.818.46" "nicolesconiers.com"
37.139.53.80 - - [10/Nov/2022:10:35:52 -0800] "POST /blog/wp-comments-post.php HTTP/1.1" 302 - "http://nicolesconiers.com/blog/2011/10/17/thedivaofdelay/#comment-/" "Mozilla/5.0 (Windows NT 6.3; Win64; x64) AppleWebKit/537.36 (KHTML, like Gecko) Chrome/90.0.4430.85 Safari/537.36 Edg/90.0.818.46" "nicolesconiers.com"
37.139.53.65 - - [10/Nov/2022:10:37:35 -0800] "GET /blog/index.php/2011/10/17/thedivaofdelay/ HTTP/1.1" 200 37023 "http://nicolesconiers.com/blog/2011/10/17/thedivaofdelay/#comment-/" "Mozilla/5.0 (Windows NT 10.0; Win64; x64) AppleWebKit/537.36 (KHTML, like Gecko) Chrome/90.0.4430.86 Safari/537.36" "nicolesconiers.com"
37.139.53.65 - - [10/Nov/2022:10:37:37 -0800] "POST /blog/wp-comments-post.php HTTP/1.1" 302 - "http://nicolesconiers.com/blog/2011/10/17/thedivaofdelay/#comment-/" "Mozilla/5.0 (Windows NT 10.0; Win64; x64) AppleWebKit/537.36 (KHTML, like Gecko) Chrome/90.0.4430.86 Safari/537.36" "nicolesconiers.com"
17.121.115.100 - - [10/Nov/2022:10:38:04 -0800] "GET /blog/index.php/read-an-excerpt/ HTTP/1.1" 200 45968 "-" "Mozilla/5.0 (Macintosh; Intel Mac OS X 10_15_5) AppleWebKit/605.1.15 (KHTML, like Gecko) Version/13.1.1 Safari/605.1.15 (Applebot/0.1; +http://www.apple.com/go/applebot)" "nicolesconiers.com"
105.213.120.66 - - [10/Nov/2022:10:38:29 -0800] "GET /blog/index.php/2017/03/20/1098/ HTTP/1.1" 200 30491 "http://nicolesconiers.com/blog/2017/03/20/1098/#comment-/" "Mozilla/5.0 (Windows NT 10.0) AppleWebKit/537.36 (KHTML, like Gecko) Chrome/90.0.4430.93 Safari/537.36" "nicolesconiers.com"
105.213.120.66 - - [10/Nov/2022:10:38:33 -0800] "POST /blog/wp-comments-post.php HTTP/1.1" 302 - "http://nicolesconiers.com/blog/2017/03/20/1098/#comment-/" "Mozilla/5.0 (Windows NT 10.0) AppleWebKit/537.36 (KHTML, like Gecko) Chrome/90.0.4430.93 Safari/537.36" "nicolesconiers.com"
105.213.120.66 - - [10/Nov/2022:10:38:35 -0800] "GET /blog/index.php/2017/03/20/1098/ HTTP/1.1" 200 30491 "http://nicolesconiers.com/blog/2017/03/20/1098/#comment-" "Mozilla/5.0 (Windows NT 10.0) AppleWebKit/537.36 (KHTML, like Gecko) Chrome/90.0.4430.93 Safari/537.36" "nicolesconiers.com"
37.139.53.75 - - [10/Nov/2022:10:42:47 -0800] "GET /blog/index.php/2011/10/17/thedivaofdelay/ HTTP/1.1" 200 37023 "http://nicolesconiers.com/blog/2011/10/17/thedivaofdelay/#comment-/" "Mozilla/5.0 (Windows NT 10.0) AppleWebKit/537.36 (KHTML, like Gecko) Chrome/90.0.4430.85 Safari/537.36 Edg/90.0.818.46" "nicolesconiers.com"
37.139.53.75 - - [10/Nov/2022:10:42:51 -0800] "POST /blog/wp-comments-post.php HTTP/1.1" 302 - "http://nicolesconiers.com/blog/2011/10/17/thedivaofdelay/#comment-/" "Mozilla/5.0 (Windows NT 10.0) AppleWebKit/537.36 (KHTML, like Gecko) Chrome/90.0.4430.85 Safari/537.36 Edg/90.0.818.46" "nicolesconiers.com"
66.249.79.41 - - [10/Nov/2022:10:46:19 -0800] "GET /blog/wp-content/uploads/2012/03/Jamiel-pic-300x292.jpg HTTP/1.1" 200 29168 "-" "Googlebot-Image/1.0" "nicolesconiers.com"
62.210.215.118 - - [10/Nov/2022:10:46:19 -0800] "GET /blog/index.php/tag/thingsyoushouldknowaboutme/feed/ HTTP/1.1" 200 16956 "-" "Mozilla/5.0 (X11; Linux i686) AppleWebKit/537.36 (KHTML, like Gecko) Chrome/30.0.1599.66 Safari/537.36" "nicolesconiers.com"
104.29.50.18 - - [10/Nov/2022:10:47:37 -0800] "GET /blog/index.php/2017/03/20/1098/ HTTP/1.1" 200 30491 "http://nicolesconiers.com/blog/2017/03/20/1098/#comment-/" "Mozilla/5.0 (Windows NT 6.1) AppleWebKit/537.36 (KHTML, like Gecko) Chrome/90.0.4430.93 Safari/537.36" "nicolesconiers.com"
104.29.50.18 - - [10/Nov/2022:10:47:52 -0800] "POST /blog/wp-comments-post.php HTTP/1.1" 302 - "http://nicolesconiers.com/blog/2017/03/20/1098/#comment-/" "Mozilla/5.0 (Windows NT 6.1) AppleWebKit/537.36 (KHTML, like Gecko) Chrome/90.0.4430.93 Safari/537.36" "nicolesconiers.com"
40.86.101.254 - - [10/Nov/2022:10:48:08 -0800] "GET /blog/index.php/tag/entertainment-2/%5C%22http:/visit.webhosting.yahoo.com/wisit.gif%22+%22/%22+%22?%22+z+%22%5C%22 HTTP/1.1" 404 7455 "http://nicolesconiers.com/blog/tag/entertainment-2/\\\"http:/visit.webhosting.yahoo.com/wisit.gif\"+\"" "Mozilla/5.0 (Windows NT 10.0; Win64; x64) AppleWebKit/537.36 (KHTML, like Gecko) Chrome/74.0.3729.157 Safari/537.36" "nicolesconiers.com"
51.222.253.8 - - [10/Nov/2022:10:51:04 -0800] "GET /blog/index.php/2011/06/01/dreamsandchildlikefaith/ HTTP/1.1" 200 36779 "-" "Mozilla/5.0 (compatible; AhrefsBot/7.0; +http://ahrefs.com/robot/)" "nicolesconiers.com"
66.249.79.62 - - [10/Nov/2022:10:55:55 -0800] "GET /blog/wp-content/uploads/2012/02/new-logo-218x300.jpg HTTP/1.1" 200 14346 "-" "Googlebot-Image/1.0" "nicolesconiers.com"
51.75.126.150 - - [10/Nov/2022:10:58:00 -0800] "GET /blog/index.php/2017/03/20/1098/ HTTP/1.1" 200 30491 "http://nicolesconiers.com/blog/2017/03/20/1098/#comment-/" "Mozilla/5.0 (Windows NT 6.1; Win64; x64) AppleWebKit/537.36 (KHTML, like Gecko) Chrome/90.0.4430.85 Safari/537.36" "nicolesconiers.com"
51.75.126.150 - - [10/Nov/2022:10:58:09 -0800] "POST /blog/wp-comments-post.php HTTP/1.1" 302 - "http://nicolesconiers.com/blog/2017/03/20/1098/#comment-/" "Mozilla/5.0 (Windows NT 6.1; Win64; x64) AppleWebKit/537.36 (KHTML, like Gecko) Chrome/90.0.4430.85 Safari/537.36" "nicolesconiers.com"
51.75.126.150 - - [10/Nov/2022:10:58:23 -0800] "GET /blog/index.php/2017/03/20/1098/ HTTP/1.1" 200 30491 "http://nicolesconiers.com/blog/2017/03/20/1098/#comment-" "Mozilla/5.0 (Windows NT 6.1; Win64; x64) AppleWebKit/537.36 (KHTML, like Gecko) Chrome/90.0.4430.85 Safari/537.36" "nicolesconiers.com"
51.222.253.2 - - [10/Nov/2022:11:00:14 -0800] "GET /blog/index.php/2011/06/20/clones-and-dysfunctional-divas/ HTTP/1.1" 200 34651 "-" "Mozilla/5.0 (compatible; AhrefsBot/7.0; +http://ahrefs.com/robot/)" "nicolesconiers.com"
185.35.202.222 - - [10/Nov/2022:11:05:09 -0800] "GET /blog/index.php/2011/10/17/thedivaofdelay/ HTTP/1.1" 200 37023 "http://nicolesconiers.com/blog/2011/10/17/thedivaofdelay/" "Mozilla/5.0 (Windows NT 6.1) AppleWebKit/537.36 (KHTML, like Gecko) Chrome/90.0.4430.85 Safari/537.36" "nicolesconiers.com"
185.35.202.222 - - [10/Nov/2022:11:05:12 -0800] "POST /blog/wp-comments-post.php HTTP/1.1" 302 - "http://nicolesconiers.com/blog/2011/10/17/thedivaofdelay/" "Mozilla/5.0 (Windows NT 6.1) AppleWebKit/537.36 (KHTML, like Gecko) Chrome/90.0.4430.85 Safari/537.36" "nicolesconiers.com"
185.35.202.222 - - [10/Nov/2022:11:05:15 -0800] "GET /blog/index.php/2011/10/17/thedivaofdelay/ HTTP/1.1" 200 37023 "http://nicolesconiers.com/blog/2011/10/17/thedivaofdelay/#comment-" "Mozilla/5.0 (Windows NT 6.1) AppleWebKit/537.36 (KHTML, like Gecko) Chrome/90.0.4430.85 Safari/537.36" "nicolesconiers.com"
185.35.202.222 - - [10/Nov/2022:11:05:22 -0800] "GET /blog/index.php/2011/10/17/thedivaofdelay/ HTTP/1.1" 200 37023 "http://nicolesconiers.com/blog/2011/10/17/thedivaofdelay/#comment-" "Mozilla/5.0 (Windows NT 6.1) AppleWebKit/537.36 (KHTML, like Gecko) Chrome/90.0.4430.85 Safari/537.36" "nicolesconiers.com"
185.35.202.222 - - [10/Nov/2022:11:05:24 -0800] "GET /blog/ HTTP/1.1" 200 153350 "http://nicolesconiers.com/blog/" "Mozilla/5.0 (Windows NT 6.1) AppleWebKit/537.36 (KHTML, like Gecko) Chrome/90.0.4430.85 Safari/537.36" "nicolesconiers.com"
101.51.185.54 - - [10/Nov/2022:11:06:13 -0800] "GET /blog/index.php/2017/03/20/1098/ HTTP/1.1" 200 30491 "http://nicolesconiers.com/blog/2017/03/20/1098/#comment-/" "Mozilla/5.0 (Windows NT 6.1; Win64; x64) AppleWebKit/537.36 (KHTML, like Gecko) Chrome/90.0.4430.72 Safari/537.36" "nicolesconiers.com"
101.51.185.54 - - [10/Nov/2022:11:06:36 -0800] "POST /blog/wp-comments-post.php HTTP/1.1" 302 - "http://nicolesconiers.com/blog/2017/03/20/1098/#comment-/" "Mozilla/5.0 (Windows NT 6.1; Win64; x64) AppleWebKit/537.36 (KHTML, like Gecko) Chrome/90.0.4430.72 Safari/537.36" "nicolesconiers.com"
37.139.53.75 - - [10/Nov/2022:11:08:45 -0800] "GET /blog/index.php/2011/10/17/thedivaofdelay/ HTTP/1.1" 200 37023 "http://nicolesconiers.com/blog/2011/10/17/thedivaofdelay/#comment-/" "Mozilla/5.0 (Windows NT 10.0; WOW64) AppleWebKit/537.36 (KHTML, like Gecko) Chrome/90.0.4400.8 Safari/537.36" "nicolesconiers.com"
37.139.53.75 - - [10/Nov/2022:11:08:47 -0800] "POST /blog/wp-comments-post.php HTTP/1.1" 302 - "http://nicolesconiers.com/blog/2011/10/17/thedivaofdelay/#comment-/" "Mozilla/5.0 (Windows NT 10.0; WOW64) AppleWebKit/537.36 (KHTML, like Gecko) Chrome/90.0.4400.8 Safari/537.36" "nicolesconiers.com"
37.139.53.60 - - [10/Nov/2022:11:10:00 -0800] "GET /blog/index.php/2011/10/17/thedivaofdelay/ HTTP/1.1" 200 37023 "http://nicolesconiers.com/blog/2011/10/17/thedivaofdelay/#comment-/" "Mozilla/5.0 (Windows NT 10.0; Win64; x64) AppleWebKit/537.36 (KHTML, like Gecko) Chrome/90.0.4430.93 Safari/537.36" "nicolesconiers.com"
37.139.53.60 - - [10/Nov/2022:11:10:03 -0800] "POST /blog/wp-comments-post.php HTTP/1.1" 302 - "http://nicolesconiers.com/blog/2011/10/17/thedivaofdelay/#comment-/" "Mozilla/5.0 (Windows NT 10.0; Win64; x64) AppleWebKit/537.36 (KHTML, like Gecko) Chrome/90.0.4430.93 Safari/537.36" "nicolesconiers.com"
49.86.179.125 - - [10/Nov/2022:11:11:51 -0800] "GET /blog/index.php/2017/03/20/1098/ HTTP/1.1" 200 30491 "http://nicolesconiers.com/blog/2017/03/20/1098/#comment-/" "Mozilla/5.0 (Windows NT 6.2; Win64; x64) AppleWebKit/537.36 (KHTML, like Gecko) Chrome/90.0.4430.72 Safari/537.36" "nicolesconiers.com"
49.86.179.125 - - [10/Nov/2022:11:11:59 -0800] "POST /blog/wp-comments-post.php HTTP/1.1" 302 - "http://nicolesconiers.com/blog/2017/03/20/1098/#comment-/" "Mozilla/5.0 (Windows NT 6.2; Win64; x64) AppleWebKit/537.36 (KHTML, like Gecko) Chrome/90.0.4430.72 Safari/537.36" "nicolesconiers.com"
49.86.179.125 - - [10/Nov/2022:11:12:01 -0800] "GET /blog/index.php/2017/03/20/1098/ HTTP/1.1" 200 30491 "http://nicolesconiers.com/blog/2017/03/20/1098/#comment-" "Mozilla/5.0 (Windows NT 6.2; Win64; x64) AppleWebKit/537.36 (KHTML, like Gecko) Chrome/90.0.4430.72 Safari/537.36" "nicolesconiers.com"
5.255.253.172 - - [10/Nov/2022:11:12:51 -0800] "GET /robots.txt HTTP/1.1" 200 24 "-" "Mozilla/5.0 (compatible; YandexBot/3.0; +http://yandex.com/bots)" "www.nicolesconiers.com"
5.45.207.92 - - [10/Nov/2022:11:12:51 -0800] "GET /robots.txt HTTP/1.1" 200 24 "-" "Mozilla/5.0 (compatible; YandexBot/3.0; +http://yandex.com/bots)" "nicolesconiers.com"
87.250.224.114 - - [10/Nov/2022:11:12:52 -0800] "GET /robots.txt HTTP/1.1" 200 24 "-" "Mozilla/5.0 (compatible; YandexBot/3.0; +http://yandex.com/bots)" "www.nicolesconiers.com"
5.255.253.105 - - [10/Nov/2022:11:12:55 -0800] "GET / HTTP/1.1" 200 20039 "-" "Mozilla/5.0 (compatible; YandexBot/3.0; +http://yandex.com/bots)" "www.nicolesconiers.com"
5.255.253.105 - - [10/Nov/2022:11:12:56 -0800] "GET / HTTP/1.1" 200 20039 "-" "Mozilla/5.0 (compatible; YandexBot/3.0; +http://yandex.com/bots)" "nicolesconiers.com"
87.250.224.88 - - [10/Nov/2022:11:12:56 -0800] "GET / HTTP/1.1" 200 20039 "-" "Mozilla/5.0 (compatible; YandexBot/3.0; +http://yandex.com/bots)" "www.nicolesconiers.com"
87.250.224.88 - - [10/Nov/2022:11:12:59 -0800] "GET /robots.txt HTTP/1.1" 200 24 "-" "Mozilla/5.0 (compatible; YandexBot/3.0; +http://yandex.com/bots)" "nicolesconiers.com"
213.180.203.82 - - [10/Nov/2022:11:13:02 -0800] "GET / HTTP/1.1" 200 20039 "-" "Mozilla/5.0 (compatible; YandexBot/3.0; +http://yandex.com/bots)" "nicolesconiers.com"
37.139.53.70 - - [10/Nov/2022:11:17:19 -0800] "GET /blog/index.php/2011/10/17/thedivaofdelay/ HTTP/1.1" 200 37023 "http://nicolesconiers.com/blog/2011/10/17/thedivaofdelay/#comment-/" "Mozilla/5.0 (Windows NT 10.0; Win64; x64) AppleWebKit/537.36 (KHTML, like Gecko) Chrome/90.0.4430.72 Safari/537.36" "nicolesconiers.com"
37.139.53.70 - - [10/Nov/2022:11:17:22 -0800] "POST /blog/wp-comments-post.php HTTP/1.1" 302 - "http://nicolesconiers.com/blog/2011/10/17/thedivaofdelay/#comment-/" "Mozilla/5.0 (Windows NT 10.0; Win64; x64) AppleWebKit/537.36 (KHTML, like Gecko) Chrome/90.0.4430.72 Safari/537.36" "nicolesconiers.com"
20.109.241.96 - - [10/Nov/2022:11:18:26 -0800] "GET /blog/index.php/tag/mimi-brown/%5C%22http:/visit.webhosting.yahoo.com/wisit.gif%22+%22/%22+%22?%22+z+%22%5C%22 HTTP/1.1" 404 7455 "http://nicolesconiers.com/blog/tag/mimi-brown/\\\"http:/visit.webhosting.yahoo.com/wisit.gif\"+\"" "Mozilla/5.0 (X11; Linux x86_64) AppleWebKit/537.36 (KHTML, like Gecko) Chrome/74.0.3729.169 Safari/537.36" "nicolesconiers.com"
37.139.53.60 - - [10/Nov/2022:11:27:09 -0800] "GET /blog/index.php/2011/10/17/thedivaofdelay/ HTTP/1.1" 200 37023 "http://nicolesconiers.com/blog/2011/10/17/thedivaofdelay/#comment-/" "Mozilla/5.0 (Windows NT 10.0) AppleWebKit/537.36 (KHTML, like Gecko) Chrome/90.0.4430.93 Safari/537.36" "nicolesconiers.com"
37.139.53.60 - - [10/Nov/2022:11:27:11 -0800] "POST /blog/wp-comments-post.php HTTP/1.1" 302 - "http://nicolesconiers.com/blog/2011/10/17/thedivaofdelay/#comment-/" "Mozilla/5.0 (Windows NT 10.0) AppleWebKit/537.36 (KHTML, like Gecko) Chrome/90.0.4430.93 Safari/537.36" "nicolesconiers.com"
37.139.53.80 - - [10/Nov/2022:11:30:59 -0800] "GET /blog/index.php/2011/10/17/thedivaofdelay/ HTTP/1.1" 200 37023 "http://nicolesconiers.com/blog/2011/10/17/thedivaofdelay/#comment-/" "Mozilla/5.0 (Windows NT 10.0; WOW64) AppleWebKit/537.36 (KHTML, like Gecko) Chrome/90.0.4430.85 Safari/537.36" "nicolesconiers.com"
37.139.53.80 - - [10/Nov/2022:11:31:02 -0800] "POST /blog/wp-comments-post.php HTTP/1.1" 302 - "http://nicolesconiers.com/blog/2011/10/17/thedivaofdelay/#comment-/" "Mozilla/5.0 (Windows NT 10.0; WOW64) AppleWebKit/537.36 (KHTML, like Gecko) Chrome/90.0.4430.85 Safari/537.36" "nicolesconiers.com"
37.139.53.70 - - [10/Nov/2022:11:32:07 -0800] "GET /blog/index.php/2011/10/17/thedivaofdelay/ HTTP/1.1" 200 37023 "http://nicolesconiers.com/blog/2011/10/17/thedivaofdelay/#comment-/" "Mozilla/5.0 (Windows NT 10.0; WOW64) AppleWebKit/537.36 (KHTML, like Gecko) Chrome/90.0.4430.93 Safari/537.36" "nicolesconiers.com"
37.139.53.70 - - [10/Nov/2022:11:32:09 -0800] "POST /blog/wp-comments-post.php HTTP/1.1" 302 - "http://nicolesconiers.com/blog/2011/10/17/thedivaofdelay/#comment-/" "Mozilla/5.0 (Windows NT 10.0; WOW64) AppleWebKit/537.36 (KHTML, like Gecko) Chrome/90.0.4430.93 Safari/537.36" "nicolesconiers.com"
37.139.53.65 - - [10/Nov/2022:11:35:27 -0800] "GET /blog/index.php/2011/10/17/thedivaofdelay/ HTTP/1.1" 200 37023 "http://nicolesconiers.com/blog/2011/10/17/thedivaofdelay/#comment-/" "Mozilla/5.0 (Windows NT 10.0; Win64; x64) AppleWebKit/537.36 (KHTML, like Gecko) Chrome/90.0.4430.85 Safari/537.36 Edg/90.0.818.49" "nicolesconiers.com"
37.139.53.65 - - [10/Nov/2022:11:35:30 -0800] "POST /blog/wp-comments-post.php HTTP/1.1" 302 - "http://nicolesconiers.com/blog/2011/10/17/thedivaofdelay/#comment-/" "Mozilla/5.0 (Windows NT 10.0; Win64; x64) AppleWebKit/537.36 (KHTML, like Gecko) Chrome/90.0.4430.85 Safari/537.36 Edg/90.0.818.49" "nicolesconiers.com"
37.139.53.80 - - [10/Nov/2022:11:35:37 -0800] "GET /blog/index.php/2011/10/17/thedivaofdelay/ HTTP/1.1" 200 37023 "http://nicolesconiers.com/blog/2011/10/17/thedivaofdelay/#comment-/" "Mozilla/5.0 (Windows NT 6.1; WOW64) AppleWebKit/537.36 (KHTML, like Gecko) Chrome/90.0.4430.85 Safari/537.36" "nicolesconiers.com"
37.139.53.80 - - [10/Nov/2022:11:35:39 -0800] "POST /blog/wp-comments-post.php HTTP/1.1" 302 - "http://nicolesconiers.com/blog/2011/10/17/thedivaofdelay/#comment-/" "Mozilla/5.0 (Windows NT 6.1; WOW64) AppleWebKit/537.36 (KHTML, like Gecko) Chrome/90.0.4430.85 Safari/537.36" "nicolesconiers.com"
37.146.241.1 - - [10/Nov/2022:11:41:02 -0800] "GET /blog/index.php/2011/10/17/thedivaofdelay/ HTTP/1.1" 200 37023 "http://nicolesconiers.com/blog/2011/10/17/thedivaofdelay/" "Mozilla/5.0 (Windows NT 10.0; Win64; x64) AppleWebKit/537.36 (KHTML, like Gecko) Chrome/90.0.4430.72 Safari/537.36 Edg/90.0.818.39" "nicolesconiers.com"
37.146.241.1 - - [10/Nov/2022:11:41:05 -0800] "POST /blog/wp-comments-post.php HTTP/1.1" 302 - "http://nicolesconiers.com/blog/2011/10/17/thedivaofdelay/" "Mozilla/5.0 (Windows NT 10.0; Win64; x64) AppleWebKit/537.36 (KHTML, like Gecko) Chrome/90.0.4430.72 Safari/537.36 Edg/90.0.818.39" "nicolesconiers.com"
37.146.241.1 - - [10/Nov/2022:11:41:06 -0800] "GET /blog/index.php/2011/10/17/thedivaofdelay/ HTTP/1.1" 200 37023 "http://nicolesconiers.com/blog/2011/10/17/thedivaofdelay/#comment-" "Mozilla/5.0 (Windows NT 10.0; Win64; x64) AppleWebKit/537.36 (KHTML, like Gecko) Chrome/90.0.4430.72 Safari/537.36 Edg/90.0.818.39" "nicolesconiers.com"
37.139.53.65 - - [10/Nov/2022:11:42:55 -0800] "GET /blog/index.php/2011/10/17/thedivaofdelay/ HTTP/1.1" 200 37023 "http://nicolesconiers.com/blog/2011/10/17/thedivaofdelay/#comment-/" "Mozilla/5.0 (Windows NT 10.0; Win64; x64) AppleWebKit/537.36 (KHTML, like Gecko) Chrome/90.0.4430.85 Safari/537.36 Edg/90.0.818.46" "nicolesconiers.com"
37.139.53.65 - - [10/Nov/2022:11:42:58 -0800] "POST /blog/wp-comments-post.php HTTP/1.1" 302 - "http://nicolesconiers.com/blog/2011/10/17/thedivaofdelay/#comment-/" "Mozilla/5.0 (Windows NT 10.0; Win64; x64) AppleWebKit/537.36 (KHTML, like Gecko) Chrome/90.0.4430.85 Safari/537.36 Edg/90.0.818.46" "nicolesconiers.com"
37.139.53.75 - - [10/Nov/2022:11:44:22 -0800] "GET /blog/index.php/2011/10/17/thedivaofdelay/ HTTP/1.1" 200 37023 "http://nicolesconiers.com/blog/2011/10/17/thedivaofdelay/#comment-/" "Mozilla/5.0 (Windows NT 6.1; ) AppleWebKit/537.36 (KHTML, like Gecko) Chrome/90.0.4430.72 Safari/537.36" "nicolesconiers.com"
37.139.53.75 - - [10/Nov/2022:11:44:26 -0800] "POST /blog/wp-comments-post.php HTTP/1.1" 302 - "http://nicolesconiers.com/blog/2011/10/17/thedivaofdelay/#comment-/" "Mozilla/5.0 (Windows NT 6.1; ) AppleWebKit/537.36 (KHTML, like Gecko) Chrome/90.0.4430.72 Safari/537.36" "nicolesconiers.com"
143.198.187.65 - - [10/Nov/2022:11:47:48 -0800] "GET /blog/index.php/2011/07/28/the-help-white-women-saviors-and-maids-with-superpowers/ HTTP/1.1" 200 40362 "http://nicolesconiers.com/" "Mozilla/5.0 (X11; Linux i686; rv:102.0) Gecko/20100101 Firefox/102.0" "nicolesconiers.com"
207.46.13.218 - - [10/Nov/2022:11:51:25 -0800] "GET /blog/index.php/tag/community/ HTTP/1.1" 200 27129 "-" "Mozilla/5.0 (compatible; bingbot/2.0; +http://www.bing.com/bingbot.htm)" "nicolesconiers.com"
13.67.224.13 - - [10/Nov/2022:11:55:49 -0800] "GET /blog/wp-content/uploads/2011/08/The-fam-300x225.jpg HTTP/1.1" 200 18538 "http://nicolesconiers.com/blog/wp-content/uploads/2011/08" "Mozilla/5.0 (iPhone; CPU iPhone OS 13_5_1 like Mac OS X) AppleWebKit/605.1.15 (KHTML, like Gecko) Version/13.1.1 Mobile/15E148 Safari/604.1" "nicolesconiers.com"
20.12.191.74 - - [10/Nov/2022:11:55:55 -0800] "GET /blog/wp-content/uploads/2011/08/Ranae-candles-300x224.jpg HTTP/1.1" 200 12965 "http://nicolesconiers.com/blog/wp-content/uploads/2011/08" "Mozilla/5.0 (Macintosh; Intel Mac OS X 10_11_6) AppleWebKit/605.1.15 (KHTML, like Gecko) Version/11.1.2 Safari/605.1.15" "nicolesconiers.com"
207.46.13.218 - - [10/Nov/2022:11:59:55 -0800] "GET / HTTP/1.1" 200 20039 "-" "Mozilla/5.0 (compatible; bingbot/2.0; +http://www.bing.com/bingbot.htm)" "nicolesconiers.com"
207.46.13.218 - - [10/Nov/2022:12:03:06 -0800] "GET /july-10.html HTTP/1.1" 200 18350 "-" "Mozilla/5.0 (compatible; bingbot/2.0; +http://www.bing.com/bingbot.htm)" "nicolesconiers.com"
114.119.136.148 - - [10/Nov/2022:12:03:39 -0800] "GET /blog/index.php/tag/alchemy/ HTTP/1.1" 200 26991 "http://nicolesconiers.com/blog/tag/paulo-coelho/" "Mozilla/5.0 (Linux; Android 7.0;) AppleWebKit/537.36 (KHTML, like Gecko) Mobile Safari/537.36 (compatible; PetalBot;+https://webmaster.petalsearch.com/site/petalbot)" "nicolesconiers.com"
37.139.53.75 - - [10/Nov/2022:12:09:52 -0800] "GET /blog/index.php/2011/10/17/thedivaofdelay/ HTTP/1.1" 200 37023 "http://nicolesconiers.com/blog/2011/10/17/thedivaofdelay/#comment-/" "Mozilla/5.0 (Windows NT 6.1; Win64; x64) AppleWebKit/537.36 (KHTML, like Gecko) Chrome/90.0.4427.0 Safari/537.36" "nicolesconiers.com"
37.139.53.75 - - [10/Nov/2022:12:09:56 -0800] "POST /blog/wp-comments-post.php HTTP/1.1" 302 - "http://nicolesconiers.com/blog/2011/10/17/thedivaofdelay/#comment-/" "Mozilla/5.0 (Windows NT 6.1; Win64; x64) AppleWebKit/537.36 (KHTML, like Gecko) Chrome/90.0.4427.0 Safari/537.36" "nicolesconiers.com"
37.139.53.60 - - [10/Nov/2022:12:17:31 -0800] "GET /blog/index.php/2011/10/17/thedivaofdelay/ HTTP/1.1" 200 37023 "http://nicolesconiers.com/blog/2011/10/17/thedivaofdelay/#comment-/" "Mozilla/5.0 (Windows NT 6.1; Win64; x64) AppleWebKit/537.36 (KHTML, like Gecko) Chrome/90.0.4427.0 Safari/537.36" "nicolesconiers.com"
62.210.215.118 - - [10/Nov/2022:12:17:33 -0800] "GET /blog/index.php/tag/essence-magazine/feed/ HTTP/1.1" 200 12183 "-" "Mozilla/5.0 (X11; Linux i686) AppleWebKit/537.36 (KHTML, like Gecko) Chrome/30.0.1599.66 Safari/537.36" "nicolesconiers.com"
37.139.53.60 - - [10/Nov/2022:12:17:34 -0800] "POST /blog/wp-comments-post.php HTTP/1.1" 302 - "http://nicolesconiers.com/blog/2011/10/17/thedivaofdelay/#comment-/" "Mozilla/5.0 (Windows NT 6.1; Win64; x64) AppleWebKit/537.36 (KHTML, like Gecko) Chrome/90.0.4427.0 Safari/537.36" "nicolesconiers.com"
37.139.53.70 - - [10/Nov/2022:12:22:50 -0800] "GET /blog/index.php/2011/10/17/thedivaofdelay/ HTTP/1.1" 200 37023 "http://nicolesconiers.com/blog/2011/10/17/thedivaofdelay/#comment-/" "Mozilla/5.0 (Windows NT 6.3) AppleWebKit/537.36 (KHTML, like Gecko) Chrome/90.0.4430.72 Safari/537.36" "nicolesconiers.com"
37.139.53.70 - - [10/Nov/2022:12:22:54 -0800] "POST /blog/wp-comments-post.php HTTP/1.1" 302 - "http://nicolesconiers.com/blog/2011/10/17/thedivaofdelay/#comment-/" "Mozilla/5.0 (Windows NT 6.3) AppleWebKit/537.36 (KHTML, like Gecko) Chrome/90.0.4430.72 Safari/537.36" "nicolesconiers.com"
47.96.173.23 - - [10/Nov/2022:12:24:15 -0800] "GET /blog/index.php/2017/03/20/1098/ HTTP/1.1" 200 30491 "http://nicolesconiers.com/blog/2017/03/20/1098/#comment-/" "Mozilla/5.0 (Windows NT 6.1; WOW64) AppleWebKit/537.36 (KHTML, like Gecko) Chrome/90.0.4430.85 Safari/537.36" "nicolesconiers.com"
47.96.173.23 - - [10/Nov/2022:12:24:17 -0800] "POST /blog/wp-comments-post.php HTTP/1.1" 302 - "http://nicolesconiers.com/blog/2017/03/20/1098/#comment-/" "Mozilla/5.0 (Windows NT 6.1; WOW64) AppleWebKit/537.36 (KHTML, like Gecko) Chrome/90.0.4430.85 Safari/537.36" "nicolesconiers.com"
47.96.173.23 - - [10/Nov/2022:12:24:19 -0800] "GET /blog/index.php/2017/03/20/1098/ HTTP/1.1" 200 30491 "http://nicolesconiers.com/blog/2017/03/20/1098/#comment-" "Mozilla/5.0 (Windows NT 6.1; WOW64) AppleWebKit/537.36 (KHTML, like Gecko) Chrome/90.0.4430.85 Safari/537.36" "nicolesconiers.com"
37.139.53.80 - - [10/Nov/2022:12:31:34 -0800] "GET /blog/index.php/2011/10/17/thedivaofdelay/ HTTP/1.1" 200 37023 "http://nicolesconiers.com/blog/2011/10/17/thedivaofdelay/#comment-/" "Mozilla/5.0 (Windows NT 6.1; ) AppleWebKit/537.36 (KHTML, like Gecko) Chrome/90.0.4430.85 Safari/537.36" "nicolesconiers.com"
37.139.53.80 - - [10/Nov/2022:12:31:37 -0800] "POST /blog/wp-comments-post.php HTTP/1.1" 302 - "http://nicolesconiers.com/blog/2011/10/17/thedivaofdelay/#comment-/" "Mozilla/5.0 (Windows NT 6.1; ) AppleWebKit/537.36 (KHTML, like Gecko) Chrome/90.0.4430.85 Safari/537.36" "nicolesconiers.com"
157.55.39.55 - - [10/Nov/2022:12:34:45 -0800] "GET / HTTP/1.1" 200 20039 "-" "Mozilla/5.0 AppleWebKit/537.36 (KHTML, like Gecko; compatible; bingbot/2.0; +http://www.bing.com/bingbot.htm) Chrome/103.0.5060.134 Safari/537.36" "www.nicolesconiers.com"
37.139.53.60 - - [10/Nov/2022:12:34:51 -0800] "GET /blog/index.php/2011/10/17/thedivaofdelay/ HTTP/1.1" 200 37023 "http://nicolesconiers.com/blog/2011/10/17/thedivaofdelay/#comment-/" "Mozilla/5.0 (Windows NT 6.3; Win64; x64) AppleWebKit/537.36 (KHTML, like Gecko) Chrome/90.0.4430.85 Safari/537.36 Edg/90.0.818.49" "nicolesconiers.com"
37.139.53.60 - - [10/Nov/2022:12:34:54 -0800] "POST /blog/wp-comments-post.php HTTP/1.1" 302 - "http://nicolesconiers.com/blog/2011/10/17/thedivaofdelay/#comment-/" "Mozilla/5.0 (Windows NT 6.3; Win64; x64) AppleWebKit/537.36 (KHTML, like Gecko) Chrome/90.0.4430.85 Safari/537.36 Edg/90.0.818.49" "nicolesconiers.com"
37.139.53.80 - - [10/Nov/2022:12:35:32 -0800] "GET /blog/index.php/2011/10/17/thedivaofdelay/ HTTP/1.1" 200 37023 "http://nicolesconiers.com/blog/2011/10/17/thedivaofdelay/#comment-/" "Mozilla/5.0 (Windows NT 6.1; Win64; x64) AppleWebKit/537.36 (KHTML, like Gecko) Chrome/90.0.4427.0 Safari/537.36" "nicolesconiers.com"
37.139.53.80 - - [10/Nov/2022:12:35:35 -0800] "POST /blog/wp-comments-post.php HTTP/1.1" 302 - "http://nicolesconiers.com/blog/2011/10/17/thedivaofdelay/#comment-/" "Mozilla/5.0 (Windows NT 6.1; Win64; x64) AppleWebKit/537.36 (KHTML, like Gecko) Chrome/90.0.4427.0 Safari/537.36" "nicolesconiers.com"
37.139.53.70 - - [10/Nov/2022:12:37:53 -0800] "GET /blog/index.php/2011/10/17/thedivaofdelay/ HTTP/1.1" 200 37023 "http://nicolesconiers.com/blog/2011/10/17/thedivaofdelay/#comment-/" "Mozilla/5.0 (Windows NT 10.0) AppleWebKit/537.36 (KHTML, like Gecko) Chrome/90.0.4430.93 Safari/537.36" "nicolesconiers.com"
37.139.53.70 - - [10/Nov/2022:12:37:56 -0800] "POST /blog/wp-comments-post.php HTTP/1.1" 302 - "http://nicolesconiers.com/blog/2011/10/17/thedivaofdelay/#comment-/" "Mozilla/5.0 (Windows NT 10.0) AppleWebKit/537.36 (KHTML, like Gecko) Chrome/90.0.4430.93 Safari/537.36" "nicolesconiers.com"
40.86.101.253 - - [10/Nov/2022:12:39:01 -0800] "GET /blog/wp-content/plugins/wordpress-hit-counter/styles/Digital/pdp/7.gif HTTP/1.1" 200 74 "http://nicolesconiers.com/blog/wp-content/plugins/wordpress-hit-counter/styles/Digital/pdp" "Mozilla/5.0 (Windows NT 10.0; Win64; x64) AppleWebKit/537.36 (KHTML, like Gecko) Chrome/74.0.3729.157 Safari/537.36" "nicolesconiers.com"
37.139.53.65 - - [10/Nov/2022:12:40:34 -0800] "GET /blog/index.php/2011/10/17/thedivaofdelay/ HTTP/1.1" 200 37023 "http://nicolesconiers.com/blog/2011/10/17/thedivaofdelay/#comment-/" "Mozilla/5.0 (Windows NT 10.0; Win64; x64) AppleWebKit/537.36 (KHTML, like Gecko) Chrome/90.0.4430.72 Safari/537.36 Edg/90.0.818.42" "nicolesconiers.com"
37.139.53.65 - - [10/Nov/2022:12:40:37 -0800] "POST /blog/wp-comments-post.php HTTP/1.1" 302 - "http://nicolesconiers.com/blog/2011/10/17/thedivaofdelay/#comment-/" "Mozilla/5.0 (Windows NT 10.0; Win64; x64) AppleWebKit/537.36 (KHTML, like Gecko) Chrome/90.0.4430.72 Safari/537.36 Edg/90.0.818.42" "nicolesconiers.com"
40.86.101.254 - - [10/Nov/2022:12:42:29 -0800] "GET /blog/wp-content/uploads/2011/08/becky-capitol-300x224.jpg HTTP/1.1" 200 27651 "http://nicolesconiers.com/blog/wp-content/uploads/2011/08" "Mozilla/5.0 (Linux; Android 10; SM-G960U) AppleWebKit/537.36 (KHTML, like Gecko) Chrome/88.0.4324.181 Mobile Safari/537.36" "nicolesconiers.com"
72.14.199.167 - - [10/Nov/2022:12:43:23 -0800] "GET /blog/index.php/feed/ HTTP/1.1" 304 - "-" "FeedFetcher-Google; (+http://www.google.com/feedfetcher.html)" "nicolesconiers.com"
37.139.53.75 - - [10/Nov/2022:12:43:44 -0800] "GET /blog/index.php/2011/10/17/thedivaofdelay/ HTTP/1.1" 200 37023 "http://nicolesconiers.com/blog/2011/10/17/thedivaofdelay/#comment-/" "Mozilla/5.0 (Windows NT 10.0; WOW64) AppleWebKit/537.36 (KHTML, like Gecko) Chrome/90.0.4430.93 Safari/537.36" "nicolesconiers.com"
37.139.53.75 - - [10/Nov/2022:12:43:51 -0800] "POST /blog/wp-comments-post.php HTTP/1.1" 302 - "http://nicolesconiers.com/blog/2011/10/17/thedivaofdelay/#comment-/" "Mozilla/5.0 (Windows NT 10.0; WOW64) AppleWebKit/537.36 (KHTML, like Gecko) Chrome/90.0.4430.93 Safari/537.36" "nicolesconiers.com"
37.139.53.65 - - [10/Nov/2022:12:48:13 -0800] "GET /blog/index.php/2011/10/17/thedivaofdelay/ HTTP/1.1" 200 37023 "http://nicolesconiers.com/blog/2011/10/17/thedivaofdelay/#comment-/" "Mozilla/5.0 (Windows NT 6.1; Win64; x64) AppleWebKit/537.36 (KHTML, like Gecko) Chrome/90.0.4430.85 Safari/537.36" "nicolesconiers.com"
37.139.53.65 - - [10/Nov/2022:12:48:16 -0800] "POST /blog/wp-comments-post.php HTTP/1.1" 302 - "http://nicolesconiers.com/blog/2011/10/17/thedivaofdelay/#comment-/" "Mozilla/5.0 (Windows NT 6.1; Win64; x64) AppleWebKit/537.36 (KHTML, like Gecko) Chrome/90.0.4430.85 Safari/537.36" "nicolesconiers.com"
114.119.136.148 - - [10/Nov/2022:12:50:14 -0800] "GET /blog/index.php/tag/home HTTP/1.1" 200 26657 "http://nicolesconiers.com/blog/tag/home/" "Mozilla/5.0 (Linux; Android 7.0;) AppleWebKit/537.36 (KHTML, like Gecko) Mobile Safari/537.36 (compatible; PetalBot;+https://webmaster.petalsearch.com/site/petalbot)" "nicolesconiers.com"
23.100.232.233 - - [10/Nov/2022:12:54:44 -0800] "GET /blog/index.php/2011/11/10/easy-skin-care-tips-for-women-on-the-go/ HTTP/1.1" 200 39386 "-" "Mozilla/5.0 (compatible; MSIE 9.0; Windows NT 6.0; Trident/5.0;  Trident/5.0)" "nicolesconiers.com"
23.100.232.233 - - [10/Nov/2022:12:54:46 -0800] "GET /blog/wp-content/themes/pilcrow/style.css HTTP/1.1" 200 4202 "http://nicolesconiers.com/blog/2011/11/10/easy-skin-care-tips-for-women-on-the-go/" "Mozilla/5.0 (compatible; MSIE 9.0; Windows NT 6.0; Trident/5.0;  Trident/5.0)" "nicolesconiers.com"
23.100.232.233 - - [10/Nov/2022:12:54:46 -0800] "GET /blog/wp-content/plugins/wp-polls/polls-css.css?ver=2.50 HTTP/1.1" 200 738 "http://nicolesconiers.com/blog/2011/11/10/easy-skin-care-tips-for-women-on-the-go/" "Mozilla/5.0 (compatible; MSIE 9.0; Windows NT 6.0; Trident/5.0;  Trident/5.0)" "nicolesconiers.com"
23.100.232.233 - - [10/Nov/2022:12:54:46 -0800] "GET /blog/wp-includes/js/comment-reply.js?ver=20090102 HTTP/1.1" 200 412 "http://nicolesconiers.com/blog/2011/11/10/easy-skin-care-tips-for-women-on-the-go/" "Mozilla/5.0 (compatible; MSIE 9.0; Windows NT 6.0; Trident/5.0;  Trident/5.0)" "nicolesconiers.com"
23.100.232.233 - - [10/Nov/2022:12:54:46 -0800] "GET /blog/wp-includes/js/jquery/jquery.js?ver=1.4.2 HTTP/1.1" 200 24618 "http://nicolesconiers.com/blog/2011/11/10/easy-skin-care-tips-for-women-on-the-go/" "Mozilla/5.0 (compatible; MSIE 9.0; Windows NT 6.0; Trident/5.0;  Trident/5.0)" "nicolesconiers.com"
23.100.232.233 - - [10/Nov/2022:12:54:48 -0800] "GET /blog/wp-content/plugins/wp-polls/polls-js.js?ver=2.50 HTTP/1.1" 200 644 "http://nicolesconiers.com/blog/2011/11/10/easy-skin-care-tips-for-women-on-the-go/" "Mozilla/5.0 (compatible; MSIE 9.0; Windows NT 6.0; Trident/5.0;  Trident/5.0)" "nicolesconiers.com"
104.167.6.224 - - [10/Nov/2022:12:57:09 -0800] "GET /blog/index.php/2011/07/01/the-beckyville-bookmobile-or-soul-sista-ice-cream-truck/ HTTP/1.1" 200 41455 "http://nicolesconiers.com/" "Mozilla/5.0 (Macintosh; Intel Mac OS X 12_5) AppleWebKit/537.36 (KHTML, like Gecko) Chrome/103.0.0.0 Safari/537.36" "nicolesconiers.com"
104.167.6.224 - - [10/Nov/2022:12:57:11 -0800] "POST /blog/wp-comments-post.php HTTP/1.1" 302 - "http://nicolesconiers.com/blog/2011/07/01/the-beckyville-bookmobile-or-soul-sista-ice-cream-truck/" "Mozilla/5.0 (Macintosh; Intel Mac OS X 12_5) AppleWebKit/537.36 (KHTML, like Gecko) Chrome/103.0.0.0 Safari/537.36" "nicolesconiers.com"
104.167.6.224 - - [10/Nov/2022:12:57:13 -0800] "GET /blog/index.php/2011/07/01/the-beckyville-bookmobile-or-soul-sista-ice-cream-truck/ HTTP/1.1" 200 41455 "http://nicolesconiers.com/blog/wp-comments-post.php" "Mozilla/5.0 (Macintosh; Intel Mac OS X 12_5) AppleWebKit/537.36 (KHTML, like Gecko) Chrome/103.0.0.0 Safari/537.36" "nicolesconiers.com"
104.167.6.224 - - [10/Nov/2022:12:57:14 -0800] "GET /blog/index.php/2011/07/01/the-beckyville-bookmobile-or-soul-sista-ice-cream-truck/ HTTP/1.1" 200 41455 "-" "Mozilla/5.0 (Macintosh; Intel Mac OS X 12_5) AppleWebKit/537.36 (KHTML, like Gecko) Chrome/103.0.0.0 Safari/537.36" "nicolesconiers.com"
104.167.6.224 - - [10/Nov/2022:12:58:12 -0800] "GET /blog/index.php/2011/07/01/the-beckyville-bookmobile-or-soul-sista-ice-cream-truck/ HTTP/1.1" 200 41455 "-" "Mozilla/5.0 (Macintosh; Intel Mac OS X 12_5) AppleWebKit/537.36 (KHTML, like Gecko) Chrome/103.0.0.0 Safari/537.36" "nicolesconiers.com"
40.86.101.254 - - [10/Nov/2022:13:02:46 -0800] "GET /blog/index.php/tag/george-zimmerman/%5C%22http:/visit.webhosting.yahoo.com/wisit.gif%22+%22/%22+%22?%22+z+%22%5C%22 HTTP/1.1" 404 7455 "http://nicolesconiers.com/blog/tag/george-zimmerman/\\\"http:/visit.webhosting.yahoo.com/wisit.gif\"+\"" "Mozilla/5.0 (iPhone; CPU iPhone OS 13_5_1 like Mac OS X) AppleWebKit/605.1.15 (KHTML, like Gecko) Version/13.1.1 Mobile/15E148 Safari/604.1" "nicolesconiers.com"
23.100.232.233 - - [10/Nov/2022:13:07:52 -0800] "GET /blog/index.php/2012/03/17/remembering-jamiel-shaw-and-trayvon-martin/ HTTP/1.1" 200 40617 "-" "Mozilla/5.0 (compatible; MSIE 9.0; Windows NT 6.0; Trident/5.0;  Trident/5.0)" "nicolesconiers.com"
23.100.232.233 - - [10/Nov/2022:13:07:54 -0800] "GET /blog/wp-content/themes/pilcrow/style.css HTTP/1.1" 200 4202 "http://nicolesconiers.com/blog/2012/03/17/remembering-jamiel-shaw-and-trayvon-martin/" "Mozilla/5.0 (compatible; MSIE 9.0; Windows NT 6.0; Trident/5.0;  Trident/5.0)" "nicolesconiers.com"
23.100.232.233 - - [10/Nov/2022:13:07:54 -0800] "GET /blog/wp-content/plugins/wp-polls/polls-css.css?ver=2.50 HTTP/1.1" 200 738 "http://nicolesconiers.com/blog/2012/03/17/remembering-jamiel-shaw-and-trayvon-martin/" "Mozilla/5.0 (compatible; MSIE 9.0; Windows NT 6.0; Trident/5.0;  Trident/5.0)" "nicolesconiers.com"
23.100.232.233 - - [10/Nov/2022:13:07:54 -0800] "GET /blog/wp-includes/js/comment-reply.js?ver=20090102 HTTP/1.1" 200 412 "http://nicolesconiers.com/blog/2012/03/17/remembering-jamiel-shaw-and-trayvon-martin/" "Mozilla/5.0 (compatible; MSIE 9.0; Windows NT 6.0; Trident/5.0;  Trident/5.0)" "nicolesconiers.com"
23.100.232.233 - - [10/Nov/2022:13:07:54 -0800] "GET /blog/wp-includes/js/jquery/jquery.js?ver=1.4.2 HTTP/1.1" 200 24618 "http://nicolesconiers.com/blog/2012/03/17/remembering-jamiel-shaw-and-trayvon-martin/" "Mozilla/5.0 (compatible; MSIE 9.0; Windows NT 6.0; Trident/5.0;  Trident/5.0)" "nicolesconiers.com"
23.100.232.233 - - [10/Nov/2022:13:07:56 -0800] "GET /blog/wp-content/plugins/wp-polls/polls-js.js?ver=2.50 HTTP/1.1" 200 644 "http://nicolesconiers.com/blog/2012/03/17/remembering-jamiel-shaw-and-trayvon-martin/" "Mozilla/5.0 (compatible; MSIE 9.0; Windows NT 6.0; Trident/5.0;  Trident/5.0)" "nicolesconiers.com"
51.222.253.12 - - [10/Nov/2022:13:08:54 -0800] "GET /blog/index.php/tag/faith/ HTTP/1.1" 200 26314 "-" "Mozilla/5.0 (compatible; AhrefsBot/7.0; +http://ahrefs.com/robot/)" "nicolesconiers.com"
37.139.53.75 - - [10/Nov/2022:13:09:32 -0800] "GET /blog/index.php/2011/10/17/thedivaofdelay/ HTTP/1.1" 200 37023 "http://nicolesconiers.com/blog/2011/10/17/thedivaofdelay/#comment-/" "Mozilla/5.0 (Windows NT 10.0; Win64; x64) AppleWebKit/537.36 (KHTML, like Gecko) Chrome/90.0.4430.85 Safari/537.36" "nicolesconiers.com"
37.139.53.75 - - [10/Nov/2022:13:09:35 -0800] "POST /blog/wp-comments-post.php HTTP/1.1" 302 - "http://nicolesconiers.com/blog/2011/10/17/thedivaofdelay/#comment-/" "Mozilla/5.0 (Windows NT 10.0; Win64; x64) AppleWebKit/537.36 (KHTML, like Gecko) Chrome/90.0.4430.85 Safari/537.36" "nicolesconiers.com"
45.133.203.79 - - [10/Nov/2022:13:10:14 -0800] "GET /blog/index.php/2011/10/17/thedivaofdelay/ HTTP/1.1" 200 37023 "https://jobgirl24.ru/" "Mozilla/4.0 (compatible; MSIE 6.0; Windows NT 5.1; SV1; .NET CLR 1.1.4322) NS8/0.9.6" "nicolesconiers.com"
45.133.203.79 - - [10/Nov/2022:13:10:15 -0800] "GET /blog/index.php/2011/10/17/thedivaofdelay/ HTTP/1.1" 200 37023 "https://jobgirl24.ru/" "Mozilla/4.0 (compatible; MSIE 6.0; Windows NT 5.1; SV1; .NET CLR 1.1.4322) NS8/0.9.6" "nicolesconiers.com"
45.133.203.79 - - [10/Nov/2022:13:10:17 -0800] "GET /blog/index.php/2011/10/17/thedivaofdelay/ HTTP/1.1" 200 37023 "https://jobgirl24.ru/" "Mozilla/4.0 (compatible; MSIE 6.0; Windows NT 5.1; SV1; .NET CLR 1.1.4322) NS8/0.9.6" "nicolesconiers.com"
37.78.26.99 - - [10/Nov/2022:13:10:57 -0800] "GET /robots.txt HTTP/1.1" 200 44 "-" "Mozilla/5.0 (Windows NT 10.0; Win64; x64) AppleWebKit/537.36 (KHTML, like Gecko) Chrome/92.0.4515.159 Safari/537.36" "nicolesconiers.com"
66.249.93.120 - - [10/Nov/2022:13:24:23 -0800] "GET /blog/index.php/feed/ HTTP/1.1" 200 55714 "-" "FeedFetcher-Google; (+http://www.google.com/feedfetcher.html)" "nicolesconiers.com"
37.139.53.60 - - [10/Nov/2022:13:24:54 -0800] "GET /blog/index.php/2011/10/17/thedivaofdelay/ HTTP/1.1" 200 37023 "http://nicolesconiers.com/blog/2011/10/17/thedivaofdelay/#comment-/" "Mozilla/5.0 (Windows NT 6.1; Win64; x64) AppleWebKit/537.36 (KHTML, like Gecko) Chrome/90.0.4430.93 Safari/537.36" "nicolesconiers.com"
37.139.53.60 - - [10/Nov/2022:13:24:56 -0800] "POST /blog/wp-comments-post.php HTTP/1.1" 302 - "http://nicolesconiers.com/blog/2011/10/17/thedivaofdelay/#comment-/" "Mozilla/5.0 (Windows NT 6.1; Win64; x64) AppleWebKit/537.36 (KHTML, like Gecko) Chrome/90.0.4430.93 Safari/537.36" "nicolesconiers.com"
37.139.53.70 - - [10/Nov/2022:13:29:07 -0800] "GET /blog/index.php/2011/10/17/thedivaofdelay/ HTTP/1.1" 200 37023 "http://nicolesconiers.com/blog/2011/10/17/thedivaofdelay/#comment-/" "Mozilla/5.0 (Windows NT 10.0; Win64; x64) AppleWebKit/537.36 (KHTML, like Gecko) Chrome/90.0.4430.85 Safari/537.36 Edg/90.0.818.49" "nicolesconiers.com"
37.139.53.70 - - [10/Nov/2022:13:29:12 -0800] "POST /blog/wp-comments-post.php HTTP/1.1" 302 - "http://nicolesconiers.com/blog/2011/10/17/thedivaofdelay/#comment-/" "Mozilla/5.0 (Windows NT 10.0; Win64; x64) AppleWebKit/537.36 (KHTML, like Gecko) Chrome/90.0.4430.85 Safari/537.36 Edg/90.0.818.49" "nicolesconiers.com"
37.139.53.80 - - [10/Nov/2022:13:31:42 -0800] "GET /blog/index.php/2011/10/17/thedivaofdelay/ HTTP/1.1" 200 37023 "http://nicolesconiers.com/blog/2011/10/17/thedivaofdelay/#comment-/" "Mozilla/5.0 (Windows NT 6.1; WOW64) AppleWebKit/537.36 (KHTML, like Gecko) Chrome/90.0.4430.72 Safari/537.36" "nicolesconiers.com"
37.139.53.80 - - [10/Nov/2022:13:31:45 -0800] "POST /blog/wp-comments-post.php HTTP/1.1" 302 - "http://nicolesconiers.com/blog/2011/10/17/thedivaofdelay/#comment-/" "Mozilla/5.0 (Windows NT 6.1; WOW64) AppleWebKit/537.36 (KHTML, like Gecko) Chrome/90.0.4430.72 Safari/537.36" "nicolesconiers.com"
37.139.53.80 - - [10/Nov/2022:13:35:25 -0800] "GET /blog/index.php/2011/10/17/thedivaofdelay/ HTTP/1.1" 200 37023 "http://nicolesconiers.com/blog/2011/10/17/thedivaofdelay/#comment-/" "Mozilla/5.0 (Windows NT 6.3) AppleWebKit/537.36 (KHTML, like Gecko) Chrome/90.0.4430.72 Safari/537.36" "nicolesconiers.com"
37.139.53.80 - - [10/Nov/2022:13:35:29 -0800] "POST /blog/wp-comments-post.php HTTP/1.1" 302 - "http://nicolesconiers.com/blog/2011/10/17/thedivaofdelay/#comment-/" "Mozilla/5.0 (Windows NT 6.3) AppleWebKit/537.36 (KHTML, like Gecko) Chrome/90.0.4430.72 Safari/537.36" "nicolesconiers.com"
37.139.53.60 - - [10/Nov/2022:13:42:12 -0800] "GET /blog/index.php/2011/10/17/thedivaofdelay/ HTTP/1.1" 200 37023 "http://nicolesconiers.com/blog/2011/10/17/thedivaofdelay/#comment-/" "Mozilla/5.0 (Windows NT 10.0; Win64; x64) AppleWebKit/537.36 (KHTML, like Gecko) Chrome/90.0.4430.85 Safari/537.36" "nicolesconiers.com"
