216.244.66.200 - - [22/Jan/2023:21:07:00 -0800] "GET /robots.txt HTTP/1.1" 200 24 "-" "Mozilla/5.0 (compatible; DotBot/1.2; +https://opensiteexplorer.org/dotbot; help@moz.com)" "nicolesconiers.com"
37.139.53.60 - - [22/Jan/2023:21:08:36 -0800] "GET /blog/index.php/2011/10/17/thedivaofdelay/ HTTP/1.1" 200 37023 "http://nicolesconiers.com/blog/2011/10/17/thedivaofdelay/#comment-/" "Mozilla/5.0 (Windows NT 10.0; Win64; x64) AppleWebKit/537.36 (KHTML, like Gecko) Chrome/90.0.4430.85 Safari/537.36" "nicolesconiers.com"
37.139.53.60 - - [22/Jan/2023:21:08:39 -0800] "POST /blog/wp-comments-post.php HTTP/1.1" 302 - "http://nicolesconiers.com/blog/2011/10/17/thedivaofdelay/#comment-/" "Mozilla/5.0 (Windows NT 10.0; Win64; x64) AppleWebKit/537.36 (KHTML, like Gecko) Chrome/90.0.4430.85 Safari/537.36" "nicolesconiers.com"
93.124.125.98 - - [22/Jan/2023:21:09:35 -0800] "GET / HTTP/1.1" 200 138477 "-" "Mozilla/5.0 (Windows NT 6.3; Win64; x64) AppleWebKit/537.36 (KHTML, like Gecko) Chrome/75.0.3770.100 Safari/537.36" "www.nicolesconiers.com"
37.139.53.65 - - [22/Jan/2023:21:10:23 -0800] "GET /blog/index.php/2011/10/17/thedivaofdelay/ HTTP/1.1" 200 37023 "http://nicolesconiers.com/blog/2011/10/17/thedivaofdelay/#comment-/" "Mozilla/5.0 (Windows NT 6.1; ) AppleWebKit/537.36 (KHTML, like Gecko) Chrome/90.0.4430.72 Safari/537.36" "nicolesconiers.com"
37.139.53.65 - - [22/Jan/2023:21:10:25 -0800] "POST /blog/wp-comments-post.php HTTP/1.1" 302 - "http://nicolesconiers.com/blog/2011/10/17/thedivaofdelay/#comment-/" "Mozilla/5.0 (Windows NT 6.1; ) AppleWebKit/537.36 (KHTML, like Gecko) Chrome/90.0.4430.72 Safari/537.36" "nicolesconiers.com"
216.244.66.200 - - [22/Jan/2023:21:11:40 -0800] "GET /blog/index.php/tag/one-last-request/ HTTP/1.1" 200 23767 "-" "Mozilla/5.0 (compatible; DotBot/1.2; +https://opensiteexplorer.org/dotbot; help@moz.com)" "nicolesconiers.com"
216.244.66.200 - - [22/Jan/2023:21:12:08 -0800] "GET /blog/index.php/tag/paulo-coelho/feed/ HTTP/1.1" 200 11748 "-" "Mozilla/5.0 (compatible; DotBot/1.2; +https://opensiteexplorer.org/dotbot; help@moz.com)" "nicolesconiers.com"
216.244.66.200 - - [22/Jan/2023:21:12:56 -0800] "GET /blog/index.php/tag/musings/feed/ HTTP/1.1" 200 6739 "-" "Mozilla/5.0 (compatible; DotBot/1.2; +https://opensiteexplorer.org/dotbot; help@moz.com)" "nicolesconiers.com"
61.135.159.197 - - [22/Jan/2023:21:13:40 -0800] "GET / HTTP/1.1" 200 20039 "-" "Sogou web spider/4.0(+http://www.sogou.com/docs/help/webmasters.htm#07)" "nicolesconiers.com"
74.125.216.59 - - [22/Jan/2023:21:18:19 -0800] "GET /blog/index.php/feed/ HTTP/1.1" 200 55714 "-" "FeedFetcher-Google; (+http://www.google.com/feedfetcher.html)" "nicolesconiers.com"
43.153.113.232 - - [22/Jan/2023:21:20:38 -0800] "POST /blog/wp-login.php HTTP/1.1" 200 3146 "-" "Mozilla/5.0" "nicolesconiers.com"
43.153.113.232 - - [22/Jan/2023:21:20:38 -0800] "POST /blog/wp-login.php HTTP/1.1" 200 3157 "-" "Mozilla/5.0" "nicolesconiers.com"
43.153.113.232 - - [22/Jan/2023:21:20:38 -0800] "POST /blog/wp-login.php HTTP/1.1" 200 3156 "-" "Mozilla/5.0" "nicolesconiers.com"
43.153.113.232 - - [22/Jan/2023:21:20:38 -0800] "POST /blog/wp-login.php HTTP/1.1" 200 3158 "-" "Mozilla/5.0" "nicolesconiers.com"
43.153.113.232 - - [22/Jan/2023:21:20:38 -0800] "POST /blog/wp-login.php HTTP/1.1" 200 3156 "-" "Mozilla/5.0" "nicolesconiers.com"
43.153.113.232 - - [22/Jan/2023:21:20:38 -0800] "POST /blog/wp-login.php HTTP/1.1" 200 3153 "-" "Mozilla/5.0" "nicolesconiers.com"
43.153.113.232 - - [22/Jan/2023:21:20:38 -0800] "POST /blog/wp-login.php HTTP/1.1" 200 3156 "-" "Mozilla/5.0" "nicolesconiers.com"
43.153.113.232 - - [22/Jan/2023:21:20:38 -0800] "POST /blog/wp-login.php HTTP/1.1" 200 3146 "-" "Mozilla/5.0" "nicolesconiers.com"
43.153.113.232 - - [22/Jan/2023:21:20:38 -0800] "POST /blog/wp-login.php HTTP/1.1" 200 3159 "-" "Mozilla/5.0" "nicolesconiers.com"
43.153.113.232 - - [22/Jan/2023:21:20:38 -0800] "POST /blog/wp-login.php HTTP/1.1" 200 3157 "-" "Mozilla/5.0" "nicolesconiers.com"
216.244.66.200 - - [22/Jan/2023:21:20:38 -0800] "GET /blog/index.php/2011/07/07/why-i-write/?replytocom=30 HTTP/1.1" 200 33485 "-" "Mozilla/5.0 (compatible; DotBot/1.2; +https://opensiteexplorer.org/dotbot; help@moz.com)" "nicolesconiers.com"
43.153.113.232 - - [22/Jan/2023:21:20:38 -0800] "POST /blog/wp-login.php HTTP/1.1" 200 3159 "-" "Mozilla/5.0" "nicolesconiers.com"
37.139.53.75 - - [22/Jan/2023:21:25:57 -0800] "GET /blog/index.php/2011/10/17/thedivaofdelay/ HTTP/1.1" 200 37023 "http://nicolesconiers.com/blog/2011/10/17/thedivaofdelay/#comment-/" "Mozilla/5.0 (Windows NT 6.2; Win64; x64) AppleWebKit/537.36 (KHTML, like Gecko) Chrome/90.0.4430.93 Safari/537.36" "nicolesconiers.com"
37.139.53.75 - - [22/Jan/2023:21:26:03 -0800] "POST /blog/wp-comments-post.php HTTP/1.1" 302 - "http://nicolesconiers.com/blog/2011/10/17/thedivaofdelay/#comment-/" "Mozilla/5.0 (Windows NT 6.2; Win64; x64) AppleWebKit/537.36 (KHTML, like Gecko) Chrome/90.0.4430.93 Safari/537.36" "nicolesconiers.com"
99.1.200.5 - - [22/Jan/2023:21:33:17 -0800] "GET / HTTP/1.1" 200 20039 "-" "Mozilla/5.0 (iPhone; CPU iPhone OS 15_6_1 like Mac OS X) AppleWebKit/605.1.15 (KHTML, like Gecko) Version/15.6.1 Mobile/15E148 Safari/604.1" "nicolesconiers.com"
99.1.200.5 - - [22/Jan/2023:21:33:17 -0800] "GET /css/fonts.css?v=1.5.8c HTTP/1.1" 200 1538 "http://nicolesconiers.com/" "Mozilla/5.0 (iPhone; CPU iPhone OS 15_6_1 like Mac OS X) AppleWebKit/605.1.15 (KHTML, like Gecko) Version/15.6.1 Mobile/15E148 Safari/604.1" "nicolesconiers.com"
99.1.200.5 - - [22/Jan/2023:21:33:17 -0800] "GET /js/lib/touchswipe/jquery.mobile.custom.min.js HTTP/1.1" 200 2872 "http://nicolesconiers.com/" "Mozilla/5.0 (iPhone; CPU iPhone OS 15_6_1 like Mac OS X) AppleWebKit/605.1.15 (KHTML, like Gecko) Version/15.6.1 Mobile/15E148 Safari/604.1" "nicolesconiers.com"
99.1.200.5 - - [22/Jan/2023:21:33:17 -0800] "GET /js/ysb.js HTTP/1.1" 200 20 "http://nicolesconiers.com/" "Mozilla/5.0 (iPhone; CPU iPhone OS 15_6_1 like Mac OS X) AppleWebKit/605.1.15 (KHTML, like Gecko) Version/15.6.1 Mobile/15E148 Safari/604.1" "nicolesconiers.com"
99.1.200.5 - - [22/Jan/2023:21:33:17 -0800] "GET /css/static_style.css HTTP/1.1" 200 3614 "http://nicolesconiers.com/" "Mozilla/5.0 (iPhone; CPU iPhone OS 15_6_1 like Mac OS X) AppleWebKit/605.1.15 (KHTML, like Gecko) Version/15.6.1 Mobile/15E148 Safari/604.1" "nicolesconiers.com"
99.1.200.5 - - [22/Jan/2023:21:33:17 -0800] "GET /js/all_js.js HTTP/1.1" 200 14389 "http://nicolesconiers.com/" "Mozilla/5.0 (iPhone; CPU iPhone OS 15_6_1 like Mac OS X) AppleWebKit/605.1.15 (KHTML, like Gecko) Version/15.6.1 Mobile/15E148 Safari/604.1" "nicolesconiers.com"
99.1.200.5 - - [22/Jan/2023:21:33:17 -0800] "GET /js/lightbox.js?v=1.5.8c HTTP/1.1" 200 3021 "http://nicolesconiers.com/" "Mozilla/5.0 (iPhone; CPU iPhone OS 15_6_1 like Mac OS X) AppleWebKit/605.1.15 (KHTML, like Gecko) Version/15.6.1 Mobile/15E148 Safari/604.1" "nicolesconiers.com"
99.1.200.5 - - [22/Jan/2023:21:33:17 -0800] "GET /js/xprs_helper.js?v=1.5.8c HTTP/1.1" 200 9186 "http://nicolesconiers.com/" "Mozilla/5.0 (iPhone; CPU iPhone OS 15_6_1 like Mac OS X) AppleWebKit/605.1.15 (KHTML, like Gecko) Version/15.6.1 Mobile/15E148 Safari/604.1" "nicolesconiers.com"
99.1.200.5 - - [22/Jan/2023:21:33:17 -0800] "GET /js/spimeengine.js?v=1.5.8c HTTP/1.1" 200 17277 "http://nicolesconiers.com/" "Mozilla/5.0 (iPhone; CPU iPhone OS 15_6_1 like Mac OS X) AppleWebKit/605.1.15 (KHTML, like Gecko) Version/15.6.1 Mobile/15E148 Safari/604.1" "nicolesconiers.com"
37.139.53.80 - - [22/Jan/2023:21:36:12 -0800] "GET /blog/index.php/2011/10/17/thedivaofdelay/ HTTP/1.1" 200 37023 "http://nicolesconiers.com/blog/2011/10/17/thedivaofdelay/#comment-/" "Mozilla/5.0 (Windows NT 10.0; Win64; x64) AppleWebKit/537.36 (KHTML, like Gecko) Chrome/90.0.4430.86 Safari/537.36" "nicolesconiers.com"
37.139.53.80 - - [22/Jan/2023:21:36:14 -0800] "POST /blog/wp-comments-post.php HTTP/1.1" 302 - "http://nicolesconiers.com/blog/2011/10/17/thedivaofdelay/#comment-/" "Mozilla/5.0 (Windows NT 10.0; Win64; x64) AppleWebKit/537.36 (KHTML, like Gecko) Chrome/90.0.4430.86 Safari/537.36" "nicolesconiers.com"
114.119.149.89 - - [22/Jan/2023:21:38:27 -0800] "GET /blog/index.php/tag/maids HTTP/1.1" 200 26132 "http://nicolesconiers.com/blog/tag/things-you-need-to-own/" "Mozilla/5.0 (Linux; Android 7.0;) AppleWebKit/537.36 (KHTML, like Gecko) Mobile Safari/537.36 (compatible; PetalBot;+https://webmaster.petalsearch.com/site/petalbot)" "nicolesconiers.com"
37.139.53.75 - - [22/Jan/2023:21:39:38 -0800] "GET /blog/index.php/2011/10/17/thedivaofdelay/ HTTP/1.1" 200 37023 "http://nicolesconiers.com/blog/2011/10/17/thedivaofdelay/#comment-/" "Mozilla/5.0 (Windows NT 6.3; Win64; x64) AppleWebKit/537.36 (KHTML, like Gecko) Chrome/90.0.4430.85 Safari/537.36 Edg/90.0.818.46" "nicolesconiers.com"
37.139.53.75 - - [22/Jan/2023:21:39:41 -0800] "POST /blog/wp-comments-post.php HTTP/1.1" 302 - "http://nicolesconiers.com/blog/2011/10/17/thedivaofdelay/#comment-/" "Mozilla/5.0 (Windows NT 6.3; Win64; x64) AppleWebKit/537.36 (KHTML, like Gecko) Chrome/90.0.4430.85 Safari/537.36 Edg/90.0.818.46" "nicolesconiers.com"
37.139.53.80 - - [22/Jan/2023:21:39:59 -0800] "GET /blog/index.php/2011/10/17/thedivaofdelay/ HTTP/1.1" 200 37023 "http://nicolesconiers.com/blog/2011/10/17/thedivaofdelay/#comment-/" "Mozilla/5.0 (Windows NT 6.1; Win64; x64) AppleWebKit/537.36 (KHTML, like Gecko) Chrome/90.0.4430.93 Safari/537.36" "nicolesconiers.com"
37.139.53.80 - - [22/Jan/2023:21:40:01 -0800] "POST /blog/wp-comments-post.php HTTP/1.1" 302 - "http://nicolesconiers.com/blog/2011/10/17/thedivaofdelay/#comment-/" "Mozilla/5.0 (Windows NT 6.1; Win64; x64) AppleWebKit/537.36 (KHTML, like Gecko) Chrome/90.0.4430.93 Safari/537.36" "nicolesconiers.com"
192.171.93.56 - - [22/Jan/2023:21:43:49 -0800] "GET /blog/index.php/2011/07/28/the-help-white-women-saviors-and-maids-with-superpowers/ HTTP/1.1" 200 40362 "http://nicolesconiers.com/" "Mozilla/5.0 (Windows NT 10.0; WOW64; x64) AppleWebKit/537.36 (KHTML, like Gecko) Chrome/103.0.0.0 Safari/537.36 OPR/89.0.4447.51" "nicolesconiers.com"
192.171.93.56 - - [22/Jan/2023:21:43:56 -0800] "GET /wp-login.php?action=register HTTP/1.1" 404 88 "http://nicolesconiers.com/" "Mozilla/5.0 (Windows NT 6.3; Win64; x64) AppleWebKit/537.36 (KHTML, like Gecko) Chrome/103.0.0.0 Safari/537.36" "nicolesconiers.com"
192.171.93.56 - - [22/Jan/2023:21:43:56 -0800] "GET /wp-login.php?action=register HTTP/1.1" 404 88 "http://nicolesconiers.com/wp-login.php?action=register" "Mozilla/5.0 (Windows NT 6.3; Win64; x64) AppleWebKit/537.36 (KHTML, like Gecko) Chrome/103.0.0.0 Safari/537.36" "nicolesconiers.com"
192.171.93.56 - - [22/Jan/2023:21:43:57 -0800] "GET /blog/index.php/2011/07/28/the-help-white-women-saviors-and-maids-with-superpowers/ HTTP/1.1" 200 40362 "http://nicolesconiers.com/" "Mozilla/5.0 (Windows NT 6.3; Win64; x64) AppleWebKit/537.36 (KHTML, like Gecko) Chrome/103.0.0.0 Safari/537.36" "nicolesconiers.com"
192.171.93.56 - - [22/Jan/2023:21:43:59 -0800] "POST /blog/wp-comments-post.php HTTP/1.1" 302 - "http://nicolesconiers.com/blog/2011/07/28/the-help-white-women-saviors-and-maids-with-superpowers/" "Mozilla/5.0 (Windows NT 6.3; Win64; x64) AppleWebKit/537.36 (KHTML, like Gecko) Chrome/103.0.0.0 Safari/537.36" "nicolesconiers.com"
192.171.93.56 - - [22/Jan/2023:21:44:00 -0800] "GET /blog/index.php/2011/07/28/the-help-white-women-saviors-and-maids-with-superpowers/ HTTP/1.1" 200 40362 "http://nicolesconiers.com/blog/wp-comments-post.php" "Mozilla/5.0 (Windows NT 6.3; Win64; x64) AppleWebKit/537.36 (KHTML, like Gecko) Chrome/103.0.0.0 Safari/537.36" "nicolesconiers.com"
73.210.0.212 - - [22/Jan/2023:21:44:01 -0800] "GET /blog/index.php/2011/07/28/the-help-white-women-saviors-and-maids-with-superpowers/ HTTP/1.1" 200 40362 "-" "Mozilla/5.0 (Windows NT 6.3; Win64; x64) AppleWebKit/537.36 (KHTML, like Gecko) Chrome/103.0.0.0 Safari/537.36" "nicolesconiers.com"
37.139.53.65 - - [22/Jan/2023:21:44:51 -0800] "GET /blog/index.php/2011/10/17/thedivaofdelay/ HTTP/1.1" 200 37023 "http://nicolesconiers.com/blog/2011/10/17/thedivaofdelay/#comment-/" "Mozilla/5.0 (Windows NT 10.0; WOW64) AppleWebKit/537.36 (KHTML, like Gecko) Chrome/90.0.4400.8 Safari/537.36" "nicolesconiers.com"
37.139.53.65 - - [22/Jan/2023:21:44:53 -0800] "POST /blog/wp-comments-post.php HTTP/1.1" 302 - "http://nicolesconiers.com/blog/2011/10/17/thedivaofdelay/#comment-/" "Mozilla/5.0 (Windows NT 10.0; WOW64) AppleWebKit/537.36 (KHTML, like Gecko) Chrome/90.0.4400.8 Safari/537.36" "nicolesconiers.com"
37.139.53.70 - - [22/Jan/2023:21:46:22 -0800] "GET /blog/index.php/2011/10/17/thedivaofdelay/ HTTP/1.1" 200 37023 "http://nicolesconiers.com/blog/2011/10/17/thedivaofdelay/#comment-/" "Mozilla/5.0 (Windows NT 6.1) AppleWebKit/537.36 (KHTML, like Gecko) Chrome/90.0.4430.85 Safari/537.36" "nicolesconiers.com"
37.139.53.70 - - [22/Jan/2023:21:46:27 -0800] "POST /blog/wp-comments-post.php HTTP/1.1" 302 - "http://nicolesconiers.com/blog/2011/10/17/thedivaofdelay/#comment-/" "Mozilla/5.0 (Windows NT 6.1) AppleWebKit/537.36 (KHTML, like Gecko) Chrome/90.0.4430.85 Safari/537.36" "nicolesconiers.com"
73.210.0.212 - - [22/Jan/2023:21:50:09 -0800] "GET /blog/index.php/2011/07/28/the-help-white-women-saviors-and-maids-with-superpowers/ HTTP/1.1" 200 40362 "-" "Mozilla/5.0 (Windows NT 10.0; WOW64; x64) AppleWebKit/537.36 (KHTML, like Gecko) Chrome/103.0.0.0 Safari/537.36 OPR/89.0.4447.51" "nicolesconiers.com"
43.153.113.232 - - [22/Jan/2023:21:50:13 -0800] "POST /blog/wp-login.php HTTP/1.1" 200 3158 "-" "Mozilla/5.0" "nicolesconiers.com"
43.153.113.232 - - [22/Jan/2023:21:50:13 -0800] "POST /blog/wp-login.php HTTP/1.1" 200 3156 "-" "Mozilla/5.0" "nicolesconiers.com"
43.153.113.232 - - [22/Jan/2023:21:50:13 -0800] "POST /blog/wp-login.php HTTP/1.1" 200 3153 "-" "Mozilla/5.0" "nicolesconiers.com"
43.153.113.232 - - [22/Jan/2023:21:50:13 -0800] "POST /blog/wp-login.php HTTP/1.1" 200 3146 "-" "Mozilla/5.0" "nicolesconiers.com"
43.153.113.232 - - [22/Jan/2023:21:50:13 -0800] "POST /blog/wp-login.php HTTP/1.1" 200 3159 "-" "Mozilla/5.0" "nicolesconiers.com"
43.153.113.232 - - [22/Jan/2023:21:50:13 -0800] "POST /blog/wp-login.php HTTP/1.1" 200 3157 "-" "Mozilla/5.0" "nicolesconiers.com"
43.153.113.232 - - [22/Jan/2023:21:50:13 -0800] "POST /blog/wp-login.php HTTP/1.1" 200 3159 "-" "Mozilla/5.0" "nicolesconiers.com"
43.153.113.232 - - [22/Jan/2023:21:50:13 -0800] "POST /blog/wp-login.php HTTP/1.1" 200 3156 "-" "Mozilla/5.0" "nicolesconiers.com"
43.153.113.232 - - [22/Jan/2023:21:50:13 -0800] "POST /blog/wp-login.php HTTP/1.1" 200 3157 "-" "Mozilla/5.0" "nicolesconiers.com"
43.153.113.232 - - [22/Jan/2023:21:50:13 -0800] "POST /blog/wp-login.php HTTP/1.1" 200 3146 "-" "Mozilla/5.0" "nicolesconiers.com"
43.153.113.232 - - [22/Jan/2023:21:50:13 -0800] "POST /blog/wp-login.php HTTP/1.1" 200 3156 "-" "Mozilla/5.0" "nicolesconiers.com"
37.139.53.60 - - [22/Jan/2023:21:52:27 -0800] "GET /blog/index.php/2011/10/17/thedivaofdelay/ HTTP/1.1" 200 37023 "http://nicolesconiers.com/blog/2011/10/17/thedivaofdelay/#comment-/" "Mozilla/5.0 (Windows NT 10.0) AppleWebKit/537.36 (KHTML, like Gecko) Chrome/90.0.4430.85 Safari/537.36 Edg/90.0.818.46" "nicolesconiers.com"
37.139.53.60 - - [22/Jan/2023:21:52:29 -0800] "POST /blog/wp-comments-post.php HTTP/1.1" 302 - "http://nicolesconiers.com/blog/2011/10/17/thedivaofdelay/#comment-/" "Mozilla/5.0 (Windows NT 10.0) AppleWebKit/537.36 (KHTML, like Gecko) Chrome/90.0.4430.85 Safari/537.36 Edg/90.0.818.46" "nicolesconiers.com"
207.46.13.41 - - [22/Jan/2023:21:59:53 -0800] "GET / HTTP/1.1" 200 20039 "-" "Mozilla/5.0 AppleWebKit/537.36 (KHTML, like Gecko; compatible; bingbot/2.0; +http://www.bing.com/bingbot.htm) Chrome/103.0.5060.134 Safari/537.36" "www.nicolesconiers.com"
31.23.172.38 - - [22/Jan/2023:22:02:51 -0800] "GET /blog/index.php/2011/10/17/thedivaofdelay/ HTTP/1.1" 200 37023 "-" "Mozilla/5.0 (Windows NT 6.3; Win64; x64) AppleWebKit/537.36 (KHTML, like Gecko) Chrome/75.0.3770.100 Safari/537.36" "nicolesconiers.com"
51.222.253.11 - - [22/Jan/2023:22:03:20 -0800] "GET /blog/index.php/2012/03/27/lethal-lottery-trayvon-2-0/ HTTP/1.1" 200 36800 "-" "Mozilla/5.0 (compatible; AhrefsBot/7.0; +http://ahrefs.com/robot/)" "nicolesconiers.com"
168.119.68.241 - - [22/Jan/2023:22:03:23 -0800] "GET /blog/wp-includes/js/comment-reply.js?ver=20090102 HTTP/1.1" 200 412 "http://nicolesconiers.com/blog/2012/03/27/lethal-lottery-trayvon-2-0/" "Mozilla/5.0 (compatible; AhrefsBot/7.0; +http://ahrefs.com/robot/)" "nicolesconiers.com"
168.119.68.241 - - [22/Jan/2023:22:03:23 -0800] "GET /blog/wp-content/plugins/wp-polls/polls-css.css?ver=2.50 HTTP/1.1" 200 738 "http://nicolesconiers.com/blog/2012/03/27/lethal-lottery-trayvon-2-0/" "Mozilla/5.0 (compatible; AhrefsBot/7.0; +http://ahrefs.com/robot/)" "nicolesconiers.com"
168.119.68.241 - - [22/Jan/2023:22:03:23 -0800] "GET /blog/wp-content/themes/pilcrow/style.css HTTP/1.1" 200 4202 "http://nicolesconiers.com/blog/2012/03/27/lethal-lottery-trayvon-2-0/" "Mozilla/5.0 (compatible; AhrefsBot/7.0; +http://ahrefs.com/robot/)" "nicolesconiers.com"
168.119.68.241 - - [22/Jan/2023:22:03:23 -0800] "GET /blog/wp-includes/js/jquery/jquery.js?ver=1.4.2 HTTP/1.1" 200 24618 "http://nicolesconiers.com/blog/2012/03/27/lethal-lottery-trayvon-2-0/" "Mozilla/5.0 (compatible; AhrefsBot/7.0; +http://ahrefs.com/robot/)" "nicolesconiers.com"
168.119.68.241 - - [22/Jan/2023:22:03:23 -0800] "GET /blog/wp-content/plugins/wp-polls/polls-js.js?ver=2.50 HTTP/1.1" 200 644 "http://nicolesconiers.com/blog/2012/03/27/lethal-lottery-trayvon-2-0/" "Mozilla/5.0 (compatible; AhrefsBot/7.0; +http://ahrefs.com/robot/)" "nicolesconiers.com"
188.74.182.220 - - [22/Jan/2023:22:07:34 -0800] "GET /blog/index.php/2011/07/28/the-help-white-women-saviors-and-maids-with-superpowers/ HTTP/1.1" 200 40362 "http://nicolesconiers.com/" "Mozilla/5.0 (Macintosh; Intel Mac OS X 12_5) AppleWebKit/537.36 (KHTML, like Gecko) Chrome/103.0.0.0 Safari/537.36 OPR/89.0.4447.51" "nicolesconiers.com"
37.139.53.60 - - [22/Jan/2023:22:08:19 -0800] "GET /blog/index.php/2011/10/17/thedivaofdelay/ HTTP/1.1" 200 37023 "http://nicolesconiers.com/blog/2011/10/17/thedivaofdelay/#comment-/" "Mozilla/5.0 (Windows NT 10.0; Win64; x64) AppleWebKit/537.36 (KHTML, like Gecko) Chrome/90.0.4430.72 Safari/537.36" "nicolesconiers.com"
37.139.53.60 - - [22/Jan/2023:22:08:20 -0800] "POST /blog/wp-comments-post.php HTTP/1.1" 302 - "http://nicolesconiers.com/blog/2011/10/17/thedivaofdelay/#comment-/" "Mozilla/5.0 (Windows NT 10.0; Win64; x64) AppleWebKit/537.36 (KHTML, like Gecko) Chrome/90.0.4430.72 Safari/537.36" "nicolesconiers.com"
37.139.53.70 - - [22/Jan/2023:22:09:39 -0800] "GET /blog/index.php/2011/10/17/thedivaofdelay/ HTTP/1.1" 200 37023 "http://nicolesconiers.com/blog/2011/10/17/thedivaofdelay/#comment-/" "Mozilla/5.0 (Windows NT 6.3; Win64; x64) AppleWebKit/537.36 (KHTML, like Gecko) Chrome/90.0.4430.72 Safari/537.36" "nicolesconiers.com"
37.139.53.70 - - [22/Jan/2023:22:09:41 -0800] "POST /blog/wp-comments-post.php HTTP/1.1" 302 - "http://nicolesconiers.com/blog/2011/10/17/thedivaofdelay/#comment-/" "Mozilla/5.0 (Windows NT 6.3; Win64; x64) AppleWebKit/537.36 (KHTML, like Gecko) Chrome/90.0.4430.72 Safari/537.36" "nicolesconiers.com"
185.112.156.72 - - [22/Jan/2023:22:11:11 -0800] "GET /blog/index.php/2011/10/17/thedivaofdelay/ HTTP/1.1" 200 37023 "http://nicolesconiers.com/blog/2011/10/17/thedivaofdelay/" "Mozilla/5.0 (Windows NT 6.3; Win64; x64) AppleWebKit/537.36 (KHTML, like Gecko) Chrome/90.0.4430.72 Safari/537.36 Edg/90.0.818.42" "nicolesconiers.com"
185.112.156.72 - - [22/Jan/2023:22:11:14 -0800] "POST /blog/wp-comments-post.php HTTP/1.1" 302 - "http://nicolesconiers.com/blog/2011/10/17/thedivaofdelay/" "Mozilla/5.0 (Windows NT 6.3; Win64; x64) AppleWebKit/537.36 (KHTML, like Gecko) Chrome/90.0.4430.72 Safari/537.36 Edg/90.0.818.42" "nicolesconiers.com"
185.220.101.15 - - [22/Jan/2023:22:11:16 -0800] "GET /blog/index.php/2011/10/17/thedivaofdelay/ HTTP/1.1" 200 37023 "http://nicolesconiers.com/blog/2011/10/17/thedivaofdelay/#comment-" "Mozilla/5.0 (Windows NT 6.3; Win64; x64) AppleWebKit/537.36 (KHTML, like Gecko) Chrome/90.0.4430.72 Safari/537.36 Edg/90.0.818.42" "nicolesconiers.com"
185.220.101.15 - - [22/Jan/2023:22:11:17 -0800] "GET /blog/index.php/2011/10/17/thedivaofdelay/ HTTP/1.1" 200 37023 "http://nicolesconiers.com/blog/2011/10/17/thedivaofdelay/#comment-" "Mozilla/5.0 (Windows NT 6.3; Win64; x64) AppleWebKit/537.36 (KHTML, like Gecko) Chrome/90.0.4430.72 Safari/537.36 Edg/90.0.818.42" "nicolesconiers.com"
185.220.101.15 - - [22/Jan/2023:22:11:19 -0800] "GET /blog/ HTTP/1.1" 200 153350 "http://nicolesconiers.com/blog/" "Mozilla/5.0 (Windows NT 6.3; Win64; x64) AppleWebKit/537.36 (KHTML, like Gecko) Chrome/90.0.4430.72 Safari/537.36 Edg/90.0.818.42" "nicolesconiers.com"
62.210.215.118 - - [22/Jan/2023:22:11:27 -0800] "GET /blog/index.php/tag/guest-blog/feed/ HTTP/1.1" 200 11510 "-" "Mozilla/5.0 (X11; Linux i686) AppleWebKit/537.36 (KHTML, like Gecko) Chrome/30.0.1599.66 Safari/537.36" "nicolesconiers.com"
73.210.0.212 - - [22/Jan/2023:22:12:17 -0800] "GET /blog/index.php/2011/07/28/the-help-white-women-saviors-and-maids-with-superpowers/ HTTP/1.1" 200 40362 "-" "Mozilla/5.0 (X11; Fedora; Linux x86_64; rv:102.0) Gecko/20100101 Firefox/102.0" "nicolesconiers.com"
37.139.53.65 - - [22/Jan/2023:22:19:14 -0800] "GET /blog/index.php/2011/10/17/thedivaofdelay/ HTTP/1.1" 200 37023 "http://nicolesconiers.com/blog/2011/10/17/thedivaofdelay/#comment-/" "Mozilla/5.0 (Windows NT 6.1) AppleWebKit/537.36 (KHTML, like Gecko) Chrome/90.0.4430.93 Safari/537.36" "nicolesconiers.com"
37.139.53.65 - - [22/Jan/2023:22:19:22 -0800] "POST /blog/wp-comments-post.php HTTP/1.1" 302 - "http://nicolesconiers.com/blog/2011/10/17/thedivaofdelay/#comment-/" "Mozilla/5.0 (Windows NT 6.1) AppleWebKit/537.36 (KHTML, like Gecko) Chrome/90.0.4430.93 Safari/537.36" "nicolesconiers.com"
43.153.113.232 - - [22/Jan/2023:22:20:28 -0800] "POST /blog/wp-login.php HTTP/1.1" 200 3146 "-" "Mozilla/5.0" "nicolesconiers.com"
43.153.113.232 - - [22/Jan/2023:22:20:28 -0800] "POST /blog/wp-login.php HTTP/1.1" 200 3153 "-" "Mozilla/5.0" "nicolesconiers.com"
43.153.113.232 - - [22/Jan/2023:22:20:28 -0800] "POST /blog/wp-login.php HTTP/1.1" 200 3156 "-" "Mozilla/5.0" "nicolesconiers.com"
43.153.113.232 - - [22/Jan/2023:22:20:28 -0800] "POST /blog/wp-login.php HTTP/1.1" 200 3156 "-" "Mozilla/5.0" "nicolesconiers.com"
43.153.113.232 - - [22/Jan/2023:22:20:28 -0800] "POST /blog/wp-login.php HTTP/1.1" 200 3159 "-" "Mozilla/5.0" "nicolesconiers.com"
43.153.113.232 - - [22/Jan/2023:22:20:28 -0800] "POST /blog/wp-login.php HTTP/1.1" 200 3146 "-" "Mozilla/5.0" "nicolesconiers.com"
43.153.113.232 - - [22/Jan/2023:22:20:28 -0800] "POST /blog/wp-login.php HTTP/1.1" 200 3159 "-" "Mozilla/5.0" "nicolesconiers.com"
43.153.113.232 - - [22/Jan/2023:22:20:28 -0800] "POST /blog/wp-login.php HTTP/1.1" 200 3157 "-" "Mozilla/5.0" "nicolesconiers.com"
43.153.113.232 - - [22/Jan/2023:22:20:28 -0800] "POST /blog/wp-login.php HTTP/1.1" 200 3157 "-" "Mozilla/5.0" "nicolesconiers.com"
43.153.113.232 - - [22/Jan/2023:22:20:28 -0800] "POST /blog/wp-login.php HTTP/1.1" 200 3158 "-" "Mozilla/5.0" "nicolesconiers.com"
43.153.113.232 - - [22/Jan/2023:22:20:28 -0800] "POST /blog/wp-login.php HTTP/1.1" 200 3156 "-" "Mozilla/5.0" "nicolesconiers.com"
62.210.215.118 - - [22/Jan/2023:22:28:11 -0800] "GET /blog/index.php/tag/essence-magazine/feed/ HTTP/1.1" 200 12183 "-" "Mozilla/5.0 (X11; Linux i686) AppleWebKit/537.36 (KHTML, like Gecko) Chrome/30.0.1599.66 Safari/537.36" "nicolesconiers.com"
37.139.53.75 - - [22/Jan/2023:22:28:48 -0800] "GET /blog/index.php/2011/10/17/thedivaofdelay/ HTTP/1.1" 200 37023 "http://nicolesconiers.com/blog/2011/10/17/thedivaofdelay/#comment-/" "Mozilla/5.0 (Windows NT 10.0; Win64; x64) AppleWebKit/537.36 (KHTML, like Gecko) Chrome/90.0.4430.72 Safari/537.36 Edg/90.0.818.42" "nicolesconiers.com"
37.139.53.75 - - [22/Jan/2023:22:28:50 -0800] "POST /blog/wp-comments-post.php HTTP/1.1" 302 - "http://nicolesconiers.com/blog/2011/10/17/thedivaofdelay/#comment-/" "Mozilla/5.0 (Windows NT 10.0; Win64; x64) AppleWebKit/537.36 (KHTML, like Gecko) Chrome/90.0.4430.72 Safari/537.36 Edg/90.0.818.42" "nicolesconiers.com"
74.125.216.63 - - [22/Jan/2023:22:33:29 -0800] "GET /blog/index.php/feed/ HTTP/1.1" 200 55714 "-" "FeedFetcher-Google; (+http://www.google.com/feedfetcher.html)" "nicolesconiers.com"
37.139.53.80 - - [22/Jan/2023:22:37:45 -0800] "GET /blog/index.php/2011/10/17/thedivaofdelay/ HTTP/1.1" 200 37023 "http://nicolesconiers.com/blog/2011/10/17/thedivaofdelay/#comment-/" "Mozilla/5.0 (Windows NT 6.1; Win64; x64) AppleWebKit/537.36 (KHTML, like Gecko) Chrome/90.0.4430.85 Safari/537.36 Edg/90.0.818.49" "nicolesconiers.com"
37.139.53.80 - - [22/Jan/2023:22:37:48 -0800] "POST /blog/wp-comments-post.php HTTP/1.1" 302 - "http://nicolesconiers.com/blog/2011/10/17/thedivaofdelay/#comment-/" "Mozilla/5.0 (Windows NT 6.1; Win64; x64) AppleWebKit/537.36 (KHTML, like Gecko) Chrome/90.0.4430.85 Safari/537.36 Edg/90.0.818.49" "nicolesconiers.com"
37.139.53.80 - - [22/Jan/2023:22:41:01 -0800] "GET /blog/index.php/2011/10/17/thedivaofdelay/ HTTP/1.1" 200 37023 "http://nicolesconiers.com/blog/2011/10/17/thedivaofdelay/#comment-/" "Mozilla/5.0 (Windows NT 10.0; WOW64) AppleWebKit/537.36 (KHTML, like Gecko) Chrome/90.0.4430.72 Safari/537.36" "nicolesconiers.com"
37.139.53.80 - - [22/Jan/2023:22:41:03 -0800] "POST /blog/wp-comments-post.php HTTP/1.1" 302 - "http://nicolesconiers.com/blog/2011/10/17/thedivaofdelay/#comment-/" "Mozilla/5.0 (Windows NT 10.0; WOW64) AppleWebKit/537.36 (KHTML, like Gecko) Chrome/90.0.4430.72 Safari/537.36" "nicolesconiers.com"
37.139.53.75 - - [22/Jan/2023:22:42:04 -0800] "GET /blog/index.php/2011/10/17/thedivaofdelay/ HTTP/1.1" 200 37023 "http://nicolesconiers.com/blog/2011/10/17/thedivaofdelay/#comment-/" "Mozilla/5.0 (Windows NT 6.1; ) AppleWebKit/537.36 (KHTML, like Gecko) Chrome/90.0.4430.72 Safari/537.36" "nicolesconiers.com"
37.139.53.75 - - [22/Jan/2023:22:42:07 -0800] "POST /blog/wp-comments-post.php HTTP/1.1" 302 - "http://nicolesconiers.com/blog/2011/10/17/thedivaofdelay/#comment-/" "Mozilla/5.0 (Windows NT 6.1; ) AppleWebKit/537.36 (KHTML, like Gecko) Chrome/90.0.4430.72 Safari/537.36" "nicolesconiers.com"
43.153.113.232 - - [22/Jan/2023:22:51:12 -0800] "POST /blog/wp-login.php HTTP/1.1" 200 3158 "-" "Mozilla/5.0" "nicolesconiers.com"
43.153.113.232 - - [22/Jan/2023:22:51:12 -0800] "POST /blog/wp-login.php HTTP/1.1" 200 3159 "-" "Mozilla/5.0" "nicolesconiers.com"
43.153.113.232 - - [22/Jan/2023:22:51:12 -0800] "POST /blog/wp-login.php HTTP/1.1" 200 3156 "-" "Mozilla/5.0" "nicolesconiers.com"
43.153.113.232 - - [22/Jan/2023:22:51:12 -0800] "POST /blog/wp-login.php HTTP/1.1" 200 3156 "-" "Mozilla/5.0" "nicolesconiers.com"
43.153.113.232 - - [22/Jan/2023:22:51:12 -0800] "POST /blog/wp-login.php HTTP/1.1" 200 3153 "-" "Mozilla/5.0" "nicolesconiers.com"
43.153.113.232 - - [22/Jan/2023:22:51:12 -0800] "POST /blog/wp-login.php HTTP/1.1" 200 3146 "-" "Mozilla/5.0" "nicolesconiers.com"
43.153.113.232 - - [22/Jan/2023:22:51:12 -0800] "POST /blog/wp-login.php HTTP/1.1" 200 3159 "-" "Mozilla/5.0" "nicolesconiers.com"
43.153.113.232 - - [22/Jan/2023:22:51:12 -0800] "POST /blog/wp-login.php HTTP/1.1" 200 3156 "-" "Mozilla/5.0" "nicolesconiers.com"
43.153.113.232 - - [22/Jan/2023:22:51:12 -0800] "POST /blog/wp-login.php HTTP/1.1" 200 3157 "-" "Mozilla/5.0" "nicolesconiers.com"
43.153.113.232 - - [22/Jan/2023:22:51:12 -0800] "POST /blog/wp-login.php HTTP/1.1" 200 3146 "-" "Mozilla/5.0" "nicolesconiers.com"
43.153.113.232 - - [22/Jan/2023:22:51:12 -0800] "POST /blog/wp-login.php HTTP/1.1" 200 3157 "-" "Mozilla/5.0" "nicolesconiers.com"
37.139.53.70 - - [22/Jan/2023:22:52:00 -0800] "GET /blog/index.php/2011/10/17/thedivaofdelay/ HTTP/1.1" 200 37023 "http://nicolesconiers.com/blog/2011/10/17/thedivaofdelay/#comment-/" "Mozilla/5.0 (Windows NT 6.3; Win64; x64) AppleWebKit/537.36 (KHTML, like Gecko) Chrome/90.0.4430.85 Safari/537.36" "nicolesconiers.com"
37.139.53.70 - - [22/Jan/2023:22:52:06 -0800] "POST /blog/wp-comments-post.php HTTP/1.1" 302 - "http://nicolesconiers.com/blog/2011/10/17/thedivaofdelay/#comment-/" "Mozilla/5.0 (Windows NT 6.3; Win64; x64) AppleWebKit/537.36 (KHTML, like Gecko) Chrome/90.0.4430.85 Safari/537.36" "nicolesconiers.com"
37.139.53.60 - - [22/Jan/2023:22:52:18 -0800] "GET /blog/index.php/2011/10/17/thedivaofdelay/ HTTP/1.1" 200 37023 "http://nicolesconiers.com/blog/2011/10/17/thedivaofdelay/#comment-/" "Mozilla/5.0 (Windows NT 6.3; Win64; x64) AppleWebKit/537.36 (KHTML, like Gecko) Chrome/90.0.4430.85 Safari/537.36" "nicolesconiers.com"
37.139.53.60 - - [22/Jan/2023:22:52:21 -0800] "POST /blog/wp-comments-post.php HTTP/1.1" 302 - "http://nicolesconiers.com/blog/2011/10/17/thedivaofdelay/#comment-/" "Mozilla/5.0 (Windows NT 6.3; Win64; x64) AppleWebKit/537.36 (KHTML, like Gecko) Chrome/90.0.4430.85 Safari/537.36" "nicolesconiers.com"
10.213.116.227 - - [22/Jan/2023:22:53:04 -0800] "POST /blog/wp-cron.php?doing_wp_cron HTTP/1.1" 200 - "-" "WordPress/3.0.4; http://nicolesconiers.com/blog" "nicolesconiers.com"
37.139.53.65 - - [22/Jan/2023:22:53:04 -0800] "GET /blog/index.php/2011/10/17/thedivaofdelay/ HTTP/1.1" 200 37023 "http://nicolesconiers.com/blog/2011/10/17/thedivaofdelay/#comment-/" "Mozilla/5.0 (Windows NT 10.0; Win64; x64) AppleWebKit/537.36 (KHTML, like Gecko) Chrome/90.0.4430.85 Safari/537.36 Edg/90.0.818.49" "nicolesconiers.com"
37.139.53.65 - - [22/Jan/2023:22:53:07 -0800] "POST /blog/wp-comments-post.php HTTP/1.1" 302 - "http://nicolesconiers.com/blog/2011/10/17/thedivaofdelay/#comment-/" "Mozilla/5.0 (Windows NT 10.0; Win64; x64) AppleWebKit/537.36 (KHTML, like Gecko) Chrome/90.0.4430.85 Safari/537.36 Edg/90.0.818.49" "nicolesconiers.com"
54.193.5.241 - - [22/Jan/2023:23:00:45 -0800] "GET / HTTP/1.1" 200 20039 "-" "Mozilla/5.0 (Macintosh; Intel Mac OS X 10_13_6) AppleWebKit/537.36 (KHTML, like Gecko) Chrome/73.0.3683.103 Safari/537.36" "nicolesconiers.com"
37.139.53.60 - - [22/Jan/2023:23:08:09 -0800] "GET /blog/index.php/2011/10/17/thedivaofdelay/ HTTP/1.1" 200 37023 "http://nicolesconiers.com/blog/2011/10/17/thedivaofdelay/#comment-/" "Mozilla/5.0 (Windows NT 6.1) AppleWebKit/537.36 (KHTML, like Gecko) Chrome/90.0.4430.93 Safari/537.36" "nicolesconiers.com"
37.139.53.60 - - [22/Jan/2023:23:08:15 -0800] "POST /blog/wp-comments-post.php HTTP/1.1" 302 - "http://nicolesconiers.com/blog/2011/10/17/thedivaofdelay/#comment-/" "Mozilla/5.0 (Windows NT 6.1) AppleWebKit/537.36 (KHTML, like Gecko) Chrome/90.0.4430.93 Safari/537.36" "nicolesconiers.com"
58.213.105.94 - - [22/Jan/2023:23:09:41 -0800] "GET /2000/license.txt HTTP/1.1" 404 88 "-" "Mozilla/5.0 (X11; Ubuntu; Linux x86_64; rv:62.0) Gecko/20100101 Firefox/62.0" "nicolesconiers.com"
123.125.109.101 - - [22/Jan/2023:23:12:59 -0800] "GET / HTTP/1.1" 200 20039 "-" "Sogou web spider/4.0(+http://www.sogou.com/docs/help/webmasters.htm#07)" "nicolesconiers.com"
37.139.53.70 - - [22/Jan/2023:23:15:01 -0800] "GET /blog/index.php/2011/10/17/thedivaofdelay/ HTTP/1.1" 200 37023 "http://nicolesconiers.com/blog/2011/10/17/thedivaofdelay/#comment-/" "Mozilla/5.0 (Windows NT 6.3; Win64; x64) AppleWebKit/537.36 (KHTML, like Gecko) Chrome/90.0.4430.72 Safari/537.36 Edg/90.0.818.42" "nicolesconiers.com"
37.139.53.70 - - [22/Jan/2023:23:15:04 -0800] "POST /blog/wp-comments-post.php HTTP/1.1" 302 - "http://nicolesconiers.com/blog/2011/10/17/thedivaofdelay/#comment-/" "Mozilla/5.0 (Windows NT 6.3; Win64; x64) AppleWebKit/537.36 (KHTML, like Gecko) Chrome/90.0.4430.72 Safari/537.36 Edg/90.0.818.42" "nicolesconiers.com"
62.210.215.118 - - [22/Jan/2023:23:15:55 -0800] "GET /blog/index.php/tag/new-orleans/feed/ HTTP/1.1" 200 17806 "-" "Mozilla/5.0 (X11; Linux i686) AppleWebKit/537.36 (KHTML, like Gecko) Chrome/30.0.1599.66 Safari/537.36" "nicolesconiers.com"
23.106.216.166 - - [22/Jan/2023:23:15:56 -0800] "GET /blog/index.php/2011/07/01/the-beckyville-bookmobile-or-soul-sista-ice-cream-truck/ HTTP/1.1" 200 41455 "http://nicolesconiers.com/" "Mozilla/5.0 (X11; Ubuntu; Linux i686; rv:102.0) Gecko/20100101 Firefox/102.0" "nicolesconiers.com"
107.175.68.145 - - [22/Jan/2023:23:20:15 -0800] "GET /blog/index.php/contact-me/ HTTP/1.1" 200 26736 "-" "Mozilla/5.0 (Macintosh; Intel Mac OS X 10_11_4) AppleWebKit/537.36 (KHTML, like Gecko) Chrome/52.0.2745.65 Safari/537.36" "nicolesconiers.com"
107.175.68.145 - - [22/Jan/2023:23:20:17 -0800] "POST /blog/wp-comments-post.php HTTP/1.1" 302 - "http://nicolesconiers.com/blog/contact-me/" "Mozilla/5.0 (Macintosh; Intel Mac OS X 10_11_4) AppleWebKit/537.36 (KHTML, like Gecko) Chrome/52.0.2745.65 Safari/537.36" "nicolesconiers.com"
107.175.68.145 - - [22/Jan/2023:23:20:18 -0800] "GET /blog/index.php/contact-me/ HTTP/1.1" 200 26736 "http://nicolesconiers.com/blog/contact-me/" "Mozilla/5.0 (Macintosh; Intel Mac OS X 10_11_4) AppleWebKit/537.36 (KHTML, like Gecko) Chrome/52.0.2745.65 Safari/537.36" "nicolesconiers.com"
43.153.113.232 - - [22/Jan/2023:23:22:02 -0800] "POST /blog/wp-login.php HTTP/1.1" 200 3159 "-" "Mozilla/5.0" "nicolesconiers.com"
43.153.113.232 - - [22/Jan/2023:23:22:02 -0800] "POST /blog/wp-login.php HTTP/1.1" 200 3157 "-" "Mozilla/5.0" "nicolesconiers.com"
43.153.113.232 - - [22/Jan/2023:23:22:02 -0800] "POST /blog/wp-login.php HTTP/1.1" 200 3153 "-" "Mozilla/5.0" "nicolesconiers.com"
43.153.113.232 - - [22/Jan/2023:23:22:02 -0800] "POST /blog/wp-login.php HTTP/1.1" 200 3159 "-" "Mozilla/5.0" "nicolesconiers.com"
43.153.113.232 - - [22/Jan/2023:23:22:02 -0800] "POST /blog/wp-login.php HTTP/1.1" 200 3146 "-" "Mozilla/5.0" "nicolesconiers.com"
43.153.113.232 - - [22/Jan/2023:23:22:02 -0800] "POST /blog/wp-login.php HTTP/1.1" 200 3146 "-" "Mozilla/5.0" "nicolesconiers.com"
43.153.113.232 - - [22/Jan/2023:23:22:02 -0800] "POST /blog/wp-login.php HTTP/1.1" 200 3156 "-" "Mozilla/5.0" "nicolesconiers.com"
43.153.113.232 - - [22/Jan/2023:23:22:02 -0800] "POST /blog/wp-login.php HTTP/1.1" 200 3156 "-" "Mozilla/5.0" "nicolesconiers.com"
43.153.113.232 - - [22/Jan/2023:23:22:02 -0800] "POST /blog/wp-login.php HTTP/1.1" 200 3157 "-" "Mozilla/5.0" "nicolesconiers.com"
43.153.113.232 - - [22/Jan/2023:23:22:02 -0800] "POST /blog/wp-login.php HTTP/1.1" 200 3158 "-" "Mozilla/5.0" "nicolesconiers.com"
43.153.113.232 - - [22/Jan/2023:23:22:02 -0800] "POST /blog/wp-login.php HTTP/1.1" 200 3156 "-" "Mozilla/5.0" "nicolesconiers.com"
54.36.148.59 - - [22/Jan/2023:23:23:53 -0800] "GET /robots.txt HTTP/1.1" 200 44 "-" "Mozilla/5.0 (compatible; AhrefsBot/7.0; +http://ahrefs.com/robot/)" "nicolesconiers.com"
51.222.253.15 - - [22/Jan/2023:23:23:54 -0800] "GET / HTTP/1.1" 200 20039 "-" "Mozilla/5.0 (compatible; AhrefsBot/7.0; +http://ahrefs.com/robot/)" "nicolesconiers.com"
51.222.253.14 - - [22/Jan/2023:23:24:01 -0800] "GET /js/lib/touchswipe/jquery.mobile.custom.min.js HTTP/1.1" 200 2872 "-" "Mozilla/5.0 (compatible; AhrefsBot/7.0; +http://ahrefs.com/robot/)" "nicolesconiers.com"
51.222.253.14 - - [22/Jan/2023:23:24:02 -0800] "GET /js/all_js.js HTTP/1.1" 200 14389 "-" "Mozilla/5.0 (compatible; AhrefsBot/7.0; +http://ahrefs.com/robot/)" "nicolesconiers.com"
51.222.253.2 - - [22/Jan/2023:23:24:03 -0800] "GET /css/static_style.css HTTP/1.1" 200 3614 "-" "Mozilla/5.0 (compatible; AhrefsBot/7.0; +http://ahrefs.com/robot/)" "nicolesconiers.com"
51.222.253.6 - - [22/Jan/2023:23:24:04 -0800] "GET /css/lightbox.css?v=1.5.8c HTTP/1.1" 200 646 "-" "Mozilla/5.0 (compatible; AhrefsBot/7.0; +http://ahrefs.com/robot/)" "nicolesconiers.com"
51.222.253.12 - - [22/Jan/2023:23:24:04 -0800] "GET /js/lightbox.js?v=1.5.8c HTTP/1.1" 200 3021 "-" "Mozilla/5.0 (compatible; AhrefsBot/7.0; +http://ahrefs.com/robot/)" "nicolesconiers.com"
51.222.253.5 - - [22/Jan/2023:23:24:05 -0800] "GET /js/xprs_helper.js?v=1.5.8c HTTP/1.1" 200 9186 "-" "Mozilla/5.0 (compatible; AhrefsBot/7.0; +http://ahrefs.com/robot/)" "nicolesconiers.com"
51.222.253.13 - - [22/Jan/2023:23:24:06 -0800] "GET /css/fonts.css?v=1.5.8c HTTP/1.1" 200 1538 "-" "Mozilla/5.0 (compatible; AhrefsBot/7.0; +http://ahrefs.com/robot/)" "nicolesconiers.com"
51.222.253.9 - - [22/Jan/2023:23:24:07 -0800] "GET /css/effects.css?v=1.5.8c HTTP/1.1" 200 2395 "-" "Mozilla/5.0 (compatible; AhrefsBot/7.0; +http://ahrefs.com/robot/)" "nicolesconiers.com"
51.222.253.4 - - [22/Jan/2023:23:24:08 -0800] "GET /js/spimeengine.js?v=1.5.8c HTTP/1.1" 200 17277 "-" "Mozilla/5.0 (compatible; AhrefsBot/7.0; +http://ahrefs.com/robot/)" "nicolesconiers.com"
87.250.224.123 - - [22/Jan/2023:23:24:56 -0800] "GET /robots.txt HTTP/1.1" 200 24 "-" "Mozilla/5.0 (compatible; YandexBot/3.0; +http://yandex.com/bots)" "nicolesconiers.com"
87.250.224.123 - - [22/Jan/2023:23:25:00 -0800] "GET /blog/index.php/tag/ava-duvernay/ HTTP/1.1" 200 27013 "-" "Mozilla/5.0 (compatible; YandexBot/3.0; +http://yandex.com/bots)" "nicolesconiers.com"
37.139.53.65 - - [22/Jan/2023:23:26:57 -0800] "GET /blog/index.php/2011/10/17/thedivaofdelay/ HTTP/1.1" 200 37023 "http://nicolesconiers.com/blog/2011/10/17/thedivaofdelay/#comment-/" "Mozilla/5.0 (Windows NT 6.3; Win64; x64) AppleWebKit/537.36 (KHTML, like Gecko) Chrome/90.0.4430.72 Safari/537.36" "nicolesconiers.com"
37.139.53.65 - - [22/Jan/2023:23:27:00 -0800] "POST /blog/wp-comments-post.php HTTP/1.1" 302 - "http://nicolesconiers.com/blog/2011/10/17/thedivaofdelay/#comment-/" "Mozilla/5.0 (Windows NT 6.3; Win64; x64) AppleWebKit/537.36 (KHTML, like Gecko) Chrome/90.0.4430.72 Safari/537.36" "nicolesconiers.com"
37.139.53.75 - - [22/Jan/2023:23:31:23 -0800] "GET /blog/index.php/2011/10/17/thedivaofdelay/ HTTP/1.1" 200 37023 "http://nicolesconiers.com/blog/2011/10/17/thedivaofdelay/#comment-/" "Mozilla/5.0 (Windows NT 6.2; Win64; x64) AppleWebKit/537.36 (KHTML, like Gecko) Chrome/90.0.4430.93 Safari/537.36" "nicolesconiers.com"
37.139.53.75 - - [22/Jan/2023:23:31:25 -0800] "POST /blog/wp-comments-post.php HTTP/1.1" 302 - "http://nicolesconiers.com/blog/2011/10/17/thedivaofdelay/#comment-/" "Mozilla/5.0 (Windows NT 6.2; Win64; x64) AppleWebKit/537.36 (KHTML, like Gecko) Chrome/90.0.4430.93 Safari/537.36" "nicolesconiers.com"
74.125.216.59 - - [22/Jan/2023:23:32:20 -0800] "GET /blog/index.php/feed/ HTTP/1.1" 200 55714 "-" "FeedFetcher-Google; (+http://www.google.com/feedfetcher.html)" "nicolesconiers.com"
65.109.30.41 - - [22/Jan/2023:23:32:30 -0800] "GET /blog/index.php/2011/10/17/thedivaofdelay/ HTTP/1.1" 200 37023 "http://nicolesconiers.com/blog/2011/10/17/thedivaofdelay/" "Mozilla/5.0 (Windows NT 10.0) AppleWebKit/537.36 (KHTML, like Gecko) Chrome/90.0.4430.93 Safari/537.36" "nicolesconiers.com"
65.109.30.41 - - [22/Jan/2023:23:32:32 -0800] "POST /blog/wp-comments-post.php HTTP/1.1" 302 - "http://nicolesconiers.com/blog/2011/10/17/thedivaofdelay/" "Mozilla/5.0 (Windows NT 10.0) AppleWebKit/537.36 (KHTML, like Gecko) Chrome/90.0.4430.93 Safari/537.36" "nicolesconiers.com"
65.109.30.41 - - [22/Jan/2023:23:32:33 -0800] "GET /blog/index.php/2011/10/17/thedivaofdelay/ HTTP/1.1" 200 37023 "http://nicolesconiers.com/blog/2011/10/17/thedivaofdelay/#comment-" "Mozilla/5.0 (Windows NT 10.0) AppleWebKit/537.36 (KHTML, like Gecko) Chrome/90.0.4430.93 Safari/537.36" "nicolesconiers.com"
37.139.53.80 - - [22/Jan/2023:23:39:11 -0800] "GET /blog/index.php/2011/10/17/thedivaofdelay/ HTTP/1.1" 200 37023 "http://nicolesconiers.com/blog/2011/10/17/thedivaofdelay/#comment-/" "Mozilla/5.0 (Windows NT 6.2; Win64; x64) AppleWebKit/537.36 (KHTML, like Gecko) Chrome/90.0.4430.72 Safari/537.36" "nicolesconiers.com"
37.139.53.80 - - [22/Jan/2023:23:39:14 -0800] "POST /blog/wp-comments-post.php HTTP/1.1" 302 - "http://nicolesconiers.com/blog/2011/10/17/thedivaofdelay/#comment-/" "Mozilla/5.0 (Windows NT 6.2; Win64; x64) AppleWebKit/537.36 (KHTML, like Gecko) Chrome/90.0.4430.72 Safari/537.36" "nicolesconiers.com"
37.139.53.80 - - [22/Jan/2023:23:41:47 -0800] "GET /blog/index.php/2011/10/17/thedivaofdelay/ HTTP/1.1" 200 37023 "http://nicolesconiers.com/blog/2011/10/17/thedivaofdelay/#comment-/" "Mozilla/5.0 (Windows NT 6.1; WOW64) AppleWebKit/537.36 (KHTML, like Gecko) Chrome/90.0.4430.93 Safari/537.36" "nicolesconiers.com"
37.139.53.80 - - [22/Jan/2023:23:41:49 -0800] "POST /blog/wp-comments-post.php HTTP/1.1" 302 - "http://nicolesconiers.com/blog/2011/10/17/thedivaofdelay/#comment-/" "Mozilla/5.0 (Windows NT 6.1; WOW64) AppleWebKit/537.36 (KHTML, like Gecko) Chrome/90.0.4430.93 Safari/537.36" "nicolesconiers.com"
37.139.53.75 - - [22/Jan/2023:23:44:24 -0800] "GET /blog/index.php/2011/10/17/thedivaofdelay/ HTTP/1.1" 200 37023 "http://nicolesconiers.com/blog/2011/10/17/thedivaofdelay/#comment-/" "Mozilla/5.0 (Windows NT 6.1; Win64; x64) AppleWebKit/537.36 (KHTML, like Gecko) Chrome/90.0.4427.0 Safari/537.36" "nicolesconiers.com"
37.139.53.75 - - [22/Jan/2023:23:44:26 -0800] "POST /blog/wp-comments-post.php HTTP/1.1" 302 - "http://nicolesconiers.com/blog/2011/10/17/thedivaofdelay/#comment-/" "Mozilla/5.0 (Windows NT 6.1; Win64; x64) AppleWebKit/537.36 (KHTML, like Gecko) Chrome/90.0.4427.0 Safari/537.36" "nicolesconiers.com"
37.139.53.60 - - [22/Jan/2023:23:53:06 -0800] "GET /blog/index.php/2011/10/17/thedivaofdelay/ HTTP/1.1" 200 37023 "http://nicolesconiers.com/blog/2011/10/17/thedivaofdelay/#comment-/" "Mozilla/5.0 (Windows NT 10.0; WOW64) AppleWebKit/537.36 (KHTML, like Gecko) Chrome/90.0.4400.8 Safari/537.36" "nicolesconiers.com"
37.139.53.60 - - [22/Jan/2023:23:53:09 -0800] "POST /blog/wp-comments-post.php HTTP/1.1" 302 - "http://nicolesconiers.com/blog/2011/10/17/thedivaofdelay/#comment-/" "Mozilla/5.0 (Windows NT 10.0; WOW64) AppleWebKit/537.36 (KHTML, like Gecko) Chrome/90.0.4400.8 Safari/537.36" "nicolesconiers.com"
43.153.113.232 - - [22/Jan/2023:23:53:11 -0800] "POST /blog/wp-login.php HTTP/1.1" 200 3156 "-" "Mozilla/5.0" "nicolesconiers.com"
43.153.113.232 - - [22/Jan/2023:23:53:11 -0800] "POST /blog/wp-login.php HTTP/1.1" 200 3158 "-" "Mozilla/5.0" "nicolesconiers.com"
43.153.113.232 - - [22/Jan/2023:23:53:11 -0800] "POST /blog/wp-login.php HTTP/1.1" 200 3159 "-" "Mozilla/5.0" "nicolesconiers.com"
43.153.113.232 - - [22/Jan/2023:23:53:11 -0800] "POST /blog/wp-login.php HTTP/1.1" 200 3157 "-" "Mozilla/5.0" "nicolesconiers.com"
43.153.113.232 - - [22/Jan/2023:23:53:11 -0800] "POST /blog/wp-login.php HTTP/1.1" 200 3156 "-" "Mozilla/5.0" "nicolesconiers.com"
43.153.113.232 - - [22/Jan/2023:23:53:11 -0800] "POST /blog/wp-login.php HTTP/1.1" 200 3157 "-" "Mozilla/5.0" "nicolesconiers.com"
43.153.113.232 - - [22/Jan/2023:23:53:11 -0800] "POST /blog/wp-login.php HTTP/1.1" 200 3146 "-" "Mozilla/5.0" "nicolesconiers.com"
43.153.113.232 - - [22/Jan/2023:23:53:11 -0800] "POST /blog/wp-login.php HTTP/1.1" 200 3159 "-" "Mozilla/5.0" "nicolesconiers.com"
43.153.113.232 - - [22/Jan/2023:23:53:11 -0800] "POST /blog/wp-login.php HTTP/1.1" 200 3153 "-" "Mozilla/5.0" "nicolesconiers.com"
43.153.113.232 - - [22/Jan/2023:23:53:11 -0800] "POST /blog/wp-login.php HTTP/1.1" 200 3156 "-" "Mozilla/5.0" "nicolesconiers.com"
43.153.113.232 - - [22/Jan/2023:23:53:11 -0800] "POST /blog/wp-login.php HTTP/1.1" 200 3146 "-" "Mozilla/5.0" "nicolesconiers.com"
37.139.53.70 - - [22/Jan/2023:23:57:18 -0800] "GET /blog/index.php/2011/10/17/thedivaofdelay/ HTTP/1.1" 200 37023 "http://nicolesconiers.com/blog/2011/10/17/thedivaofdelay/#comment-/" "Mozilla/5.0 (Windows NT 6.1) AppleWebKit/537.36 (KHTML, like Gecko) Chrome/90.0.4430.85 Safari/537.36" "nicolesconiers.com"
37.139.53.70 - - [22/Jan/2023:23:57:22 -0800] "POST /blog/wp-comments-post.php HTTP/1.1" 302 - "http://nicolesconiers.com/blog/2011/10/17/thedivaofdelay/#comment-/" "Mozilla/5.0 (Windows NT 6.1) AppleWebKit/537.36 (KHTML, like Gecko) Chrome/90.0.4430.85 Safari/537.36" "nicolesconiers.com"
37.139.53.65 - - [23/Jan/2023:00:01:06 -0800] "GET /blog/index.php/2011/10/17/thedivaofdelay/ HTTP/1.1" 200 37023 "http://nicolesconiers.com/blog/2011/10/17/thedivaofdelay/#comment-/" "Mozilla/5.0 (Windows NT 6.1; WOW64) AppleWebKit/537.36 (KHTML, like Gecko) Chrome/90.0.4430.85 Safari/537.36" "nicolesconiers.com"
37.139.53.65 - - [23/Jan/2023:00:01:17 -0800] "POST /blog/wp-comments-post.php HTTP/1.1" 302 - "http://nicolesconiers.com/blog/2011/10/17/thedivaofdelay/#comment-/" "Mozilla/5.0 (Windows NT 6.1; WOW64) AppleWebKit/537.36 (KHTML, like Gecko) Chrome/90.0.4430.85 Safari/537.36" "nicolesconiers.com"
210.210.172.79 - - [23/Jan/2023:00:02:33 -0800] "GET /blog/index.php/2011/07/28/the-help-white-women-saviors-and-maids-with-superpowers/ HTTP/1.1" 200 40362 "http://nicolesconiers.com/" "Mozilla/5.0 (Macintosh; Intel Mac OS X 12_5) AppleWebKit/605.1.15 (KHTML, like Gecko) Version/15.4 Safari/605.1.15" "nicolesconiers.com"
5.130.185.31 - - [23/Jan/2023:00:03:24 -0800] "GET /blog/index.php/2011/07/28/the-help-white-women-saviors-and-maids-with-superpowers/ HTTP/1.1" 200 40362 "http://nicolesconiers.com/" "Mozilla/5.0 (Macintosh; Intel Mac OS X 12_5) AppleWebKit/605.1.15 (KHTML, like Gecko) Version/15.4 Safari/605.1.15" "nicolesconiers.com"
62.210.215.118 - - [23/Jan/2023:00:03:37 -0800] "GET /blog/index.php/tag/thingsyoushouldknowaboutme/feed/ HTTP/1.1" 200 16956 "-" "Mozilla/5.0 (X11; Linux i686) AppleWebKit/537.36 (KHTML, like Gecko) Chrome/30.0.1599.66 Safari/537.36" "nicolesconiers.com"
94.103.94.76 - - [23/Jan/2023:00:04:00 -0800] "GET /blog/index.php/2011/10/17/thedivaofdelay/ HTTP/1.1" 200 37023 "http://nicolesconiers.com/blog/2011/10/17/thedivaofdelay/" "Mozilla/5.0 (Windows NT 6.1; Win64; x64) AppleWebKit/537.36 (KHTML, like Gecko) Chrome/90.0.4430.85 Safari/537.36" "nicolesconiers.com"
94.103.94.76 - - [23/Jan/2023:00:04:03 -0800] "POST /blog/wp-comments-post.php HTTP/1.1" 302 - "http://nicolesconiers.com/blog/2011/10/17/thedivaofdelay/" "Mozilla/5.0 (Windows NT 6.1; Win64; x64) AppleWebKit/537.36 (KHTML, like Gecko) Chrome/90.0.4430.85 Safari/537.36" "nicolesconiers.com"
94.103.94.76 - - [23/Jan/2023:00:04:04 -0800] "GET /blog/index.php/2011/10/17/thedivaofdelay/ HTTP/1.1" 200 37023 "http://nicolesconiers.com/blog/2011/10/17/thedivaofdelay/#comment-" "Mozilla/5.0 (Windows NT 6.1; Win64; x64) AppleWebKit/537.36 (KHTML, like Gecko) Chrome/90.0.4430.85 Safari/537.36" "nicolesconiers.com"
61.135.159.197 - - [23/Jan/2023:00:06:18 -0800] "GET / HTTP/1.1" 200 20039 "-" "Sogou web spider/4.0(+http://www.sogou.com/docs/help/webmasters.htm#07)" "www.nicolesconiers.com"
66.249.72.61 - - [23/Jan/2023:00:08:06 -0800] "GET /blog/wp-content/uploads/2012/01/New-script.jpg HTTP/1.1" 200 60723 "-" "Googlebot-Image/1.0" "nicolesconiers.com"
37.139.53.60 - - [23/Jan/2023:00:09:26 -0800] "GET /blog/index.php/2011/10/17/thedivaofdelay/ HTTP/1.1" 200 37023 "http://nicolesconiers.com/blog/2011/10/17/thedivaofdelay/#comment-/" "Mozilla/5.0 (Windows NT 6.3; Win64; x64) AppleWebKit/537.36 (KHTML, like Gecko) Chrome/90.0.4430.93 Safari/537.36" "nicolesconiers.com"
37.139.53.60 - - [23/Jan/2023:00:09:29 -0800] "POST /blog/wp-comments-post.php HTTP/1.1" 302 - "http://nicolesconiers.com/blog/2011/10/17/thedivaofdelay/#comment-/" "Mozilla/5.0 (Windows NT 6.3; Win64; x64) AppleWebKit/537.36 (KHTML, like Gecko) Chrome/90.0.4430.93 Safari/537.36" "nicolesconiers.com"
37.139.53.70 - - [23/Jan/2023:00:20:07 -0800] "GET /blog/index.php/2011/10/17/thedivaofdelay/ HTTP/1.1" 200 37023 "http://nicolesconiers.com/blog/2011/10/17/thedivaofdelay/#comment-/" "Mozilla/5.0 (Windows NT 6.1; Win64; x64) AppleWebKit/537.36 (KHTML, like Gecko) Chrome/90.0.4430.85 Safari/537.36 Edg/90.0.818.49" "nicolesconiers.com"
37.139.53.70 - - [23/Jan/2023:00:20:11 -0800] "POST /blog/wp-comments-post.php HTTP/1.1" 302 - "http://nicolesconiers.com/blog/2011/10/17/thedivaofdelay/#comment-/" "Mozilla/5.0 (Windows NT 6.1; Win64; x64) AppleWebKit/537.36 (KHTML, like Gecko) Chrome/90.0.4430.85 Safari/537.36 Edg/90.0.818.49" "nicolesconiers.com"
43.153.113.232 - - [23/Jan/2023:00:24:47 -0800] "POST /blog/wp-login.php HTTP/1.1" 200 3153 "-" "Mozilla/5.0" "nicolesconiers.com"
43.153.113.232 - - [23/Jan/2023:00:24:47 -0800] "POST /blog/wp-login.php HTTP/1.1" 200 3156 "-" "Mozilla/5.0" "nicolesconiers.com"
43.153.113.232 - - [23/Jan/2023:00:24:47 -0800] "POST /blog/wp-login.php HTTP/1.1" 200 3156 "-" "Mozilla/5.0" "nicolesconiers.com"
43.153.113.232 - - [23/Jan/2023:00:24:47 -0800] "POST /blog/wp-login.php HTTP/1.1" 200 3156 "-" "Mozilla/5.0" "nicolesconiers.com"
43.153.113.232 - - [23/Jan/2023:00:24:47 -0800] "POST /blog/wp-login.php HTTP/1.1" 200 3146 "-" "Mozilla/5.0" "nicolesconiers.com"
43.153.113.232 - - [23/Jan/2023:00:24:47 -0800] "POST /blog/wp-login.php HTTP/1.1" 200 3157 "-" "Mozilla/5.0" "nicolesconiers.com"
43.153.113.232 - - [23/Jan/2023:00:24:47 -0800] "POST /blog/wp-login.php HTTP/1.1" 200 3159 "-" "Mozilla/5.0" "nicolesconiers.com"
43.153.113.232 - - [23/Jan/2023:00:24:47 -0800] "POST /blog/wp-login.php HTTP/1.1" 200 3146 "-" "Mozilla/5.0" "nicolesconiers.com"
43.153.113.232 - - [23/Jan/2023:00:24:47 -0800] "POST /blog/wp-login.php HTTP/1.1" 200 3158 "-" "Mozilla/5.0" "nicolesconiers.com"
43.153.113.232 - - [23/Jan/2023:00:24:47 -0800] "POST /blog/wp-login.php HTTP/1.1" 200 3159 "-" "Mozilla/5.0" "nicolesconiers.com"
43.153.113.232 - - [23/Jan/2023:00:24:47 -0800] "POST /blog/wp-login.php HTTP/1.1" 200 3157 "-" "Mozilla/5.0" "nicolesconiers.com"
62.210.215.118 - - [23/Jan/2023:00:32:20 -0800] "GET /blog/index.php/tag/phoenixville/feed/ HTTP/1.1" 200 10616 "-" "Mozilla/5.0 (X11; Linux i686) AppleWebKit/537.36 (KHTML, like Gecko) Chrome/30.0.1599.66 Safari/537.36" "nicolesconiers.com"
104.10.37.242 - - [23/Jan/2023:00:33:18 -0800] "GET /blog/index.php/2011/07/01/the-beckyville-bookmobile-or-soul-sista-ice-cream-truck/ HTTP/1.1" 200 41455 "http://nicolesconiers.com/" "Mozilla/5.0 (Windows NT 10.0; WOW64) AppleWebKit/537.36 (KHTML, like Gecko) Chrome/103.0.0.0 YaBrowser/22.7.0 Yowser/2.5 Safari/537.36" "nicolesconiers.com"
