104.10.37.242 - - [23/Jan/2023:00:33:22 -0800] "GET /wp-login.php?action=register HTTP/1.1" 404 88 "http://nicolesconiers.com/" "Mozilla/5.0 (Windows NT 6.3; Win64; x64) AppleWebKit/537.36 (KHTML, like Gecko) Chrome/103.0.0.0 Safari/537.36" "nicolesconiers.com"
104.10.37.242 - - [23/Jan/2023:00:33:25 -0800] "GET /wp-login.php?action=register HTTP/1.1" 404 88 "http://nicolesconiers.com/wp-login.php?action=register" "Mozilla/5.0 (Windows NT 6.3; Win64; x64) AppleWebKit/537.36 (KHTML, like Gecko) Chrome/103.0.0.0 Safari/537.36" "nicolesconiers.com"
104.10.37.242 - - [23/Jan/2023:00:33:26 -0800] "GET /blog/index.php/2011/07/01/the-beckyville-bookmobile-or-soul-sista-ice-cream-truck/ HTTP/1.1" 200 41455 "http://nicolesconiers.com/" "PHP/{5|6|7}.{3|2}.{1|2|3|4|5|6|7|8|9|0}{1|2|3|4|5|6|7|8|9|0}" "nicolesconiers.com"
104.10.37.242 - - [23/Jan/2023:00:33:29 -0800] "POST /blog/xmlrpc.php HTTP/1.1" 500 100 "http://nicolesconiers.com/" "PHP/6.2.32" "nicolesconiers.com"
104.10.37.242 - - [23/Jan/2023:00:33:32 -0800] "GET /blog/index.php/2011/07/01/the-beckyville-bookmobile-or-soul-sista-ice-cream-truck/ HTTP/1.1" 200 41455 "-" "PHP/6.2.32" "nicolesconiers.com"
37.139.53.75 - - [23/Jan/2023:00:33:49 -0800] "GET /blog/index.php/2011/10/17/thedivaofdelay/ HTTP/1.1" 200 37023 "http://nicolesconiers.com/blog/2011/10/17/thedivaofdelay/#comment-/" "Mozilla/5.0 (Windows NT 6.1; Win64; x64) AppleWebKit/537.36 (KHTML, like Gecko) Chrome/90.0.4430.85 Safari/537.36 Edg/90.0.818.49" "nicolesconiers.com"
37.139.53.75 - - [23/Jan/2023:00:33:51 -0800] "POST /blog/wp-comments-post.php HTTP/1.1" 302 - "http://nicolesconiers.com/blog/2011/10/17/thedivaofdelay/#comment-/" "Mozilla/5.0 (Windows NT 6.1; Win64; x64) AppleWebKit/537.36 (KHTML, like Gecko) Chrome/90.0.4430.85 Safari/537.36 Edg/90.0.818.49" "nicolesconiers.com"
37.139.53.65 - - [23/Jan/2023:00:35:33 -0800] "GET /blog/index.php/2011/10/17/thedivaofdelay/ HTTP/1.1" 200 37023 "http://nicolesconiers.com/blog/2011/10/17/thedivaofdelay/#comment-/" "Mozilla/5.0 (Windows NT 6.1) AppleWebKit/537.36 (KHTML, like Gecko) Chrome/90.0.4430.85 Safari/537.36" "nicolesconiers.com"
37.139.53.65 - - [23/Jan/2023:00:35:37 -0800] "POST /blog/wp-comments-post.php HTTP/1.1" 302 - "http://nicolesconiers.com/blog/2011/10/17/thedivaofdelay/#comment-/" "Mozilla/5.0 (Windows NT 6.1) AppleWebKit/537.36 (KHTML, like Gecko) Chrome/90.0.4430.85 Safari/537.36" "nicolesconiers.com"
37.139.53.80 - - [23/Jan/2023:00:40:14 -0800] "GET /blog/index.php/2011/10/17/thedivaofdelay/ HTTP/1.1" 200 37023 "http://nicolesconiers.com/blog/2011/10/17/thedivaofdelay/#comment-/" "Mozilla/5.0 (Windows NT 10.0; Win64; x64) AppleWebKit/537.36 (KHTML, like Gecko) Chrome/90.0.4430.86 Safari/537.36" "nicolesconiers.com"
37.139.53.80 - - [23/Jan/2023:00:40:17 -0800] "POST /blog/wp-comments-post.php HTTP/1.1" 302 - "http://nicolesconiers.com/blog/2011/10/17/thedivaofdelay/#comment-/" "Mozilla/5.0 (Windows NT 10.0; Win64; x64) AppleWebKit/537.36 (KHTML, like Gecko) Chrome/90.0.4430.86 Safari/537.36" "nicolesconiers.com"
54.36.149.43 - - [23/Jan/2023:00:42:23 -0800] "GET /robots.txt HTTP/1.1" 200 44 "-" "Mozilla/5.0 (compatible; AhrefsBot/7.0; +http://ahrefs.com/robot/)" "nicolesconiers.com"
51.222.253.3 - - [23/Jan/2023:00:42:25 -0800] "GET /blog/index.php/tag/encouragement/ HTTP/1.1" 200 30065 "-" "Mozilla/5.0 (compatible; AhrefsBot/7.0; +http://ahrefs.com/robot/)" "nicolesconiers.com"
37.139.53.80 - - [23/Jan/2023:00:42:45 -0800] "GET /blog/index.php/2011/10/17/thedivaofdelay/ HTTP/1.1" 200 37023 "http://nicolesconiers.com/blog/2011/10/17/thedivaofdelay/#comment-/" "Mozilla/5.0 (Windows NT 6.3) AppleWebKit/537.36 (KHTML, like Gecko) Chrome/90.0.4430.72 Safari/537.36" "nicolesconiers.com"
37.139.53.80 - - [23/Jan/2023:00:42:47 -0800] "POST /blog/wp-comments-post.php HTTP/1.1" 302 - "http://nicolesconiers.com/blog/2011/10/17/thedivaofdelay/#comment-/" "Mozilla/5.0 (Windows NT 6.3) AppleWebKit/537.36 (KHTML, like Gecko) Chrome/90.0.4430.72 Safari/537.36" "nicolesconiers.com"
77.75.79.119 - - [23/Jan/2023:00:44:17 -0800] "GET /robots.txt HTTP/1.1" 200 44 "-" "Mozilla/5.0 (compatible; SeznamBot/4.0-RC1; +http://napoveda.seznam.cz/seznambot-intro/)" "nicolesconiers.com"
77.75.79.119 - - [23/Jan/2023:00:44:17 -0800] "GET /blog/index.php/tag/contests/ HTTP/1.1" 200 30659 "-" "Mozilla/5.0 (compatible; SeznamBot/4.0-RC1; +http://napoveda.seznam.cz/seznambot-intro/)" "nicolesconiers.com"
216.244.66.200 - - [23/Jan/2023:00:44:52 -0800] "GET /robots.txt HTTP/1.1" 200 24 "-" "Mozilla/5.0 (compatible; DotBot/1.2; +https://opensiteexplorer.org/dotbot; help@moz.com)" "nicolesconiers.com"
37.139.53.75 - - [23/Jan/2023:00:46:59 -0800] "GET /blog/index.php/2011/10/17/thedivaofdelay/ HTTP/1.1" 200 37023 "http://nicolesconiers.com/blog/2011/10/17/thedivaofdelay/#comment-/" "Mozilla/5.0 (Windows NT 6.2; Win64; x64) AppleWebKit/537.36 (KHTML, like Gecko) Chrome/90.0.4430.93 Safari/537.36" "nicolesconiers.com"
37.139.53.75 - - [23/Jan/2023:00:47:02 -0800] "POST /blog/wp-comments-post.php HTTP/1.1" 302 - "http://nicolesconiers.com/blog/2011/10/17/thedivaofdelay/#comment-/" "Mozilla/5.0 (Windows NT 6.2; Win64; x64) AppleWebKit/537.36 (KHTML, like Gecko) Chrome/90.0.4430.93 Safari/537.36" "nicolesconiers.com"
104.10.37.242 - - [23/Jan/2023:00:47:35 -0800] "GET /blog/index.php/2011/07/01/the-beckyville-bookmobile-or-soul-sista-ice-cream-truck/ HTTP/1.1" 200 41455 "-" "Mozilla/5.0 (X11; Fedora; Linux x86_64; rv:102.0) Gecko/20100101 Firefox/102.0" "nicolesconiers.com"
37.139.53.60 - - [23/Jan/2023:00:53:22 -0800] "GET /blog/index.php/2011/10/17/thedivaofdelay/ HTTP/1.1" 200 37023 "http://nicolesconiers.com/blog/2011/10/17/thedivaofdelay/#comment-/" "Mozilla/5.0 (Windows NT 10.0) AppleWebKit/537.36 (KHTML, like Gecko) Chrome/90.0.4430.85 Safari/537.36" "nicolesconiers.com"
37.139.53.60 - - [23/Jan/2023:00:53:25 -0800] "POST /blog/wp-comments-post.php HTTP/1.1" 302 - "http://nicolesconiers.com/blog/2011/10/17/thedivaofdelay/#comment-/" "Mozilla/5.0 (Windows NT 10.0) AppleWebKit/537.36 (KHTML, like Gecko) Chrome/90.0.4430.85 Safari/537.36" "nicolesconiers.com"
216.244.66.200 - - [23/Jan/2023:00:56:05 -0800] "GET /blog/index.php/2012/02/12/pipes-never-die-a-tribute-to-whitney-houston/?replytocom=2176 HTTP/1.1" 200 39707 "-" "Mozilla/5.0 (compatible; DotBot/1.2; +https://opensiteexplorer.org/dotbot; help@moz.com)" "nicolesconiers.com"
43.153.113.232 - - [23/Jan/2023:00:57:00 -0800] "POST /blog/wp-login.php HTTP/1.1" 200 3156 "-" "Mozilla/5.0" "nicolesconiers.com"
43.153.113.232 - - [23/Jan/2023:00:57:00 -0800] "POST /blog/wp-login.php HTTP/1.1" 200 3159 "-" "Mozilla/5.0" "nicolesconiers.com"
43.153.113.232 - - [23/Jan/2023:00:57:00 -0800] "POST /blog/wp-login.php HTTP/1.1" 200 3159 "-" "Mozilla/5.0" "nicolesconiers.com"
43.153.113.232 - - [23/Jan/2023:00:57:00 -0800] "POST /blog/wp-login.php HTTP/1.1" 200 3146 "-" "Mozilla/5.0" "nicolesconiers.com"
43.153.113.232 - - [23/Jan/2023:00:57:00 -0800] "POST /blog/wp-login.php HTTP/1.1" 200 3153 "-" "Mozilla/5.0" "nicolesconiers.com"
43.153.113.232 - - [23/Jan/2023:00:57:00 -0800] "POST /blog/wp-login.php HTTP/1.1" 200 3157 "-" "Mozilla/5.0" "nicolesconiers.com"
43.153.113.232 - - [23/Jan/2023:00:57:00 -0800] "POST /blog/wp-login.php HTTP/1.1" 200 3156 "-" "Mozilla/5.0" "nicolesconiers.com"
43.153.113.232 - - [23/Jan/2023:00:57:00 -0800] "POST /blog/wp-login.php HTTP/1.1" 200 3157 "-" "Mozilla/5.0" "nicolesconiers.com"
43.153.113.232 - - [23/Jan/2023:00:57:00 -0800] "POST /blog/wp-login.php HTTP/1.1" 200 3146 "-" "Mozilla/5.0" "nicolesconiers.com"
43.153.113.232 - - [23/Jan/2023:00:57:00 -0800] "POST /blog/wp-login.php HTTP/1.1" 200 3156 "-" "Mozilla/5.0" "nicolesconiers.com"
43.153.113.232 - - [23/Jan/2023:00:57:00 -0800] "POST /blog/wp-login.php HTTP/1.1" 200 3158 "-" "Mozilla/5.0" "nicolesconiers.com"
37.139.53.70 - - [23/Jan/2023:01:02:44 -0800] "GET /blog/index.php/2011/10/17/thedivaofdelay/ HTTP/1.1" 200 37023 "http://nicolesconiers.com/blog/2011/10/17/thedivaofdelay/#comment-/" "Mozilla/5.0 (Windows NT 6.3; Win64; x64) AppleWebKit/537.36 (KHTML, like Gecko) Chrome/90.0.4430.85 Safari/537.36" "nicolesconiers.com"
37.139.53.70 - - [23/Jan/2023:01:02:50 -0800] "POST /blog/wp-comments-post.php HTTP/1.1" 302 - "http://nicolesconiers.com/blog/2011/10/17/thedivaofdelay/#comment-/" "Mozilla/5.0 (Windows NT 6.3; Win64; x64) AppleWebKit/537.36 (KHTML, like Gecko) Chrome/90.0.4430.85 Safari/537.36" "nicolesconiers.com"
183.253.105.12 - - [23/Jan/2023:01:03:21 -0800] "GET /blog/index.php/2011/10/04/what-is-%E2%80%9Cgood-hair%E2%80%9D/ HTTP/1.1" 200 36064 "-" "Mozilla/5.0 (Windows NT 6.1; Trident/7.0; rv:11.0) like Gecko" "nicolesconiers.com"
183.253.105.12 - - [23/Jan/2023:01:03:23 -0800] "POST /blog/wp-comments-post.php HTTP/1.1" 302 - "http://nicolesconiers.com/blog/2011/10/04/what-is-%E2%80%9Cgood-hair%E2%80%9D/" "Mozilla/5.0 (Windows NT 6.1; Trident/7.0; rv:11.0) like Gecko" "nicolesconiers.com"
183.253.105.12 - - [23/Jan/2023:01:03:24 -0800] "GET /blog/index.php/2011/10/04/what-is-%E2%80%9Cgood-hair%E2%80%9D/ HTTP/1.1" 200 36064 "-" "Mozilla/5.0 (Windows NT 6.1; Trident/7.0; rv:11.0) like Gecko" "nicolesconiers.com"
87.250.224.123 - - [23/Jan/2023:01:06:40 -0800] "GET /blog/index.php/tag/art/ HTTP/1.1" 200 30884 "-" "Mozilla/5.0 (compatible; YandexBot/3.0; +http://yandex.com/bots)" "nicolesconiers.com"
87.250.224.123 - - [23/Jan/2023:01:07:11 -0800] "GET /blog/index.php/tag/wyld/ HTTP/1.1" 200 26964 "-" "Mozilla/5.0 (compatible; YandexBot/3.0; +http://yandex.com/bots)" "nicolesconiers.com"
37.139.53.60 - - [23/Jan/2023:01:09:23 -0800] "GET /blog/index.php/2011/10/17/thedivaofdelay/ HTTP/1.1" 200 37023 "http://nicolesconiers.com/blog/2011/10/17/thedivaofdelay/#comment-/" "Mozilla/5.0 (Windows NT 6.1; WOW64) AppleWebKit/537.36 (KHTML, like Gecko) Chrome/90.0.4430.85 Safari/537.36" "nicolesconiers.com"
37.139.53.60 - - [23/Jan/2023:01:09:26 -0800] "POST /blog/wp-comments-post.php HTTP/1.1" 302 - "http://nicolesconiers.com/blog/2011/10/17/thedivaofdelay/#comment-/" "Mozilla/5.0 (Windows NT 6.1; WOW64) AppleWebKit/537.36 (KHTML, like Gecko) Chrome/90.0.4430.85 Safari/537.36" "nicolesconiers.com"
37.139.53.65 - - [23/Jan/2023:01:10:02 -0800] "GET /blog/index.php/2011/10/17/thedivaofdelay/ HTTP/1.1" 200 37023 "http://nicolesconiers.com/blog/2011/10/17/thedivaofdelay/#comment-/" "Mozilla/5.0 (Windows NT 6.3; Win64; x64) AppleWebKit/537.36 (KHTML, like Gecko) Chrome/90.0.4430.72 Safari/537.36" "nicolesconiers.com"
37.139.53.65 - - [23/Jan/2023:01:10:05 -0800] "POST /blog/wp-comments-post.php HTTP/1.1" 302 - "http://nicolesconiers.com/blog/2011/10/17/thedivaofdelay/#comment-/" "Mozilla/5.0 (Windows NT 6.3; Win64; x64) AppleWebKit/537.36 (KHTML, like Gecko) Chrome/90.0.4430.72 Safari/537.36" "nicolesconiers.com"
46.123.250.193 - - [23/Jan/2023:01:18:08 -0800] "GET /blog/ HTTP/1.1" 200 153350 "http://www.nicolesconiers.com" "Mozilla/5.0 (Windows NT 10.0; Win64; x64) AppleWebKit/537.36 (KHTML, like Gecko) Chrome/62.0.3202.94 Safari/537.36" "www.nicolesconiers.com"
35.174.0.125 - - [23/Jan/2023:01:18:56 -0800] "GET /robots.txt HTTP/1.1" 200 44 "https://www.google.com/" "Mozilla/5.0 (Windows NT 10.0; Win64; x64) AppleWebKit/537.36 (KHTML, like Gecko) Chrome/79.0.3945.136 Safari/537.36" "nicolesconiers.com"
79.110.184.222 - - [23/Jan/2023:01:18:56 -0800] "GET / HTTP/1.1" 200 20039 "https://www.google.com/" "Mozilla/5.0 (Macintosh; Intel Mac OS X 10_14_6) AppleWebKit/605.1.15 (KHTML, like Gecko)" "nicolesconiers.com"
74.125.216.61 - - [23/Jan/2023:01:20:47 -0800] "GET /blog/index.php/feed/ HTTP/1.1" 200 55714 "-" "FeedFetcher-Google; (+http://www.google.com/feedfetcher.html)" "nicolesconiers.com"
37.139.53.70 - - [23/Jan/2023:01:25:12 -0800] "GET /blog/index.php/2011/10/17/thedivaofdelay/ HTTP/1.1" 200 37023 "http://nicolesconiers.com/blog/2011/10/17/thedivaofdelay/#comment-/" "Mozilla/5.0 (Windows NT 10.0; Win64; x64) AppleWebKit/537.36 (KHTML, like Gecko) Chrome/90.0.4430.72 Safari/537.36" "nicolesconiers.com"
37.139.53.70 - - [23/Jan/2023:01:25:16 -0800] "POST /blog/wp-comments-post.php HTTP/1.1" 302 - "http://nicolesconiers.com/blog/2011/10/17/thedivaofdelay/#comment-/" "Mozilla/5.0 (Windows NT 10.0; Win64; x64) AppleWebKit/537.36 (KHTML, like Gecko) Chrome/90.0.4430.72 Safari/537.36" "nicolesconiers.com"
43.153.113.232 - - [23/Jan/2023:01:28:51 -0800] "POST /blog/wp-login.php HTTP/1.1" 200 3146 "-" "Mozilla/5.0" "nicolesconiers.com"
43.153.113.232 - - [23/Jan/2023:01:28:51 -0800] "POST /blog/wp-login.php HTTP/1.1" 200 3159 "-" "Mozilla/5.0" "nicolesconiers.com"
43.153.113.232 - - [23/Jan/2023:01:28:51 -0800] "POST /blog/wp-login.php HTTP/1.1" 200 3159 "-" "Mozilla/5.0" "nicolesconiers.com"
43.153.113.232 - - [23/Jan/2023:01:28:51 -0800] "POST /blog/wp-login.php HTTP/1.1" 200 3156 "-" "Mozilla/5.0" "nicolesconiers.com"
43.153.113.232 - - [23/Jan/2023:01:28:51 -0800] "POST /blog/wp-login.php HTTP/1.1" 200 3157 "-" "Mozilla/5.0" "nicolesconiers.com"
43.153.113.232 - - [23/Jan/2023:01:28:51 -0800] "POST /blog/wp-login.php HTTP/1.1" 200 3156 "-" "Mozilla/5.0" "nicolesconiers.com"
43.153.113.232 - - [23/Jan/2023:01:28:51 -0800] "POST /blog/wp-login.php HTTP/1.1" 200 3156 "-" "Mozilla/5.0" "nicolesconiers.com"
43.153.113.232 - - [23/Jan/2023:01:28:51 -0800] "POST /blog/wp-login.php HTTP/1.1" 200 3158 "-" "Mozilla/5.0" "nicolesconiers.com"
43.153.113.232 - - [23/Jan/2023:01:28:51 -0800] "POST /blog/wp-login.php HTTP/1.1" 200 3157 "-" "Mozilla/5.0" "nicolesconiers.com"
43.153.113.232 - - [23/Jan/2023:01:28:51 -0800] "POST /blog/wp-login.php HTTP/1.1" 200 3153 "-" "Mozilla/5.0" "nicolesconiers.com"
43.153.113.232 - - [23/Jan/2023:01:28:51 -0800] "POST /blog/wp-login.php HTTP/1.1" 200 3146 "-" "Mozilla/5.0" "nicolesconiers.com"
37.139.53.75 - - [23/Jan/2023:01:36:25 -0800] "GET /blog/index.php/2011/10/17/thedivaofdelay/ HTTP/1.1" 200 37023 "http://nicolesconiers.com/blog/2011/10/17/thedivaofdelay/#comment-/" "Mozilla/5.0 (Windows NT 6.1; WOW64) AppleWebKit/537.36 (KHTML, like Gecko) Chrome/90.0.4430.85 Safari/537.36" "nicolesconiers.com"
37.139.53.75 - - [23/Jan/2023:01:36:29 -0800] "POST /blog/wp-comments-post.php HTTP/1.1" 302 - "http://nicolesconiers.com/blog/2011/10/17/thedivaofdelay/#comment-/" "Mozilla/5.0 (Windows NT 6.1; WOW64) AppleWebKit/537.36 (KHTML, like Gecko) Chrome/90.0.4430.85 Safari/537.36" "nicolesconiers.com"
185.174.159.245 - - [23/Jan/2023:01:37:56 -0800] "GET / HTTP/1.1" 200 138477 "http://nicolesconiers.com/" "Mozilla/5.0 (Windows NT 6.1; WOW64) AppleWebKit/537.36 (KHTML, like Gecko) Chrome/90.0.4430.85 Safari/537.36" "nicolesconiers.com"
185.174.159.245 - - [23/Jan/2023:01:37:59 -0800] "GET /contact.html HTTP/1.1" 200 119504 "http://nicolesconiers.com/contact.html" "Mozilla/5.0 (Windows NT 6.1; WOW64) AppleWebKit/537.36 (KHTML, like Gecko) Chrome/90.0.4430.85 Safari/537.36" "nicolesconiers.com"
37.139.53.80 - - [23/Jan/2023:01:41:37 -0800] "GET /blog/index.php/2011/10/17/thedivaofdelay/ HTTP/1.1" 200 37023 "http://nicolesconiers.com/blog/2011/10/17/thedivaofdelay/#comment-/" "Mozilla/5.0 (Windows NT 6.1; Win64; x64) AppleWebKit/537.36 (KHTML, like Gecko) Chrome/90.0.4430.85 Safari/537.36 Edg/90.0.818.49" "nicolesconiers.com"
37.139.53.80 - - [23/Jan/2023:01:41:40 -0800] "POST /blog/wp-comments-post.php HTTP/1.1" 302 - "http://nicolesconiers.com/blog/2011/10/17/thedivaofdelay/#comment-/" "Mozilla/5.0 (Windows NT 6.1; Win64; x64) AppleWebKit/537.36 (KHTML, like Gecko) Chrome/90.0.4430.85 Safari/537.36 Edg/90.0.818.49" "nicolesconiers.com"
77.75.79.31 - - [23/Jan/2023:01:42:18 -0800] "GET /blog/index.php/tag/rasheedah-phillips/ HTTP/1.1" 200 26887 "-" "Mozilla/5.0 (compatible; SeznamBot/4.0-RC1; +http://napoveda.seznam.cz/seznambot-intro/)" "nicolesconiers.com"
37.139.53.80 - - [23/Jan/2023:01:43:44 -0800] "GET /blog/index.php/2011/10/17/thedivaofdelay/ HTTP/1.1" 200 37023 "http://nicolesconiers.com/blog/2011/10/17/thedivaofdelay/#comment-/" "Mozilla/5.0 (Windows NT 6.1; WOW64) AppleWebKit/537.36 (KHTML, like Gecko) Chrome/90.0.4430.72 Safari/537.36" "nicolesconiers.com"
37.139.53.80 - - [23/Jan/2023:01:43:46 -0800] "POST /blog/wp-comments-post.php HTTP/1.1" 302 - "http://nicolesconiers.com/blog/2011/10/17/thedivaofdelay/#comment-/" "Mozilla/5.0 (Windows NT 6.1; WOW64) AppleWebKit/537.36 (KHTML, like Gecko) Chrome/90.0.4430.72 Safari/537.36" "nicolesconiers.com"
74.125.216.63 - - [23/Jan/2023:01:44:20 -0800] "GET /blog/index.php/feed/ HTTP/1.1" 200 55714 "-" "FeedFetcher-Google; (+http://www.google.com/feedfetcher.html)" "nicolesconiers.com"
37.139.53.65 - - [23/Jan/2023:01:44:23 -0800] "GET /blog/index.php/2011/10/17/thedivaofdelay/ HTTP/1.1" 200 37023 "http://nicolesconiers.com/blog/2011/10/17/thedivaofdelay/#comment-/" "Mozilla/5.0 (Windows NT 10.0; Win64; x64) AppleWebKit/537.36 (KHTML, like Gecko) Chrome/90.0.4430.72 Safari/537.36 Edg/90.0.818.39" "nicolesconiers.com"
37.139.53.65 - - [23/Jan/2023:01:44:26 -0800] "POST /blog/wp-comments-post.php HTTP/1.1" 302 - "http://nicolesconiers.com/blog/2011/10/17/thedivaofdelay/#comment-/" "Mozilla/5.0 (Windows NT 10.0; Win64; x64) AppleWebKit/537.36 (KHTML, like Gecko) Chrome/90.0.4430.72 Safari/537.36 Edg/90.0.818.39" "nicolesconiers.com"
37.139.53.75 - - [23/Jan/2023:01:50:00 -0800] "GET /blog/index.php/2011/10/17/thedivaofdelay/ HTTP/1.1" 200 37023 "http://nicolesconiers.com/blog/2011/10/17/thedivaofdelay/#comment-/" "Mozilla/5.0 (Windows NT 6.1) AppleWebKit/537.36 (KHTML, like Gecko) Chrome/90.0.4430.93 Safari/537.36" "nicolesconiers.com"
37.139.53.75 - - [23/Jan/2023:01:50:04 -0800] "POST /blog/wp-comments-post.php HTTP/1.1" 302 - "http://nicolesconiers.com/blog/2011/10/17/thedivaofdelay/#comment-/" "Mozilla/5.0 (Windows NT 6.1) AppleWebKit/537.36 (KHTML, like Gecko) Chrome/90.0.4430.93 Safari/537.36" "nicolesconiers.com"
114.119.148.47 - - [23/Jan/2023:01:51:33 -0800] "GET /blog/index.php/2011/07/28/the-help-white-women-saviors-and-maids-with-superpowers HTTP/1.1" 200 40361 "http://nicolesconiers.com/blog/2011/07/28/the-help-white-women-saviors-and-maids-with-superpowers/" "Mozilla/5.0 (Linux; Android 7.0;) AppleWebKit/537.36 (KHTML, like Gecko) Mobile Safari/537.36 (compatible; PetalBot;+https://webmaster.petalsearch.com/site/petalbot)" "nicolesconiers.com"
37.139.53.60 - - [23/Jan/2023:01:53:10 -0800] "GET /blog/index.php/2011/10/17/thedivaofdelay/ HTTP/1.1" 200 37023 "http://nicolesconiers.com/blog/2011/10/17/thedivaofdelay/#comment-/" "Mozilla/5.0 (Windows NT 10.0) AppleWebKit/537.36 (KHTML, like Gecko) Chrome/90.0.4430.93 Safari/537.36" "nicolesconiers.com"
37.139.53.60 - - [23/Jan/2023:01:53:12 -0800] "POST /blog/wp-comments-post.php HTTP/1.1" 302 - "http://nicolesconiers.com/blog/2011/10/17/thedivaofdelay/#comment-/" "Mozilla/5.0 (Windows NT 10.0) AppleWebKit/537.36 (KHTML, like Gecko) Chrome/90.0.4430.93 Safari/537.36" "nicolesconiers.com"
51.222.253.11 - - [23/Jan/2023:01:58:06 -0800] "GET /blog/index.php/about/ HTTP/1.1" 200 27607 "-" "Mozilla/5.0 (compatible; AhrefsBot/7.0; +http://ahrefs.com/robot/)" "nicolesconiers.com"
51.222.253.4 - - [23/Jan/2023:01:58:23 -0800] "GET /blog/wp-content/plugins/wordpress-hit-counter/styles/Digital/pdp/8.gif HTTP/1.1" 200 89 "-" "Mozilla/5.0 (compatible; AhrefsBot/7.0; +http://ahrefs.com/robot/)" "nicolesconiers.com"
43.153.113.232 - - [23/Jan/2023:02:00:56 -0800] "POST /blog/wp-login.php HTTP/1.1" 200 3146 "-" "Mozilla/5.0" "nicolesconiers.com"
43.153.113.232 - - [23/Jan/2023:02:00:56 -0800] "POST /blog/wp-login.php HTTP/1.1" 200 3153 "-" "Mozilla/5.0" "nicolesconiers.com"
43.153.113.232 - - [23/Jan/2023:02:00:56 -0800] "POST /blog/wp-login.php HTTP/1.1" 200 3159 "-" "Mozilla/5.0" "nicolesconiers.com"
43.153.113.232 - - [23/Jan/2023:02:00:56 -0800] "POST /blog/wp-login.php HTTP/1.1" 200 3156 "-" "Mozilla/5.0" "nicolesconiers.com"
43.153.113.232 - - [23/Jan/2023:02:00:56 -0800] "POST /blog/wp-login.php HTTP/1.1" 200 3156 "-" "Mozilla/5.0" "nicolesconiers.com"
43.153.113.232 - - [23/Jan/2023:02:00:56 -0800] "POST /blog/wp-login.php HTTP/1.1" 200 3158 "-" "Mozilla/5.0" "nicolesconiers.com"
43.153.113.232 - - [23/Jan/2023:02:00:56 -0800] "POST /blog/wp-login.php HTTP/1.1" 200 3157 "-" "Mozilla/5.0" "nicolesconiers.com"
43.153.113.232 - - [23/Jan/2023:02:00:56 -0800] "POST /blog/wp-login.php HTTP/1.1" 200 3156 "-" "Mozilla/5.0" "nicolesconiers.com"
43.153.113.232 - - [23/Jan/2023:02:00:56 -0800] "POST /blog/wp-login.php HTTP/1.1" 200 3146 "-" "Mozilla/5.0" "nicolesconiers.com"
43.153.113.232 - - [23/Jan/2023:02:00:56 -0800] "POST /blog/wp-login.php HTTP/1.1" 200 3159 "-" "Mozilla/5.0" "nicolesconiers.com"
43.153.113.232 - - [23/Jan/2023:02:00:56 -0800] "POST /blog/wp-login.php HTTP/1.1" 200 3157 "-" "Mozilla/5.0" "nicolesconiers.com"
37.139.53.70 - - [23/Jan/2023:02:08:03 -0800] "GET /blog/index.php/2011/10/17/thedivaofdelay/ HTTP/1.1" 200 37023 "http://nicolesconiers.com/blog/2011/10/17/thedivaofdelay/#comment-/" "Mozilla/5.0 (Windows NT 6.1) AppleWebKit/537.36 (KHTML, like Gecko) Chrome/90.0.4430.72 Safari/537.36" "nicolesconiers.com"
37.139.53.70 - - [23/Jan/2023:02:08:06 -0800] "POST /blog/wp-comments-post.php HTTP/1.1" 302 - "http://nicolesconiers.com/blog/2011/10/17/thedivaofdelay/#comment-/" "Mozilla/5.0 (Windows NT 6.1) AppleWebKit/537.36 (KHTML, like Gecko) Chrome/90.0.4430.72 Safari/537.36" "nicolesconiers.com"
37.139.53.60 - - [23/Jan/2023:02:09:14 -0800] "GET /blog/index.php/2011/10/17/thedivaofdelay/ HTTP/1.1" 200 37023 "http://nicolesconiers.com/blog/2011/10/17/thedivaofdelay/#comment-/" "Mozilla/5.0 (Windows NT 6.2; Win64; x64) AppleWebKit/537.36 (KHTML, like Gecko) Chrome/90.0.4430.72 Safari/537.36" "nicolesconiers.com"
37.139.53.60 - - [23/Jan/2023:02:09:16 -0800] "POST /blog/wp-comments-post.php HTTP/1.1" 302 - "http://nicolesconiers.com/blog/2011/10/17/thedivaofdelay/#comment-/" "Mozilla/5.0 (Windows NT 6.2; Win64; x64) AppleWebKit/537.36 (KHTML, like Gecko) Chrome/90.0.4430.72 Safari/537.36" "nicolesconiers.com"
114.119.130.92 - - [23/Jan/2023:02:10:59 -0800] "GET /blog/index.php/tag/marketing HTTP/1.1" 200 26935 "http://nicolesconiers.com/blog/tag/thingsyoushouldknowaboutme" "Mozilla/5.0 (Linux; Android 7.0;) AppleWebKit/537.36 (KHTML, like Gecko) Mobile Safari/537.36 (compatible; PetalBot;+https://webmaster.petalsearch.com/site/petalbot)" "nicolesconiers.com"
77.75.79.119 - - [23/Jan/2023:02:11:09 -0800] "GET /april-28.html HTTP/1.1" 304 - "-" "Mozilla/5.0 (compatible; SeznamBot/4.0-RC1; +http://napoveda.seznam.cz/seznambot-intro/)" "nicolesconiers.com"
114.119.139.217 - - [23/Jan/2023:02:14:47 -0800] "GET /blog/index.php/tag/beckyville/page/3/ HTTP/1.1" 200 40187 "http://nicolesconiers.com/blog/tag/beckyville/page/4/" "Mozilla/5.0 (Linux; Android 7.0;) AppleWebKit/537.36 (KHTML, like Gecko) Mobile Safari/537.36 (compatible; PetalBot;+https://webmaster.petalsearch.com/site/petalbot)" "nicolesconiers.com"
37.139.53.65 - - [23/Jan/2023:02:19:43 -0800] "GET /blog/index.php/2011/10/17/thedivaofdelay/ HTTP/1.1" 200 37023 "http://nicolesconiers.com/blog/2011/10/17/thedivaofdelay/#comment-/" "Mozilla/5.0 (Windows NT 10.0; Win64; x64) AppleWebKit/537.36 (KHTML, like Gecko) Chrome/90.0.4430.93 Safari/537.36" "nicolesconiers.com"
37.139.53.65 - - [23/Jan/2023:02:19:45 -0800] "POST /blog/wp-comments-post.php HTTP/1.1" 302 - "http://nicolesconiers.com/blog/2011/10/17/thedivaofdelay/#comment-/" "Mozilla/5.0 (Windows NT 10.0; Win64; x64) AppleWebKit/537.36 (KHTML, like Gecko) Chrome/90.0.4430.93 Safari/537.36" "nicolesconiers.com"
78.183.81.91 - - [23/Jan/2023:02:23:38 -0800] "GET /blog/index.php/2011/07/01/the-beckyville-bookmobile-or-soul-sista-ice-cream-truck/ HTTP/1.1" 200 41455 "-" "Mozilla/5.0 (X11; Fedora; Linux x86_64; rv:102.0) Gecko/20100101 Firefox/102.0" "nicolesconiers.com"
37.139.53.70 - - [23/Jan/2023:02:30:49 -0800] "GET /blog/index.php/2011/10/17/thedivaofdelay/ HTTP/1.1" 200 37023 "http://nicolesconiers.com/blog/2011/10/17/thedivaofdelay/#comment-/" "Mozilla/5.0 (Windows NT 6.1; WOW64) AppleWebKit/537.36 (KHTML, like Gecko) Chrome/90.0.4430.72 Safari/537.36" "nicolesconiers.com"
37.139.53.70 - - [23/Jan/2023:02:30:51 -0800] "POST /blog/wp-comments-post.php HTTP/1.1" 302 - "http://nicolesconiers.com/blog/2011/10/17/thedivaofdelay/#comment-/" "Mozilla/5.0 (Windows NT 6.1; WOW64) AppleWebKit/537.36 (KHTML, like Gecko) Chrome/90.0.4430.72 Safari/537.36" "nicolesconiers.com"
43.153.113.232 - - [23/Jan/2023:02:33:05 -0800] "POST /blog/wp-login.php HTTP/1.1" 200 3156 "-" "Mozilla/5.0" "nicolesconiers.com"
43.153.113.232 - - [23/Jan/2023:02:33:05 -0800] "POST /blog/wp-login.php HTTP/1.1" 200 3159 "-" "Mozilla/5.0" "nicolesconiers.com"
43.153.113.232 - - [23/Jan/2023:02:33:05 -0800] "POST /blog/wp-login.php HTTP/1.1" 200 3156 "-" "Mozilla/5.0" "nicolesconiers.com"
43.153.113.232 - - [23/Jan/2023:02:33:05 -0800] "POST /blog/wp-login.php HTTP/1.1" 200 3146 "-" "Mozilla/5.0" "nicolesconiers.com"
43.153.113.232 - - [23/Jan/2023:02:33:05 -0800] "POST /blog/wp-login.php HTTP/1.1" 200 3156 "-" "Mozilla/5.0" "nicolesconiers.com"
43.153.113.232 - - [23/Jan/2023:02:33:05 -0800] "POST /blog/wp-login.php HTTP/1.1" 200 3146 "-" "Mozilla/5.0" "nicolesconiers.com"
43.153.113.232 - - [23/Jan/2023:02:33:05 -0800] "POST /blog/wp-login.php HTTP/1.1" 200 3157 "-" "Mozilla/5.0" "nicolesconiers.com"
43.153.113.232 - - [23/Jan/2023:02:33:05 -0800] "POST /blog/wp-login.php HTTP/1.1" 200 3159 "-" "Mozilla/5.0" "nicolesconiers.com"
43.153.113.232 - - [23/Jan/2023:02:33:05 -0800] "POST /blog/wp-login.php HTTP/1.1" 200 3157 "-" "Mozilla/5.0" "nicolesconiers.com"
43.153.113.232 - - [23/Jan/2023:02:33:05 -0800] "POST /blog/wp-login.php HTTP/1.1" 200 3153 "-" "Mozilla/5.0" "nicolesconiers.com"
43.153.113.232 - - [23/Jan/2023:02:33:05 -0800] "POST /blog/wp-login.php HTTP/1.1" 200 3158 "-" "Mozilla/5.0" "nicolesconiers.com"
216.244.66.200 - - [23/Jan/2023:02:34:14 -0800] "GET /robots.txt HTTP/1.1" 200 24 "-" "Mozilla/5.0 (compatible; DotBot/1.2; +https://opensiteexplorer.org/dotbot; help@moz.com)" "nicolesconiers.com"
51.222.253.20 - - [23/Jan/2023:02:35:33 -0800] "GET /blog/index.php/tag/writing/ HTTP/1.1" 200 39555 "-" "Mozilla/5.0 (compatible; AhrefsBot/7.0; +http://ahrefs.com/robot/)" "nicolesconiers.com"
62.210.215.118 - - [23/Jan/2023:02:35:57 -0800] "GET /blog/index.php/tag/new-orleans/feed/ HTTP/1.1" 200 17806 "-" "Mozilla/5.0 (X11; Linux i686) AppleWebKit/537.36 (KHTML, like Gecko) Chrome/30.0.1599.66 Safari/537.36" "nicolesconiers.com"
37.139.53.75 - - [23/Jan/2023:02:40:26 -0800] "GET /blog/index.php/2011/10/17/thedivaofdelay/ HTTP/1.1" 200 37023 "http://nicolesconiers.com/blog/2011/10/17/thedivaofdelay/#comment-/" "Mozilla/5.0 (Windows NT 6.1; Win64; x64) AppleWebKit/537.36 (KHTML, like Gecko) Chrome/90.0.4427.0 Safari/537.36" "nicolesconiers.com"
37.139.53.75 - - [23/Jan/2023:02:40:30 -0800] "POST /blog/wp-comments-post.php HTTP/1.1" 302 - "http://nicolesconiers.com/blog/2011/10/17/thedivaofdelay/#comment-/" "Mozilla/5.0 (Windows NT 6.1; Win64; x64) AppleWebKit/537.36 (KHTML, like Gecko) Chrome/90.0.4427.0 Safari/537.36" "nicolesconiers.com"
216.244.66.200 - - [23/Jan/2023:02:41:26 -0800] "GET /blog/wp-content/uploads/2013/08/Stiffening-pic1.jpg HTTP/1.1" 200 22795 "-" "Mozilla/5.0 (compatible; DotBot/1.2; +https://opensiteexplorer.org/dotbot; help@moz.com)" "nicolesconiers.com"
216.244.66.200 - - [23/Jan/2023:02:42:55 -0800] "GET /blog/index.php/2013/02/03/escape-from-beckyville-featured-on-the-book-look/ HTTP/1.1" 200 31106 "-" "Mozilla/5.0 (compatible; DotBot/1.2; +https://opensiteexplorer.org/dotbot; help@moz.com)" "nicolesconiers.com"
37.139.53.80 - - [23/Jan/2023:02:42:57 -0800] "GET /blog/index.php/2011/10/17/thedivaofdelay/ HTTP/1.1" 200 37023 "http://nicolesconiers.com/blog/2011/10/17/thedivaofdelay/#comment-/" "Mozilla/5.0 (Windows NT 10.0; Win64; x64) AppleWebKit/537.36 (KHTML, like Gecko) Chrome/90.0.4430.72 Safari/537.36 Edg/90.0.818.39" "nicolesconiers.com"
37.139.53.80 - - [23/Jan/2023:02:42:59 -0800] "POST /blog/wp-comments-post.php HTTP/1.1" 302 - "http://nicolesconiers.com/blog/2011/10/17/thedivaofdelay/#comment-/" "Mozilla/5.0 (Windows NT 10.0; Win64; x64) AppleWebKit/537.36 (KHTML, like Gecko) Chrome/90.0.4430.72 Safari/537.36 Edg/90.0.818.39" "nicolesconiers.com"
37.139.53.80 - - [23/Jan/2023:02:44:57 -0800] "GET /blog/index.php/2011/10/17/thedivaofdelay/ HTTP/1.1" 200 37023 "http://nicolesconiers.com/blog/2011/10/17/thedivaofdelay/#comment-/" "Mozilla/5.0 (Windows NT 10.0; Win64; x64) AppleWebKit/537.36 (KHTML, like Gecko) Chrome/90.0.4430.72 Safari/537.36 Edg/90.0.818.39" "nicolesconiers.com"
37.139.53.80 - - [23/Jan/2023:02:44:59 -0800] "POST /blog/wp-comments-post.php HTTP/1.1" 302 - "http://nicolesconiers.com/blog/2011/10/17/thedivaofdelay/#comment-/" "Mozilla/5.0 (Windows NT 10.0; Win64; x64) AppleWebKit/537.36 (KHTML, like Gecko) Chrome/90.0.4430.72 Safari/537.36 Edg/90.0.818.39" "nicolesconiers.com"
104.10.37.242 - - [23/Jan/2023:02:45:26 -0800] "GET /blog/index.php/2011/07/01/the-beckyville-bookmobile-or-soul-sista-ice-cream-truck/ HTTP/1.1" 200 41455 "-" "Mozilla/5.0 (X11; Fedora; Linux x86_64; rv:102.0) Gecko/20100101 Firefox/102.0" "nicolesconiers.com"
216.244.66.200 - - [23/Jan/2023:02:45:28 -0800] "GET /blog/index.php/2012/01/23/what-is-the-state-of-black-sci-fi-2012-why-i-love-speculative-fiction/?replytocom=1964 HTTP/1.1" 200 43909 "-" "Mozilla/5.0 (compatible; DotBot/1.2; +https://opensiteexplorer.org/dotbot; help@moz.com)" "nicolesconiers.com"
109.106.137.188 - - [23/Jan/2023:02:47:05 -0800] "GET /blog/index.php/2011/10/17/thedivaofdelay/ HTTP/1.1" 200 37023 "http://nicolesconiers.com/blog/2011/10/17/thedivaofdelay/" "Mozilla/5.0 (Windows NT 10.0) AppleWebKit/537.36 (KHTML, like Gecko) Chrome/90.0.4430.72 Safari/537.36" "nicolesconiers.com"
109.106.137.188 - - [23/Jan/2023:02:47:09 -0800] "POST /blog/wp-comments-post.php HTTP/1.1" 302 - "http://nicolesconiers.com/blog/2011/10/17/thedivaofdelay/" "Mozilla/5.0 (Windows NT 10.0) AppleWebKit/537.36 (KHTML, like Gecko) Chrome/90.0.4430.72 Safari/537.36" "nicolesconiers.com"
109.106.137.188 - - [23/Jan/2023:02:47:10 -0800] "GET /blog/index.php/2011/10/17/thedivaofdelay/ HTTP/1.1" 200 37023 "http://nicolesconiers.com/blog/2011/10/17/thedivaofdelay/#comment-" "Mozilla/5.0 (Windows NT 10.0) AppleWebKit/537.36 (KHTML, like Gecko) Chrome/90.0.4430.72 Safari/537.36" "nicolesconiers.com"
37.139.53.60 - - [23/Jan/2023:02:53:06 -0800] "GET /blog/index.php/2011/10/17/thedivaofdelay/ HTTP/1.1" 200 37023 "http://nicolesconiers.com/blog/2011/10/17/thedivaofdelay/#comment-/" "Mozilla/5.0 (Windows NT 6.2; Win64; x64) AppleWebKit/537.36 (KHTML, like Gecko) Chrome/90.0.4430.72 Safari/537.36" "nicolesconiers.com"
37.139.53.60 - - [23/Jan/2023:02:53:09 -0800] "POST /blog/wp-comments-post.php HTTP/1.1" 302 - "http://nicolesconiers.com/blog/2011/10/17/thedivaofdelay/#comment-/" "Mozilla/5.0 (Windows NT 6.2; Win64; x64) AppleWebKit/537.36 (KHTML, like Gecko) Chrome/90.0.4430.72 Safari/537.36" "nicolesconiers.com"
37.139.53.75 - - [23/Jan/2023:02:53:49 -0800] "GET /blog/index.php/2011/10/17/thedivaofdelay/ HTTP/1.1" 200 37023 "http://nicolesconiers.com/blog/2011/10/17/thedivaofdelay/#comment-/" "Mozilla/5.0 (Windows NT 10.0; Win64; x64) AppleWebKit/537.36 (KHTML, like Gecko) Chrome/90.0.4430.86 Safari/537.36" "nicolesconiers.com"
37.139.53.75 - - [23/Jan/2023:02:53:51 -0800] "POST /blog/wp-comments-post.php HTTP/1.1" 302 - "http://nicolesconiers.com/blog/2011/10/17/thedivaofdelay/#comment-/" "Mozilla/5.0 (Windows NT 10.0; Win64; x64) AppleWebKit/537.36 (KHTML, like Gecko) Chrome/90.0.4430.86 Safari/537.36" "nicolesconiers.com"
37.139.53.65 - - [23/Jan/2023:02:54:25 -0800] "GET /blog/index.php/2011/10/17/thedivaofdelay/ HTTP/1.1" 200 37023 "http://nicolesconiers.com/blog/2011/10/17/thedivaofdelay/#comment-/" "Mozilla/5.0 (Windows NT 6.1; Win64; x64) AppleWebKit/537.36 (KHTML, like Gecko) Chrome/90.0.4427.0 Safari/537.36" "nicolesconiers.com"
37.139.53.65 - - [23/Jan/2023:02:54:27 -0800] "POST /blog/wp-comments-post.php HTTP/1.1" 302 - "http://nicolesconiers.com/blog/2011/10/17/thedivaofdelay/#comment-/" "Mozilla/5.0 (Windows NT 6.1; Win64; x64) AppleWebKit/537.36 (KHTML, like Gecko) Chrome/90.0.4427.0 Safari/537.36" "nicolesconiers.com"
185.68.184.114 - - [23/Jan/2023:02:59:39 -0800] "GET /blog/index.php/2011/07/01/the-beckyville-bookmobile-or-soul-sista-ice-cream-truck/ HTTP/1.1" 200 41455 "-" "Mozilla/5.0 (X11; Fedora; Linux x86_64; rv:102.0) Gecko/20100101 Firefox/102.0" "nicolesconiers.com"
66.249.72.61 - - [23/Jan/2023:03:03:02 -0800] "GET /ads.txt HTTP/1.1" 404 88 "-" "Mozilla/5.0 (compatible; Googlebot/2.1; +http://www.google.com/bot.html)" "nicolesconiers.com"
43.153.113.232 - - [23/Jan/2023:03:05:22 -0800] "POST /blog/wp-login.php HTTP/1.1" 200 3146 "-" "Mozilla/5.0" "nicolesconiers.com"
43.153.113.232 - - [23/Jan/2023:03:05:22 -0800] "POST /blog/wp-login.php HTTP/1.1" 200 3146 "-" "Mozilla/5.0" "nicolesconiers.com"
43.153.113.232 - - [23/Jan/2023:03:05:22 -0800] "POST /blog/wp-login.php HTTP/1.1" 200 3156 "-" "Mozilla/5.0" "nicolesconiers.com"
43.153.113.232 - - [23/Jan/2023:03:05:22 -0800] "POST /blog/wp-login.php HTTP/1.1" 200 3153 "-" "Mozilla/5.0" "nicolesconiers.com"
43.153.113.232 - - [23/Jan/2023:03:05:22 -0800] "POST /blog/wp-login.php HTTP/1.1" 200 3158 "-" "Mozilla/5.0" "nicolesconiers.com"
43.153.113.232 - - [23/Jan/2023:03:05:22 -0800] "POST /blog/wp-login.php HTTP/1.1" 200 3159 "-" "Mozilla/5.0" "nicolesconiers.com"
43.153.113.232 - - [23/Jan/2023:03:05:22 -0800] "POST /blog/wp-login.php HTTP/1.1" 200 3157 "-" "Mozilla/5.0" "nicolesconiers.com"
43.153.113.232 - - [23/Jan/2023:03:05:22 -0800] "POST /blog/wp-login.php HTTP/1.1" 200 3156 "-" "Mozilla/5.0" "nicolesconiers.com"
43.153.113.232 - - [23/Jan/2023:03:05:22 -0800] "POST /blog/wp-login.php HTTP/1.1" 200 3157 "-" "Mozilla/5.0" "nicolesconiers.com"
43.153.113.232 - - [23/Jan/2023:03:05:22 -0800] "POST /blog/wp-login.php HTTP/1.1" 200 3156 "-" "Mozilla/5.0" "nicolesconiers.com"
43.153.113.232 - - [23/Jan/2023:03:05:22 -0800] "POST /blog/wp-login.php HTTP/1.1" 200 3159 "-" "Mozilla/5.0" "nicolesconiers.com"
37.139.53.60 - - [23/Jan/2023:03:09:57 -0800] "GET /blog/index.php/2011/10/17/thedivaofdelay/ HTTP/1.1" 200 37023 "http://nicolesconiers.com/blog/2011/10/17/thedivaofdelay/#comment-/" "Mozilla/5.0 (Windows NT 6.3; Win64; x64) AppleWebKit/537.36 (KHTML, like Gecko) Chrome/90.0.4430.85 Safari/537.36 Edg/90.0.818.49" "nicolesconiers.com"
37.139.53.60 - - [23/Jan/2023:03:09:59 -0800] "POST /blog/wp-comments-post.php HTTP/1.1" 302 - "http://nicolesconiers.com/blog/2011/10/17/thedivaofdelay/#comment-/" "Mozilla/5.0 (Windows NT 6.3; Win64; x64) AppleWebKit/537.36 (KHTML, like Gecko) Chrome/90.0.4430.85 Safari/537.36 Edg/90.0.818.49" "nicolesconiers.com"
68.183.154.68 - - [23/Jan/2023:03:13:02 -0800] "POST / HTTP/1.1" 200 20039 "-" "Mozilla/5.0 (X11; Linux x86_64) AppleWebKit/537.36 (KHTML, like Gecko) Chrome/81.0.4044.129 Safari/537.36" "www.nicolesconiers.com"
68.183.154.68 - - [23/Jan/2023:03:13:05 -0800] "POST / HTTP/1.1" 200 20039 "-" "Mozilla/5.0 (X11; Linux x86_64) AppleWebKit/537.36 (KHTML, like Gecko) Chrome/81.0.4044.129 Safari/537.36" "www.nicolesconiers.com"
161.123.209.204 - - [23/Jan/2023:03:13:25 -0800] "GET /blog/index.php/2011/12/01/afro-futurism-brave-new-world/ HTTP/1.1" 200 40623 "-" "Mozilla/5.0 (X11; Fedora; Linux x86_64; rv:102.0) Gecko/20100101 Firefox/102.0" "nicolesconiers.com"
37.139.53.70 - - [23/Jan/2023:03:13:32 -0800] "GET /blog/index.php/2011/10/17/thedivaofdelay/ HTTP/1.1" 200 37023 "http://nicolesconiers.com/blog/2011/10/17/thedivaofdelay/#comment-/" "Mozilla/5.0 (Windows NT 10.0; WOW64) AppleWebKit/537.36 (KHTML, like Gecko) Chrome/90.0.4430.93 Safari/537.36" "nicolesconiers.com"
37.139.53.70 - - [23/Jan/2023:03:13:35 -0800] "POST /blog/wp-comments-post.php HTTP/1.1" 302 - "http://nicolesconiers.com/blog/2011/10/17/thedivaofdelay/#comment-/" "Mozilla/5.0 (Windows NT 10.0; WOW64) AppleWebKit/537.36 (KHTML, like Gecko) Chrome/90.0.4430.93 Safari/537.36" "nicolesconiers.com"
18.246.36.77 - - [23/Jan/2023:03:16:36 -0800] "GET / HTTP/1.1" 200 20039 "-" "Mozilla/5.0 (X11; Linux x86_64) AppleWebKit/537.36 (KHTML, like Gecko) Chrome/83.0.4103.97 Safari/537.36" "nicolesconiers.com"
61.135.159.197 - - [23/Jan/2023:03:16:55 -0800] "GET / HTTP/1.1" 200 20039 "-" "Sogou web spider/4.0(+http://www.sogou.com/docs/help/webmasters.htm#07)" "nicolesconiers.com"
18.236.161.225 - - [23/Jan/2023:03:19:20 -0800] "GET /favicon.ico HTTP/1.1" 404 88 "-" "Mozilla/5.0 (X11; Linux x86_64) AppleWebKit/537.36 (KHTML, like Gecko) Chrome/83.0.4103.97 Safari/537.36" "nicolesconiers.com"
18.236.161.225 - - [23/Jan/2023:03:19:21 -0800] "GET / HTTP/1.1" 200 20039 "-" "Mozilla/5.0 (X11; Linux x86_64) AppleWebKit/537.36 (KHTML, like Gecko) Chrome/83.0.4103.97 Safari/537.36" "nicolesconiers.com"
54.189.243.232 - - [23/Jan/2023:03:19:58 -0800] "GET / HTTP/1.1" 200 20039 "-" "Mozilla/5.0 (X11; Linux x86_64) AppleWebKit/537.36 (KHTML, like Gecko) Chrome/83.0.4103.97 Safari/537.36" "nicolesconiers.com"
5.154.254.212 - - [23/Jan/2023:03:23:02 -0800] "GET /blog/index.php/2011/12/01/afro-futurism-brave-new-world/ HTTP/1.1" 200 40623 "-" "Mozilla/5.0 (X11; Fedora; Linux x86_64; rv:102.0) Gecko/20100101 Firefox/102.0" "nicolesconiers.com"
87.250.224.171 - - [23/Jan/2023:03:25:35 -0800] "GET /robots.txt HTTP/1.1" 200 24 "-" "Mozilla/5.0 (compatible; YandexBot/3.0; +http://yandex.com/bots)" "nicolesconiers.com"
87.250.224.157 - - [23/Jan/2023:03:25:39 -0800] "GET /blog/index.php/2011/06/04/32/ HTTP/1.1" 200 32568 "-" "Mozilla/5.0 (compatible; YandexBot/3.0; +http://yandex.com/bots)" "nicolesconiers.com"
37.139.53.65 - - [23/Jan/2023:03:29:37 -0800] "GET /blog/index.php/2011/10/17/thedivaofdelay/ HTTP/1.1" 200 37023 "http://nicolesconiers.com/blog/2011/10/17/thedivaofdelay/#comment-/" "Mozilla/5.0 (Windows NT 6.2; Win64; x64) AppleWebKit/537.36 (KHTML, like Gecko) Chrome/90.0.4430.72 Safari/537.36" "nicolesconiers.com"
37.139.53.65 - - [23/Jan/2023:03:29:42 -0800] "POST /blog/wp-comments-post.php HTTP/1.1" 302 - "http://nicolesconiers.com/blog/2011/10/17/thedivaofdelay/#comment-/" "Mozilla/5.0 (Windows NT 6.2; Win64; x64) AppleWebKit/537.36 (KHTML, like Gecko) Chrome/90.0.4430.72 Safari/537.36" "nicolesconiers.com"
165.246.153.84 - - [23/Jan/2023:03:30:38 -0800] "GET /2001/license.txt HTTP/1.1" 404 88 "-" "Mozilla/5.0 (X11; Ubuntu; Linux x86_64; rv:62.0) Gecko/20100101 Firefox/62.0" "nicolesconiers.com"
37.139.53.70 - - [23/Jan/2023:03:36:18 -0800] "GET /blog/index.php/2011/10/17/thedivaofdelay/ HTTP/1.1" 200 37023 "http://nicolesconiers.com/blog/2011/10/17/thedivaofdelay/#comment-/" "Mozilla/5.0 (Windows NT 6.1; Win64; x64) AppleWebKit/537.36 (KHTML, like Gecko) Chrome/90.0.4430.85 Safari/537.36" "nicolesconiers.com"
37.139.53.70 - - [23/Jan/2023:03:36:22 -0800] "POST /blog/wp-comments-post.php HTTP/1.1" 302 - "http://nicolesconiers.com/blog/2011/10/17/thedivaofdelay/#comment-/" "Mozilla/5.0 (Windows NT 6.1; Win64; x64) AppleWebKit/537.36 (KHTML, like Gecko) Chrome/90.0.4430.85 Safari/537.36" "nicolesconiers.com"
43.153.113.232 - - [23/Jan/2023:03:37:59 -0800] "POST /blog/wp-login.php HTTP/1.1" 200 3146 "-" "Mozilla/5.0" "nicolesconiers.com"
43.153.113.232 - - [23/Jan/2023:03:37:59 -0800] "POST /blog/wp-login.php HTTP/1.1" 200 3153 "-" "Mozilla/5.0" "nicolesconiers.com"
43.153.113.232 - - [23/Jan/2023:03:37:59 -0800] "POST /blog/wp-login.php HTTP/1.1" 200 3159 "-" "Mozilla/5.0" "nicolesconiers.com"
43.153.113.232 - - [23/Jan/2023:03:37:59 -0800] "POST /blog/wp-login.php HTTP/1.1" 200 3158 "-" "Mozilla/5.0" "nicolesconiers.com"
43.153.113.232 - - [23/Jan/2023:03:37:59 -0800] "POST /blog/wp-login.php HTTP/1.1" 200 3156 "-" "Mozilla/5.0" "nicolesconiers.com"
43.153.113.232 - - [23/Jan/2023:03:37:59 -0800] "POST /blog/wp-login.php HTTP/1.1" 200 3146 "-" "Mozilla/5.0" "nicolesconiers.com"
43.153.113.232 - - [23/Jan/2023:03:37:59 -0800] "POST /blog/wp-login.php HTTP/1.1" 200 3157 "-" "Mozilla/5.0" "nicolesconiers.com"
43.153.113.232 - - [23/Jan/2023:03:37:59 -0800] "POST /blog/wp-login.php HTTP/1.1" 200 3156 "-" "Mozilla/5.0" "nicolesconiers.com"
43.153.113.232 - - [23/Jan/2023:03:37:59 -0800] "POST /blog/wp-login.php HTTP/1.1" 200 3159 "-" "Mozilla/5.0" "nicolesconiers.com"
43.153.113.232 - - [23/Jan/2023:03:37:59 -0800] "POST /blog/wp-login.php HTTP/1.1" 200 3157 "-" "Mozilla/5.0" "nicolesconiers.com"
43.153.113.232 - - [23/Jan/2023:03:37:59 -0800] "POST /blog/wp-login.php HTTP/1.1" 200 3156 "-" "Mozilla/5.0" "nicolesconiers.com"
195.80.150.184 - - [23/Jan/2023:03:39:24 -0800] "GET /blog/index.php/2011/10/17/thedivaofdelay/ HTTP/1.1" 200 37023 "http://nicolesconiers.com/blog/2011/10/17/thedivaofdelay/#comment-/" "Mozilla/5.0 (Windows NT 6.3; Win64; x64) AppleWebKit/537.36 (KHTML, like Gecko) Chrome/90.0.4430.72 Safari/537.36 Edg/90.0.818.42" "nicolesconiers.com"
52.38.64.138 - - [23/Jan/2023:03:42:38 -0800] "GET /favicon.ico HTTP/1.1" 404 88 "-" "Mozilla/5.0 (X11; Linux x86_64) AppleWebKit/537.36 (KHTML, like Gecko) Chrome/83.0.4103.97 Safari/537.36" "nicolesconiers.com"
37.139.53.75 - - [23/Jan/2023:03:43:44 -0800] "GET /blog/index.php/2011/10/17/thedivaofdelay/ HTTP/1.1" 200 37023 "http://nicolesconiers.com/blog/2011/10/17/thedivaofdelay/#comment-/" "Mozilla/5.0 (Windows NT 6.1; Win64; x64) AppleWebKit/537.36 (KHTML, like Gecko) Chrome/90.0.4430.93 Safari/537.36" "nicolesconiers.com"
37.139.53.75 - - [23/Jan/2023:03:43:47 -0800] "POST /blog/wp-comments-post.php HTTP/1.1" 302 - "http://nicolesconiers.com/blog/2011/10/17/thedivaofdelay/#comment-/" "Mozilla/5.0 (Windows NT 6.1; Win64; x64) AppleWebKit/537.36 (KHTML, like Gecko) Chrome/90.0.4430.93 Safari/537.36" "nicolesconiers.com"
37.139.53.80 - - [23/Jan/2023:03:44:17 -0800] "GET /blog/index.php/2011/10/17/thedivaofdelay/ HTTP/1.1" 200 37023 "http://nicolesconiers.com/blog/2011/10/17/thedivaofdelay/#comment-/" "Mozilla/5.0 (Windows NT 10.0; WOW64) AppleWebKit/537.36 (KHTML, like Gecko) Chrome/90.0.4430.72 Safari/537.36" "nicolesconiers.com"
37.139.53.80 - - [23/Jan/2023:03:44:20 -0800] "POST /blog/wp-comments-post.php HTTP/1.1" 302 - "http://nicolesconiers.com/blog/2011/10/17/thedivaofdelay/#comment-/" "Mozilla/5.0 (Windows NT 10.0; WOW64) AppleWebKit/537.36 (KHTML, like Gecko) Chrome/90.0.4430.72 Safari/537.36" "nicolesconiers.com"
166.0.218.8 - - [23/Jan/2023:03:45:33 -0800] "GET / HTTP/1.1" 200 20039 "-" "Mozilla/5.0 (Windows; U; Windows NT 6.1; en-US; rv:1.9.1.5) Gecko/20091102 Firefox/3.5.5 (.NET CLR 3.5.30729)" "nicolesconiers.com"
37.139.53.80 - - [23/Jan/2023:03:45:40 -0800] "GET /blog/index.php/2011/10/17/thedivaofdelay/ HTTP/1.1" 200 37023 "http://nicolesconiers.com/blog/2011/10/17/thedivaofdelay/#comment-/" "Mozilla/5.0 (Windows NT 6.1; Win64; x64) AppleWebKit/537.36 (KHTML, like Gecko) Chrome/90.0.4430.85 Safari/537.36" "nicolesconiers.com"
37.139.53.80 - - [23/Jan/2023:03:45:42 -0800] "POST /blog/wp-comments-post.php HTTP/1.1" 302 - "http://nicolesconiers.com/blog/2011/10/17/thedivaofdelay/#comment-/" "Mozilla/5.0 (Windows NT 6.1; Win64; x64) AppleWebKit/537.36 (KHTML, like Gecko) Chrome/90.0.4430.85 Safari/537.36" "nicolesconiers.com"
64.184.100.140 - - [23/Jan/2023:03:48:10 -0800] "GET /blog/index.php/2011/07/01/the-beckyville-bookmobile-or-soul-sista-ice-cream-truck/ HTTP/1.1" 200 41455 "http://nicolesconiers.com/" "Mozilla/5.0 (Windows NT 10.0; Win64; x64) AppleWebKit/537.36 (KHTML, like Gecko) Chrome/103.0.0.0 Safari/537.36 Edg/103.0.1264.71" "nicolesconiers.com"
64.184.100.140 - - [23/Jan/2023:03:48:35 -0800] "POST /blog/wp-comments-post.php HTTP/1.1" 302 - "http://nicolesconiers.com/blog/2011/07/01/the-beckyville-bookmobile-or-soul-sista-ice-cream-truck/" "Mozilla/5.0 (Windows NT 10.0; Win64; x64) AppleWebKit/537.36 (KHTML, like Gecko) Chrome/103.0.0.0 Safari/537.36 Edg/103.0.1264.71" "nicolesconiers.com"
64.184.100.140 - - [23/Jan/2023:03:48:45 -0800] "GET /blog/index.php/2011/07/01/the-beckyville-bookmobile-or-soul-sista-ice-cream-truck/ HTTP/1.1" 200 41455 "http://nicolesconiers.com/blog/wp-comments-post.php" "Mozilla/5.0 (Windows NT 10.0; Win64; x64) AppleWebKit/537.36 (KHTML, like Gecko) Chrome/103.0.0.0 Safari/537.36 Edg/103.0.1264.71" "nicolesconiers.com"
64.184.100.140 - - [23/Jan/2023:03:48:56 -0800] "GET /blog/index.php/2011/07/01/the-beckyville-bookmobile-or-soul-sista-ice-cream-truck/ HTTP/1.1" 200 41455 "-" "Mozilla/5.0 (Windows NT 10.0; Win64; x64) AppleWebKit/537.36 (KHTML, like Gecko) Chrome/103.0.0.0 Safari/537.36 Edg/103.0.1264.71" "nicolesconiers.com"
64.184.100.140 - - [23/Jan/2023:03:52:33 -0800] "GET /blog/index.php/2011/07/01/the-beckyville-bookmobile-or-soul-sista-ice-cream-truck/ HTTP/1.1" 200 41455 "-" "Mozilla/5.0 (X11; Fedora; Linux x86_64; rv:102.0) Gecko/20100101 Firefox/102.0" "nicolesconiers.com"
51.222.253.7 - - [23/Jan/2023:03:53:12 -0800] "GET /blog/index.php/tag/beckyville/ HTTP/1.1" 200 40890 "-" "Mozilla/5.0 (compatible; AhrefsBot/7.0; +http://ahrefs.com/robot/)" "nicolesconiers.com"
37.139.53.60 - - [23/Jan/2023:03:54:08 -0800] "GET /blog/index.php/2011/10/17/thedivaofdelay/ HTTP/1.1" 200 37023 "http://nicolesconiers.com/blog/2011/10/17/thedivaofdelay/#comment-/" "Mozilla/5.0 (Windows NT 10.0) AppleWebKit/537.36 (KHTML, like Gecko) Chrome/90.0.4430.85 Safari/537.36" "nicolesconiers.com"
37.139.53.60 - - [23/Jan/2023:03:54:10 -0800] "POST /blog/wp-comments-post.php HTTP/1.1" 302 - "http://nicolesconiers.com/blog/2011/10/17/thedivaofdelay/#comment-/" "Mozilla/5.0 (Windows NT 10.0) AppleWebKit/537.36 (KHTML, like Gecko) Chrome/90.0.4430.85 Safari/537.36" "nicolesconiers.com"
37.139.53.75 - - [23/Jan/2023:03:56:26 -0800] "GET /blog/index.php/2011/10/17/thedivaofdelay/ HTTP/1.1" 200 37023 "http://nicolesconiers.com/blog/2011/10/17/thedivaofdelay/#comment-/" "Mozilla/5.0 (Windows NT 10.0; Win64; x64) AppleWebKit/537.36 (KHTML, like Gecko) Chrome/90.0.4430.72 Safari/537.36 Edg/90.0.818.39" "nicolesconiers.com"
37.139.53.75 - - [23/Jan/2023:03:56:30 -0800] "POST /blog/wp-comments-post.php HTTP/1.1" 302 - "http://nicolesconiers.com/blog/2011/10/17/thedivaofdelay/#comment-/" "Mozilla/5.0 (Windows NT 10.0; Win64; x64) AppleWebKit/537.36 (KHTML, like Gecko) Chrome/90.0.4430.72 Safari/537.36 Edg/90.0.818.39" "nicolesconiers.com"
74.125.216.63 - - [23/Jan/2023:03:58:03 -0800] "GET /blog/index.php/feed/ HTTP/1.1" 200 55714 "-" "FeedFetcher-Google; (+http://www.google.com/feedfetcher.html)" "nicolesconiers.com"
10.213.116.227 - - [23/Jan/2023:04:04:25 -0800] "POST /blog/wp-cron.php?doing_wp_cron HTTP/1.1" 200 - "-" "WordPress/3.0.4; http://nicolesconiers.com/blog" "nicolesconiers.com"
37.139.53.65 - - [23/Jan/2023:04:04:24 -0800] "GET /blog/index.php/2011/10/17/thedivaofdelay/ HTTP/1.1" 200 37023 "http://nicolesconiers.com/blog/2011/10/17/thedivaofdelay/#comment-/" "Mozilla/5.0 (Windows NT 6.2; Win64; x64) AppleWebKit/537.36 (KHTML, like Gecko) Chrome/90.0.4430.72 Safari/537.36" "nicolesconiers.com"
37.139.53.65 - - [23/Jan/2023:04:04:29 -0800] "POST /blog/wp-comments-post.php HTTP/1.1" 302 - "http://nicolesconiers.com/blog/2011/10/17/thedivaofdelay/#comment-/" "Mozilla/5.0 (Windows NT 6.2; Win64; x64) AppleWebKit/537.36 (KHTML, like Gecko) Chrome/90.0.4430.72 Safari/537.36" "nicolesconiers.com"
43.153.113.232 - - [23/Jan/2023:04:10:42 -0800] "POST /blog/wp-login.php HTTP/1.1" 200 3146 "-" "Mozilla/5.0" "nicolesconiers.com"
43.153.113.232 - - [23/Jan/2023:04:10:42 -0800] "POST /blog/wp-login.php HTTP/1.1" 200 3146 "-" "Mozilla/5.0" "nicolesconiers.com"
43.153.113.232 - - [23/Jan/2023:04:10:42 -0800] "POST /blog/wp-login.php HTTP/1.1" 200 3153 "-" "Mozilla/5.0" "nicolesconiers.com"
43.153.113.232 - - [23/Jan/2023:04:10:42 -0800] "POST /blog/wp-login.php HTTP/1.1" 200 3159 "-" "Mozilla/5.0" "nicolesconiers.com"
43.153.113.232 - - [23/Jan/2023:04:10:42 -0800] "POST /blog/wp-login.php HTTP/1.1" 200 3156 "-" "Mozilla/5.0" "nicolesconiers.com"
43.153.113.232 - - [23/Jan/2023:04:10:42 -0800] "POST /blog/wp-login.php HTTP/1.1" 200 3157 "-" "Mozilla/5.0" "nicolesconiers.com"
43.153.113.232 - - [23/Jan/2023:04:10:42 -0800] "POST /blog/wp-login.php HTTP/1.1" 200 3156 "-" "Mozilla/5.0" "nicolesconiers.com"
43.153.113.232 - - [23/Jan/2023:04:10:42 -0800] "POST /blog/wp-login.php HTTP/1.1" 200 3158 "-" "Mozilla/5.0" "nicolesconiers.com"
43.153.113.232 - - [23/Jan/2023:04:10:42 -0800] "POST /blog/wp-login.php HTTP/1.1" 200 3159 "-" "Mozilla/5.0" "nicolesconiers.com"
43.153.113.232 - - [23/Jan/2023:04:10:42 -0800] "POST /blog/wp-login.php HTTP/1.1" 200 3156 "-" "Mozilla/5.0" "nicolesconiers.com"
43.153.113.232 - - [23/Jan/2023:04:10:42 -0800] "POST /blog/wp-login.php HTTP/1.1" 200 3157 "-" "Mozilla/5.0" "nicolesconiers.com"
37.139.53.60 - - [23/Jan/2023:04:11:10 -0800] "GET /blog/index.php/2011/10/17/thedivaofdelay/ HTTP/1.1" 200 37023 "http://nicolesconiers.com/blog/2011/10/17/thedivaofdelay/#comment-/" "Mozilla/5.0 (Windows NT 6.1; Win64; x64) AppleWebKit/537.36 (KHTML, like Gecko) Chrome/90.0.4427.0 Safari/537.36" "nicolesconiers.com"
37.139.53.60 - - [23/Jan/2023:04:11:12 -0800] "POST /blog/wp-comments-post.php HTTP/1.1" 302 - "http://nicolesconiers.com/blog/2011/10/17/thedivaofdelay/#comment-/" "Mozilla/5.0 (Windows NT 6.1; Win64; x64) AppleWebKit/537.36 (KHTML, like Gecko) Chrome/90.0.4427.0 Safari/537.36" "nicolesconiers.com"
172.58.242.3 - - [23/Jan/2023:04:13:53 -0800] "GET /blog/wp-content/uploads/2012/03/Jamiel-funeral-pic.gif HTTP/1.1" 200 69771 "-" "Mozilla/5.0 (Linux; Android 9; KFKAWI) AppleWebKit/537.36 (KHTML, like Gecko) Silk/84.1.153 like Chrome/84.0.4147.111 Safari/537.36" "nicolesconiers.com"
172.58.242.3 - - [23/Jan/2023:04:13:53 -0800] "GET /favicon.ico HTTP/1.1" 404 88 "http://nicolesconiers.com/blog/wp-content/uploads/2012/03/Jamiel-funeral-pic.gif" "Mozilla/5.0 (Linux; Android 9; KFKAWI) AppleWebKit/537.36 (KHTML, like Gecko) Silk/84.1.153 like Chrome/84.0.4147.111 Safari/537.36" "nicolesconiers.com"
