37.139.53.60 - - [23/Jan/2023:11:48:50 -0800] "GET /blog/index.php/2011/10/17/thedivaofdelay/ HTTP/1.1" 200 37023 "http://nicolesconiers.com/blog/2011/10/17/thedivaofdelay/#comment-/" "Mozilla/5.0 (Windows NT 6.1) AppleWebKit/537.36 (KHTML, like Gecko) Chrome/90.0.4430.72 Safari/537.36" "nicolesconiers.com"
37.139.53.60 - - [23/Jan/2023:11:48:55 -0800] "POST /blog/wp-comments-post.php HTTP/1.1" 302 - "http://nicolesconiers.com/blog/2011/10/17/thedivaofdelay/#comment-/" "Mozilla/5.0 (Windows NT 6.1) AppleWebKit/537.36 (KHTML, like Gecko) Chrome/90.0.4430.72 Safari/537.36" "nicolesconiers.com"
43.153.113.232 - - [23/Jan/2023:11:50:38 -0800] "POST /blog/wp-login.php HTTP/1.1" 200 3146 "-" "Mozilla/5.0" "nicolesconiers.com"
43.153.113.232 - - [23/Jan/2023:11:50:38 -0800] "POST /blog/wp-login.php HTTP/1.1" 200 3153 "-" "Mozilla/5.0" "nicolesconiers.com"
43.153.113.232 - - [23/Jan/2023:11:50:38 -0800] "POST /blog/wp-login.php HTTP/1.1" 200 3157 "-" "Mozilla/5.0" "nicolesconiers.com"
43.153.113.232 - - [23/Jan/2023:11:50:38 -0800] "POST /blog/wp-login.php HTTP/1.1" 200 3159 "-" "Mozilla/5.0" "nicolesconiers.com"
43.153.113.232 - - [23/Jan/2023:11:50:38 -0800] "POST /blog/wp-login.php HTTP/1.1" 200 3156 "-" "Mozilla/5.0" "nicolesconiers.com"
43.153.113.232 - - [23/Jan/2023:11:50:38 -0800] "POST /blog/wp-login.php HTTP/1.1" 200 3157 "-" "Mozilla/5.0" "nicolesconiers.com"
43.153.113.232 - - [23/Jan/2023:11:50:38 -0800] "POST /blog/wp-login.php HTTP/1.1" 200 3156 "-" "Mozilla/5.0" "nicolesconiers.com"
43.153.113.232 - - [23/Jan/2023:11:50:38 -0800] "POST /blog/wp-login.php HTTP/1.1" 200 3156 "-" "Mozilla/5.0" "nicolesconiers.com"
43.153.113.232 - - [23/Jan/2023:11:50:38 -0800] "POST /blog/wp-login.php HTTP/1.1" 200 3158 "-" "Mozilla/5.0" "nicolesconiers.com"
43.153.113.232 - - [23/Jan/2023:11:50:38 -0800] "POST /blog/wp-login.php HTTP/1.1" 200 3146 "-" "Mozilla/5.0" "nicolesconiers.com"
43.153.113.232 - - [23/Jan/2023:11:50:38 -0800] "POST /blog/wp-login.php HTTP/1.1" 200 3159 "-" "Mozilla/5.0" "nicolesconiers.com"
118.184.177.83 - - [23/Jan/2023:11:51:46 -0800] "GET / HTTP/1.1" 200 20039 "-" "Sogou web spider/4.0(+http://www.sogou.com/docs/help/webmasters.htm#07)" "nicolesconiers.com"
62.210.215.118 - - [23/Jan/2023:11:55:34 -0800] "GET /blog/index.php/2012/03/27/lethal-lottery-trayvon-2-0/feed/ HTTP/1.1" 200 803 "-" "Mozilla/5.0 (X11; Linux i686) AppleWebKit/537.36 (KHTML, like Gecko) Chrome/30.0.1599.66 Safari/537.36" "nicolesconiers.com"
37.139.53.80 - - [23/Jan/2023:11:56:25 -0800] "GET /blog/index.php/2011/10/17/thedivaofdelay/ HTTP/1.1" 200 37023 "http://nicolesconiers.com/blog/2011/10/17/thedivaofdelay/#comment-/" "Mozilla/5.0 (Windows NT 10.0; Win64; x64) AppleWebKit/537.36 (KHTML, like Gecko) Chrome/90.0.4430.93 Safari/537.36" "nicolesconiers.com"
37.139.53.80 - - [23/Jan/2023:11:56:30 -0800] "POST /blog/wp-comments-post.php HTTP/1.1" 302 - "http://nicolesconiers.com/blog/2011/10/17/thedivaofdelay/#comment-/" "Mozilla/5.0 (Windows NT 10.0; Win64; x64) AppleWebKit/537.36 (KHTML, like Gecko) Chrome/90.0.4430.93 Safari/537.36" "nicolesconiers.com"
37.139.53.80 - - [23/Jan/2023:11:59:47 -0800] "GET /blog/index.php/2011/10/17/thedivaofdelay/ HTTP/1.1" 200 37023 "http://nicolesconiers.com/blog/2011/10/17/thedivaofdelay/#comment-/" "Mozilla/5.0 (Windows NT 6.1; ) AppleWebKit/537.36 (KHTML, like Gecko) Chrome/90.0.4430.85 Safari/537.36" "nicolesconiers.com"
37.139.53.80 - - [23/Jan/2023:11:59:50 -0800] "POST /blog/wp-comments-post.php HTTP/1.1" 302 - "http://nicolesconiers.com/blog/2011/10/17/thedivaofdelay/#comment-/" "Mozilla/5.0 (Windows NT 6.1; ) AppleWebKit/537.36 (KHTML, like Gecko) Chrome/90.0.4430.85 Safari/537.36" "nicolesconiers.com"
37.139.53.65 - - [23/Jan/2023:12:05:58 -0800] "GET /blog/index.php/2011/10/17/thedivaofdelay/ HTTP/1.1" 200 37023 "http://nicolesconiers.com/blog/2011/10/17/thedivaofdelay/#comment-/" "Mozilla/5.0 (Windows NT 6.3; Win64; x64) AppleWebKit/537.36 (KHTML, like Gecko) Chrome/90.0.4430.85 Safari/537.36 Edg/90.0.818.46" "nicolesconiers.com"
37.139.53.65 - - [23/Jan/2023:12:06:02 -0800] "POST /blog/wp-comments-post.php HTTP/1.1" 302 - "http://nicolesconiers.com/blog/2011/10/17/thedivaofdelay/#comment-/" "Mozilla/5.0 (Windows NT 6.3; Win64; x64) AppleWebKit/537.36 (KHTML, like Gecko) Chrome/90.0.4430.85 Safari/537.36 Edg/90.0.818.46" "nicolesconiers.com"
37.139.53.70 - - [23/Jan/2023:12:07:11 -0800] "GET /blog/index.php/2011/10/17/thedivaofdelay/ HTTP/1.1" 200 37023 "http://nicolesconiers.com/blog/2011/10/17/thedivaofdelay/#comment-/" "Mozilla/5.0 (Windows NT 6.3; Win64; x64) AppleWebKit/537.36 (KHTML, like Gecko) Chrome/90.0.4430.72 Safari/537.36" "nicolesconiers.com"
37.139.53.70 - - [23/Jan/2023:12:07:14 -0800] "POST /blog/wp-comments-post.php HTTP/1.1" 302 - "http://nicolesconiers.com/blog/2011/10/17/thedivaofdelay/#comment-/" "Mozilla/5.0 (Windows NT 6.3; Win64; x64) AppleWebKit/537.36 (KHTML, like Gecko) Chrome/90.0.4430.72 Safari/537.36" "nicolesconiers.com"
37.139.53.75 - - [23/Jan/2023:12:10:05 -0800] "GET /blog/index.php/2011/10/17/thedivaofdelay/ HTTP/1.1" 200 37023 "http://nicolesconiers.com/blog/2011/10/17/thedivaofdelay/#comment-/" "Mozilla/5.0 (Windows NT 6.3; Win64; x64) AppleWebKit/537.36 (KHTML, like Gecko) Chrome/90.0.4430.72 Safari/537.36 Edg/90.0.818.42" "nicolesconiers.com"
37.139.53.75 - - [23/Jan/2023:12:10:08 -0800] "POST /blog/wp-comments-post.php HTTP/1.1" 302 - "http://nicolesconiers.com/blog/2011/10/17/thedivaofdelay/#comment-/" "Mozilla/5.0 (Windows NT 6.3; Win64; x64) AppleWebKit/537.36 (KHTML, like Gecko) Chrome/90.0.4430.72 Safari/537.36 Edg/90.0.818.42" "nicolesconiers.com"
51.222.253.1 - - [23/Jan/2023:12:13:52 -0800] "GET /blog/index.php/tag/rihanna/ HTTP/1.1" 200 27330 "-" "Mozilla/5.0 (compatible; AhrefsBot/7.0; +http://ahrefs.com/robot/)" "nicolesconiers.com"
84.167.93.245 - - [23/Jan/2023:12:19:24 -0800] "GET /2003/license.txt HTTP/1.1" 404 88 "-" "Mozilla/5.0 (X11; Ubuntu; Linux x86_64; rv:62.0) Gecko/20100101 Firefox/62.0" "nicolesconiers.com"
37.139.53.75 - - [23/Jan/2023:12:22:06 -0800] "GET /blog/index.php/2011/10/17/thedivaofdelay/ HTTP/1.1" 200 37023 "http://nicolesconiers.com/blog/2011/10/17/thedivaofdelay/#comment-/" "Mozilla/5.0 (Windows NT 6.1; Win64; x64) AppleWebKit/537.36 (KHTML, like Gecko) Chrome/90.0.4430.85 Safari/537.36" "nicolesconiers.com"
37.139.53.75 - - [23/Jan/2023:12:22:09 -0800] "POST /blog/wp-comments-post.php HTTP/1.1" 302 - "http://nicolesconiers.com/blog/2011/10/17/thedivaofdelay/#comment-/" "Mozilla/5.0 (Windows NT 6.1; Win64; x64) AppleWebKit/537.36 (KHTML, like Gecko) Chrome/90.0.4430.85 Safari/537.36" "nicolesconiers.com"
43.153.113.232 - - [23/Jan/2023:12:23:29 -0800] "POST /blog/wp-login.php HTTP/1.1" 200 3146 "-" "Mozilla/5.0" "nicolesconiers.com"
43.153.113.232 - - [23/Jan/2023:12:23:29 -0800] "POST /blog/wp-login.php HTTP/1.1" 200 3157 "-" "Mozilla/5.0" "nicolesconiers.com"
43.153.113.232 - - [23/Jan/2023:12:23:29 -0800] "POST /blog/wp-login.php HTTP/1.1" 200 3159 "-" "Mozilla/5.0" "nicolesconiers.com"
43.153.113.232 - - [23/Jan/2023:12:23:29 -0800] "POST /blog/wp-login.php HTTP/1.1" 200 3156 "-" "Mozilla/5.0" "nicolesconiers.com"
43.153.113.232 - - [23/Jan/2023:12:23:29 -0800] "POST /blog/wp-login.php HTTP/1.1" 200 3156 "-" "Mozilla/5.0" "nicolesconiers.com"
43.153.113.232 - - [23/Jan/2023:12:23:29 -0800] "POST /blog/wp-login.php HTTP/1.1" 200 3146 "-" "Mozilla/5.0" "nicolesconiers.com"
43.153.113.232 - - [23/Jan/2023:12:23:29 -0800] "POST /blog/wp-login.php HTTP/1.1" 200 3156 "-" "Mozilla/5.0" "nicolesconiers.com"
43.153.113.232 - - [23/Jan/2023:12:23:29 -0800] "POST /blog/wp-login.php HTTP/1.1" 200 3153 "-" "Mozilla/5.0" "nicolesconiers.com"
43.153.113.232 - - [23/Jan/2023:12:23:29 -0800] "POST /blog/wp-login.php HTTP/1.1" 200 3158 "-" "Mozilla/5.0" "nicolesconiers.com"
43.153.113.232 - - [23/Jan/2023:12:23:29 -0800] "POST /blog/wp-login.php HTTP/1.1" 200 3159 "-" "Mozilla/5.0" "nicolesconiers.com"
43.153.113.232 - - [23/Jan/2023:12:23:29 -0800] "POST /blog/wp-login.php HTTP/1.1" 200 3157 "-" "Mozilla/5.0" "nicolesconiers.com"
213.21.209.40 - - [23/Jan/2023:12:23:29 -0800] "GET /blog/index.php/2011/10/17/thedivaofdelay/ HTTP/1.1" 200 37023 "http://nicolesconiers.com/blog/2011/10/17/thedivaofdelay/" "Mozilla/5.0 (Windows NT 6.1; Win64; x64) AppleWebKit/537.36 (KHTML, like Gecko) Chrome/90.0.4430.85 Safari/537.36" "nicolesconiers.com"
213.21.209.40 - - [23/Jan/2023:12:23:31 -0800] "POST /blog/wp-comments-post.php HTTP/1.1" 302 - "http://nicolesconiers.com/blog/2011/10/17/thedivaofdelay/" "Mozilla/5.0 (Windows NT 6.1; Win64; x64) AppleWebKit/537.36 (KHTML, like Gecko) Chrome/90.0.4430.85 Safari/537.36" "nicolesconiers.com"
213.21.209.40 - - [23/Jan/2023:12:23:32 -0800] "GET /blog/index.php/2011/10/17/thedivaofdelay/ HTTP/1.1" 200 37023 "http://nicolesconiers.com/blog/2011/10/17/thedivaofdelay/#comment-" "Mozilla/5.0 (Windows NT 6.1; Win64; x64) AppleWebKit/537.36 (KHTML, like Gecko) Chrome/90.0.4430.85 Safari/537.36" "nicolesconiers.com"
78.183.81.91 - - [23/Jan/2023:12:25:52 -0800] "GET /blog/index.php/2011/07/01/the-beckyville-bookmobile-or-soul-sista-ice-cream-truck/ HTTP/1.1" 200 41455 "-" "Mozilla/5.0 (X11; Fedora; Linux x86_64; rv:102.0) Gecko/20100101 Firefox/102.0" "nicolesconiers.com"
77.75.79.31 - - [23/Jan/2023:12:27:14 -0800] "GET /blog/index.php/tag/dysfunctional-diva/ HTTP/1.1" 200 30259 "-" "Mozilla/5.0 (compatible; SeznamBot/4.0-RC1; +http://napoveda.seznam.cz/seznambot-intro/)" "nicolesconiers.com"
37.139.53.70 - - [23/Jan/2023:12:27:49 -0800] "GET /blog/index.php/2011/10/17/thedivaofdelay/ HTTP/1.1" 200 37023 "http://nicolesconiers.com/blog/2011/10/17/thedivaofdelay/#comment-/" "Mozilla/5.0 (Windows NT 6.3; Win64; x64) AppleWebKit/537.36 (KHTML, like Gecko) Chrome/90.0.4430.85 Safari/537.36 Edg/90.0.818.49" "nicolesconiers.com"
37.139.53.70 - - [23/Jan/2023:12:27:52 -0800] "POST /blog/wp-comments-post.php HTTP/1.1" 302 - "http://nicolesconiers.com/blog/2011/10/17/thedivaofdelay/#comment-/" "Mozilla/5.0 (Windows NT 6.3; Win64; x64) AppleWebKit/537.36 (KHTML, like Gecko) Chrome/90.0.4430.85 Safari/537.36 Edg/90.0.818.49" "nicolesconiers.com"
74.125.216.61 - - [23/Jan/2023:12:37:51 -0800] "GET /blog/index.php/feed/ HTTP/1.1" 200 55714 "-" "FeedFetcher-Google; (+http://www.google.com/feedfetcher.html)" "nicolesconiers.com"
37.139.53.60 - - [23/Jan/2023:12:39:33 -0800] "GET /blog/index.php/2011/10/17/thedivaofdelay/ HTTP/1.1" 200 37023 "http://nicolesconiers.com/blog/2011/10/17/thedivaofdelay/#comment-/" "Mozilla/5.0 (Windows NT 10.0; Win64; x64) AppleWebKit/537.36 (KHTML, like Gecko) Chrome/90.0.4430.85 Safari/537.36" "nicolesconiers.com"
37.139.53.60 - - [23/Jan/2023:12:39:35 -0800] "POST /blog/wp-comments-post.php HTTP/1.1" 302 - "http://nicolesconiers.com/blog/2011/10/17/thedivaofdelay/#comment-/" "Mozilla/5.0 (Windows NT 10.0; Win64; x64) AppleWebKit/537.36 (KHTML, like Gecko) Chrome/90.0.4430.85 Safari/537.36" "nicolesconiers.com"
37.139.53.65 - - [23/Jan/2023:12:42:12 -0800] "GET /blog/index.php/2011/10/17/thedivaofdelay/ HTTP/1.1" 200 37023 "http://nicolesconiers.com/blog/2011/10/17/thedivaofdelay/#comment-/" "Mozilla/5.0 (Windows NT 10.0; Win64; x64) AppleWebKit/537.36 (KHTML, like Gecko) Chrome/90.0.4430.86 Safari/537.36" "nicolesconiers.com"
37.139.53.65 - - [23/Jan/2023:12:42:15 -0800] "POST /blog/wp-comments-post.php HTTP/1.1" 302 - "http://nicolesconiers.com/blog/2011/10/17/thedivaofdelay/#comment-/" "Mozilla/5.0 (Windows NT 10.0; Win64; x64) AppleWebKit/537.36 (KHTML, like Gecko) Chrome/90.0.4430.86 Safari/537.36" "nicolesconiers.com"
34.84.216.61 - - [23/Jan/2023:12:48:56 -0800] "GET /blog/index.php/2017/03/20/1098/ HTTP/1.1" 200 30491 "http://nicolesconiers.com/blog/2017/03/20/1098/#comment-/" "Mozilla/5.0 (Windows NT 6.2; Win64; x64) AppleWebKit/537.36 (KHTML, like Gecko) Chrome/90.0.4430.93 Safari/537.36" "nicolesconiers.com"
34.84.216.61 - - [23/Jan/2023:12:49:00 -0800] "POST /blog/wp-comments-post.php HTTP/1.1" 302 - "http://nicolesconiers.com/blog/2017/03/20/1098/#comment-/" "Mozilla/5.0 (Windows NT 6.2; Win64; x64) AppleWebKit/537.36 (KHTML, like Gecko) Chrome/90.0.4430.93 Safari/537.36" "nicolesconiers.com"
34.84.216.61 - - [23/Jan/2023:12:49:02 -0800] "GET /blog/index.php/2017/03/20/1098/ HTTP/1.1" 200 30491 "http://nicolesconiers.com/blog/2017/03/20/1098/#comment-" "Mozilla/5.0 (Windows NT 6.2; Win64; x64) AppleWebKit/537.36 (KHTML, like Gecko) Chrome/90.0.4430.93 Safari/537.36" "nicolesconiers.com"
45.36.232.99 - - [23/Jan/2023:12:54:26 -0800] "GET /blog/wp-content/uploads/2012/03/Jamiel-funeral-pic.gif HTTP/1.1" 200 69771 "-" "com.google.android.apps.searchlite/737757 (Linux; U; Android 11; en_US; MH-T6000; Build/MH-T6000V1.0.0B009; Cronet/108.0.5359.61)" "nicolesconiers.com"
43.153.113.232 - - [23/Jan/2023:12:56:23 -0800] "POST /blog/wp-login.php HTTP/1.1" 200 3159 "-" "Mozilla/5.0" "nicolesconiers.com"
43.153.113.232 - - [23/Jan/2023:12:56:23 -0800] "POST /blog/wp-login.php HTTP/1.1" 200 3157 "-" "Mozilla/5.0" "nicolesconiers.com"
43.153.113.232 - - [23/Jan/2023:12:56:23 -0800] "POST /blog/wp-login.php HTTP/1.1" 200 3159 "-" "Mozilla/5.0" "nicolesconiers.com"
43.153.113.232 - - [23/Jan/2023:12:56:23 -0800] "POST /blog/wp-login.php HTTP/1.1" 200 3156 "-" "Mozilla/5.0" "nicolesconiers.com"
43.153.113.232 - - [23/Jan/2023:12:56:23 -0800] "POST /blog/wp-login.php HTTP/1.1" 200 3153 "-" "Mozilla/5.0" "nicolesconiers.com"
43.153.113.232 - - [23/Jan/2023:12:56:23 -0800] "POST /blog/wp-login.php HTTP/1.1" 200 3146 "-" "Mozilla/5.0" "nicolesconiers.com"
43.153.113.232 - - [23/Jan/2023:12:56:23 -0800] "POST /blog/wp-login.php HTTP/1.1" 200 3157 "-" "Mozilla/5.0" "nicolesconiers.com"
43.153.113.232 - - [23/Jan/2023:12:56:23 -0800] "POST /blog/wp-login.php HTTP/1.1" 200 3156 "-" "Mozilla/5.0" "nicolesconiers.com"
43.153.113.232 - - [23/Jan/2023:12:56:23 -0800] "POST /blog/wp-login.php HTTP/1.1" 200 3146 "-" "Mozilla/5.0" "nicolesconiers.com"
43.153.113.232 - - [23/Jan/2023:12:56:23 -0800] "POST /blog/wp-login.php HTTP/1.1" 200 3158 "-" "Mozilla/5.0" "nicolesconiers.com"
43.153.113.232 - - [23/Jan/2023:12:56:23 -0800] "POST /blog/wp-login.php HTTP/1.1" 200 3156 "-" "Mozilla/5.0" "nicolesconiers.com"
37.139.53.60 - - [23/Jan/2023:12:58:16 -0800] "GET /blog/index.php/2011/10/17/thedivaofdelay/ HTTP/1.1" 200 37023 "http://nicolesconiers.com/blog/2011/10/17/thedivaofdelay/#comment-/" "Mozilla/5.0 (Windows NT 6.3; Win64; x64) AppleWebKit/537.36 (KHTML, like Gecko) Chrome/90.0.4430.72 Safari/537.36" "nicolesconiers.com"
37.139.53.60 - - [23/Jan/2023:12:58:18 -0800] "POST /blog/wp-comments-post.php HTTP/1.1" 302 - "http://nicolesconiers.com/blog/2011/10/17/thedivaofdelay/#comment-/" "Mozilla/5.0 (Windows NT 6.3; Win64; x64) AppleWebKit/537.36 (KHTML, like Gecko) Chrome/90.0.4430.72 Safari/537.36" "nicolesconiers.com"
37.139.53.80 - - [23/Jan/2023:12:58:45 -0800] "GET /blog/index.php/2011/10/17/thedivaofdelay/ HTTP/1.1" 200 37023 "http://nicolesconiers.com/blog/2011/10/17/thedivaofdelay/#comment-/" "Mozilla/5.0 (Windows NT 6.1; WOW64) AppleWebKit/537.36 (KHTML, like Gecko) Chrome/90.0.4430.85 Safari/537.36" "nicolesconiers.com"
37.139.53.80 - - [23/Jan/2023:12:58:53 -0800] "POST /blog/wp-comments-post.php HTTP/1.1" 302 - "http://nicolesconiers.com/blog/2011/10/17/thedivaofdelay/#comment-/" "Mozilla/5.0 (Windows NT 6.1; WOW64) AppleWebKit/537.36 (KHTML, like Gecko) Chrome/90.0.4430.85 Safari/537.36" "nicolesconiers.com"
37.139.53.80 - - [23/Jan/2023:13:02:56 -0800] "GET /blog/index.php/2011/10/17/thedivaofdelay/ HTTP/1.1" 200 37023 "http://nicolesconiers.com/blog/2011/10/17/thedivaofdelay/#comment-/" "Mozilla/5.0 (Windows NT 10.0; Win64; x64) AppleWebKit/537.36 (KHTML, like Gecko) Chrome/90.0.4430.72 Safari/537.36 Edg/90.0.818.39" "nicolesconiers.com"
37.139.53.80 - - [23/Jan/2023:13:02:59 -0800] "POST /blog/wp-comments-post.php HTTP/1.1" 302 - "http://nicolesconiers.com/blog/2011/10/17/thedivaofdelay/#comment-/" "Mozilla/5.0 (Windows NT 10.0; Win64; x64) AppleWebKit/537.36 (KHTML, like Gecko) Chrome/90.0.4430.72 Safari/537.36 Edg/90.0.818.39" "nicolesconiers.com"
45.72.26.41 - - [23/Jan/2023:13:04:31 -0800] "GET /blog/index.php/2011/12/01/afro-futurism-brave-new-world/ HTTP/1.1" 200 40623 "-" "Mozilla/5.0 (Windows NT 6.3; Win64; x64) AppleWebKit/537.36 (KHTML, like Gecko) Chrome/102.0.0.0 Safari/537.36" "nicolesconiers.com"
74.125.216.59 - - [23/Jan/2023:13:06:56 -0800] "GET /blog/index.php/feed/ HTTP/1.1" 200 55714 "-" "FeedFetcher-Google; (+http://www.google.com/feedfetcher.html)" "nicolesconiers.com"
114.119.128.218 - - [23/Jan/2023:13:09:33 -0800] "GET /robots.txt HTTP/1.1" 200 44 "-" "Mozilla/5.0 (compatible;PetalBot;+https://webmaster.petalsearch.com/site/petalbot)" "nicolesconiers.com"
37.139.53.75 - - [23/Jan/2023:13:12:05 -0800] "GET /blog/index.php/2011/10/17/thedivaofdelay/ HTTP/1.1" 200 37023 "http://nicolesconiers.com/blog/2011/10/17/thedivaofdelay/#comment-/" "Mozilla/5.0 (Windows NT 6.1; Win64; x64) AppleWebKit/537.36 (KHTML, like Gecko) Chrome/90.0.4430.85 Safari/537.36" "nicolesconiers.com"
37.139.53.75 - - [23/Jan/2023:13:12:08 -0800] "POST /blog/wp-comments-post.php HTTP/1.1" 302 - "http://nicolesconiers.com/blog/2011/10/17/thedivaofdelay/#comment-/" "Mozilla/5.0 (Windows NT 6.1; Win64; x64) AppleWebKit/537.36 (KHTML, like Gecko) Chrome/90.0.4430.85 Safari/537.36" "nicolesconiers.com"
37.139.53.70 - - [23/Jan/2023:13:12:33 -0800] "GET /blog/index.php/2011/10/17/thedivaofdelay/ HTTP/1.1" 200 37023 "http://nicolesconiers.com/blog/2011/10/17/thedivaofdelay/#comment-/" "Mozilla/5.0 (Windows NT 6.3; Win64; x64) AppleWebKit/537.36 (KHTML, like Gecko) Chrome/90.0.4430.72 Safari/537.36" "nicolesconiers.com"
37.139.53.70 - - [23/Jan/2023:13:12:36 -0800] "POST /blog/wp-comments-post.php HTTP/1.1" 302 - "http://nicolesconiers.com/blog/2011/10/17/thedivaofdelay/#comment-/" "Mozilla/5.0 (Windows NT 6.3; Win64; x64) AppleWebKit/537.36 (KHTML, like Gecko) Chrome/90.0.4430.72 Safari/537.36" "nicolesconiers.com"
37.139.53.65 - - [23/Jan/2023:13:14:38 -0800] "GET /blog/index.php/2011/10/17/thedivaofdelay/ HTTP/1.1" 200 37023 "http://nicolesconiers.com/blog/2011/10/17/thedivaofdelay/#comment-/" "Mozilla/5.0 (Windows NT 6.1; Win64; x64) AppleWebKit/537.36 (KHTML, like Gecko) Chrome/90.0.4430.72 Safari/537.36" "nicolesconiers.com"
37.139.53.65 - - [23/Jan/2023:13:14:41 -0800] "POST /blog/wp-comments-post.php HTTP/1.1" 302 - "http://nicolesconiers.com/blog/2011/10/17/thedivaofdelay/#comment-/" "Mozilla/5.0 (Windows NT 6.1; Win64; x64) AppleWebKit/537.36 (KHTML, like Gecko) Chrome/90.0.4430.72 Safari/537.36" "nicolesconiers.com"
23.100.232.233 - - [23/Jan/2023:13:22:47 -0800] "GET /blog/index.php/2011/06/10/maid-to-order/ HTTP/1.1" 200 32768 "-" "Mozilla/5.0 (compatible; MSIE 9.0; Windows NT 6.1; Trident/5.0;  Trident/5.0)" "nicolesconiers.com"
23.100.232.233 - - [23/Jan/2023:13:22:50 -0800] "GET /blog/wp-content/plugins/wp-polls/polls-css.css?ver=2.50 HTTP/1.1" 200 738 "http://nicolesconiers.com/blog/2011/06/10/maid-to-order/" "Mozilla/5.0 (compatible; MSIE 9.0; Windows NT 6.1; Trident/5.0;  Trident/5.0)" "nicolesconiers.com"
23.100.232.233 - - [23/Jan/2023:13:22:50 -0800] "GET /blog/wp-content/themes/pilcrow/style.css HTTP/1.1" 200 4202 "http://nicolesconiers.com/blog/2011/06/10/maid-to-order/" "Mozilla/5.0 (compatible; MSIE 9.0; Windows NT 6.1; Trident/5.0;  Trident/5.0)" "nicolesconiers.com"
154.30.252.249 - - [23/Jan/2023:13:27:49 -0800] "GET /blog/index.php/2011/12/01/afro-futurism-brave-new-world/ HTTP/1.1" 200 40623 "-" "Mozilla/5.0 (X11; Fedora; Linux x86_64; rv:102.0) Gecko/20100101 Firefox/102.0" "nicolesconiers.com"
43.153.113.232 - - [23/Jan/2023:13:29:11 -0800] "POST /blog/wp-login.php HTTP/1.1" 200 3157 "-" "Mozilla/5.0" "nicolesconiers.com"
43.153.113.232 - - [23/Jan/2023:13:29:11 -0800] "POST /blog/wp-login.php HTTP/1.1" 200 3153 "-" "Mozilla/5.0" "nicolesconiers.com"
43.153.113.232 - - [23/Jan/2023:13:29:11 -0800] "POST /blog/wp-login.php HTTP/1.1" 200 3156 "-" "Mozilla/5.0" "nicolesconiers.com"
43.153.113.232 - - [23/Jan/2023:13:29:11 -0800] "POST /blog/wp-login.php HTTP/1.1" 200 3156 "-" "Mozilla/5.0" "nicolesconiers.com"
43.153.113.232 - - [23/Jan/2023:13:29:11 -0800] "POST /blog/wp-login.php HTTP/1.1" 200 3159 "-" "Mozilla/5.0" "nicolesconiers.com"
43.153.113.232 - - [23/Jan/2023:13:29:11 -0800] "POST /blog/wp-login.php HTTP/1.1" 200 3146 "-" "Mozilla/5.0" "nicolesconiers.com"
43.153.113.232 - - [23/Jan/2023:13:29:11 -0800] "POST /blog/wp-login.php HTTP/1.1" 200 3159 "-" "Mozilla/5.0" "nicolesconiers.com"
43.153.113.232 - - [23/Jan/2023:13:29:11 -0800] "POST /blog/wp-login.php HTTP/1.1" 200 3156 "-" "Mozilla/5.0" "nicolesconiers.com"
43.153.113.232 - - [23/Jan/2023:13:29:11 -0800] "POST /blog/wp-login.php HTTP/1.1" 200 3146 "-" "Mozilla/5.0" "nicolesconiers.com"
43.153.113.232 - - [23/Jan/2023:13:29:11 -0800] "POST /blog/wp-login.php HTTP/1.1" 200 3157 "-" "Mozilla/5.0" "nicolesconiers.com"
123.123.219.67 - - [23/Jan/2023:13:30:13 -0800] "GET /robots.txt HTTP/1.1" 200 44 "-" "Mozilla/5.0 AppleWebKit/537.36 (KHTML, like Gecko) Chrome/55.0.2883.95 Safari/537.36" "nicolesconiers.com"
123.123.219.67 - - [23/Jan/2023:13:30:13 -0800] "GET /blog/index.php/tag/black-science-fiction/feed/ HTTP/1.1" 200 72070 "-" "Mozilla/5.0 AppleWebKit/537.36 (KHTML, like Gecko) Chrome/55.0.2883.95 Safari/537.36" "nicolesconiers.com"
51.222.253.16 - - [23/Jan/2023:13:32:37 -0800] "GET /robots.txt HTTP/1.1" 200 44 "-" "Mozilla/5.0 (compatible; AhrefsBot/7.0; +http://ahrefs.com/robot/)" "nicolesconiers.com"
51.222.253.5 - - [23/Jan/2023:13:32:39 -0800] "GET /blog/index.php/2011/09/01/memories-from-the-road/ HTTP/1.1" 200 45210 "-" "Mozilla/5.0 (compatible; AhrefsBot/7.0; +http://ahrefs.com/robot/)" "nicolesconiers.com"
51.222.253.15 - - [23/Jan/2023:13:32:45 -0800] "GET /blog/wp-content/uploads/2011/09/Buck-243x300.jpg HTTP/1.1" 200 33547 "-" "Mozilla/5.0 (compatible; AhrefsBot/7.0; +http://ahrefs.com/robot/)" "nicolesconiers.com"
51.222.253.9 - - [23/Jan/2023:13:32:46 -0800] "GET /blog/wp-content/uploads/2011/09/grand-canyon2-300x211.png HTTP/1.1" 200 117908 "-" "Mozilla/5.0 (compatible; AhrefsBot/7.0; +http://ahrefs.com/robot/)" "nicolesconiers.com"
51.222.253.10 - - [23/Jan/2023:13:32:51 -0800] "GET /blog/wp-content/uploads/2011/09/Underground-Books-226x300.jpg HTTP/1.1" 200 21593 "-" "Mozilla/5.0 (compatible; AhrefsBot/7.0; +http://ahrefs.com/robot/)" "nicolesconiers.com"
51.222.253.4 - - [23/Jan/2023:13:32:52 -0800] "GET /blog/wp-content/uploads/2011/09/Lola-and-Paulette-221x300.jpg HTTP/1.1" 200 26395 "-" "Mozilla/5.0 (compatible; AhrefsBot/7.0; +http://ahrefs.com/robot/)" "nicolesconiers.com"
37.139.53.70 - - [23/Jan/2023:13:32:56 -0800] "GET /blog/index.php/2011/10/17/thedivaofdelay/ HTTP/1.1" 200 37023 "http://nicolesconiers.com/blog/2011/10/17/thedivaofdelay/#comment-/" "Mozilla/5.0 (Windows NT 10.0; Win64; x64) AppleWebKit/537.36 (KHTML, like Gecko) Chrome/90.0.4430.85 Safari/537.36" "nicolesconiers.com"
37.139.53.70 - - [23/Jan/2023:13:32:59 -0800] "POST /blog/wp-comments-post.php HTTP/1.1" 302 - "http://nicolesconiers.com/blog/2011/10/17/thedivaofdelay/#comment-/" "Mozilla/5.0 (Windows NT 10.0; Win64; x64) AppleWebKit/537.36 (KHTML, like Gecko) Chrome/90.0.4430.85 Safari/537.36" "nicolesconiers.com"
73.210.0.212 - - [23/Jan/2023:13:38:22 -0800] "GET /blog/index.php/2011/07/28/the-help-white-women-saviors-and-maids-with-superpowers/ HTTP/1.1" 200 40362 "-" "Mozilla/5.0 (X11; Fedora; Linux x86_64; rv:102.0) Gecko/20100101 Firefox/102.0" "nicolesconiers.com"
223.240.101.111 - - [23/Jan/2023:13:38:37 -0800] "GET / HTTP/1.1" 200 20039 "-" "Mozilla/5.0 (iPhone; CPU iPhone OS 13_2_3 like Mac OS X) AppleWebKit/605.1.15 (KHTML, like Gecko) Version/13.0.3 Mobile/15E148 Safari/604.1" "nicolesconiers.com"
77.75.79.31 - - [23/Jan/2023:13:46:21 -0800] "GET /april-29.html HTTP/1.1" 304 - "-" "Mozilla/5.0 (compatible; SeznamBot/4.0-RC1; +http://napoveda.seznam.cz/seznambot-intro/)" "nicolesconiers.com"
37.139.53.60 - - [23/Jan/2023:13:49:03 -0800] "GET /blog/index.php/2011/10/17/thedivaofdelay/ HTTP/1.1" 200 37023 "http://nicolesconiers.com/blog/2011/10/17/thedivaofdelay/#comment-/" "Mozilla/5.0 (Windows NT 6.3; Win64; x64) AppleWebKit/537.36 (KHTML, like Gecko) Chrome/90.0.4430.72 Safari/537.36" "nicolesconiers.com"
37.139.53.60 - - [23/Jan/2023:13:49:06 -0800] "POST /blog/wp-comments-post.php HTTP/1.1" 302 - "http://nicolesconiers.com/blog/2011/10/17/thedivaofdelay/#comment-/" "Mozilla/5.0 (Windows NT 6.3; Win64; x64) AppleWebKit/537.36 (KHTML, like Gecko) Chrome/90.0.4430.72 Safari/537.36" "nicolesconiers.com"
37.139.53.65 - - [23/Jan/2023:13:51:26 -0800] "GET /blog/index.php/2011/10/17/thedivaofdelay/ HTTP/1.1" 200 37023 "http://nicolesconiers.com/blog/2011/10/17/thedivaofdelay/#comment-/" "Mozilla/5.0 (Windows NT 6.1) AppleWebKit/537.36 (KHTML, like Gecko) Chrome/90.0.4430.85 Safari/537.36" "nicolesconiers.com"
37.139.53.65 - - [23/Jan/2023:13:51:29 -0800] "POST /blog/wp-comments-post.php HTTP/1.1" 302 - "http://nicolesconiers.com/blog/2011/10/17/thedivaofdelay/#comment-/" "Mozilla/5.0 (Windows NT 6.1) AppleWebKit/537.36 (KHTML, like Gecko) Chrome/90.0.4430.85 Safari/537.36" "nicolesconiers.com"
211.97.2.197 - - [23/Jan/2023:13:54:17 -0800] "GET /blog/index.php/2011/07/01/the-beckyville-bookmobile-or-soul-sista-ice-cream-truck/ HTTP/1.1" 200 41455 "-" "Mozilla/5.0 (X11; Fedora; Linux x86_64; rv:102.0) Gecko/20100101 Firefox/102.0" "nicolesconiers.com"
51.222.253.14 - - [23/Jan/2023:13:55:18 -0800] "GET /blog/index.php/tag/contest/ HTTP/1.1" 200 26874 "-" "Mozilla/5.0 (compatible; AhrefsBot/7.0; +http://ahrefs.com/robot/)" "nicolesconiers.com"
34.80.239.252 - - [23/Jan/2023:13:58:24 -0800] "GET /blog/index.php/2017/03/20/1098/ HTTP/1.1" 200 30491 "http://nicolesconiers.com/blog/2017/03/20/1098/#comment-/" "Mozilla/5.0 (Windows NT 10.0) AppleWebKit/537.36 (KHTML, like Gecko) Chrome/90.0.4430.72 Safari/537.36" "nicolesconiers.com"
34.80.239.252 - - [23/Jan/2023:13:58:27 -0800] "POST /blog/wp-comments-post.php HTTP/1.1" 302 - "http://nicolesconiers.com/blog/2017/03/20/1098/#comment-/" "Mozilla/5.0 (Windows NT 10.0) AppleWebKit/537.36 (KHTML, like Gecko) Chrome/90.0.4430.72 Safari/537.36" "nicolesconiers.com"
112.78.144.62 - - [23/Jan/2023:13:58:32 -0800] "GET /blog/index.php/2017/03/20/1098/ HTTP/1.1" 200 30491 "http://nicolesconiers.com/blog/2017/03/20/1098/#comment-" "Mozilla/5.0 (Windows NT 10.0) AppleWebKit/537.36 (KHTML, like Gecko) Chrome/90.0.4430.72 Safari/537.36" "nicolesconiers.com"
37.139.53.80 - - [23/Jan/2023:14:02:12 -0800] "GET /blog/index.php/2011/10/17/thedivaofdelay/ HTTP/1.1" 200 37023 "http://nicolesconiers.com/blog/2011/10/17/thedivaofdelay/#comment-/" "Mozilla/5.0 (Windows NT 6.1; ) AppleWebKit/537.36 (KHTML, like Gecko) Chrome/90.0.4430.85 Safari/537.36" "nicolesconiers.com"
43.153.113.232 - - [23/Jan/2023:14:02:13 -0800] "POST /blog/wp-login.php HTTP/1.1" 200 3146 "-" "Mozilla/5.0" "nicolesconiers.com"
43.153.113.232 - - [23/Jan/2023:14:02:13 -0800] "POST /blog/wp-login.php HTTP/1.1" 200 3159 "-" "Mozilla/5.0" "nicolesconiers.com"
43.153.113.232 - - [23/Jan/2023:14:02:13 -0800] "POST /blog/wp-login.php HTTP/1.1" 200 3158 "-" "Mozilla/5.0" "nicolesconiers.com"
43.153.113.232 - - [23/Jan/2023:14:02:13 -0800] "POST /blog/wp-login.php HTTP/1.1" 200 3159 "-" "Mozilla/5.0" "nicolesconiers.com"
43.153.113.232 - - [23/Jan/2023:14:02:13 -0800] "POST /blog/wp-login.php HTTP/1.1" 200 3157 "-" "Mozilla/5.0" "nicolesconiers.com"
43.153.113.232 - - [23/Jan/2023:14:02:13 -0800] "POST /blog/wp-login.php HTTP/1.1" 200 3156 "-" "Mozilla/5.0" "nicolesconiers.com"
43.153.113.232 - - [23/Jan/2023:14:02:13 -0800] "POST /blog/wp-login.php HTTP/1.1" 200 3156 "-" "Mozilla/5.0" "nicolesconiers.com"
43.153.113.232 - - [23/Jan/2023:14:02:13 -0800] "POST /blog/wp-login.php HTTP/1.1" 200 3156 "-" "Mozilla/5.0" "nicolesconiers.com"
43.153.113.232 - - [23/Jan/2023:14:02:13 -0800] "POST /blog/wp-login.php HTTP/1.1" 200 3146 "-" "Mozilla/5.0" "nicolesconiers.com"
43.153.113.232 - - [23/Jan/2023:14:02:13 -0800] "POST /blog/wp-login.php HTTP/1.1" 200 3153 "-" "Mozilla/5.0" "nicolesconiers.com"
43.153.113.232 - - [23/Jan/2023:14:02:13 -0800] "POST /blog/wp-login.php HTTP/1.1" 200 3157 "-" "Mozilla/5.0" "nicolesconiers.com"
37.139.53.80 - - [23/Jan/2023:14:02:14 -0800] "POST /blog/wp-comments-post.php HTTP/1.1" 302 - "http://nicolesconiers.com/blog/2011/10/17/thedivaofdelay/#comment-/" "Mozilla/5.0 (Windows NT 6.1; ) AppleWebKit/537.36 (KHTML, like Gecko) Chrome/90.0.4430.85 Safari/537.36" "nicolesconiers.com"
37.139.53.80 - - [23/Jan/2023:14:06:16 -0800] "GET /blog/index.php/2011/10/17/thedivaofdelay/ HTTP/1.1" 200 37023 "http://nicolesconiers.com/blog/2011/10/17/thedivaofdelay/#comment-/" "Mozilla/5.0 (Windows NT 6.3; Win64; x64) AppleWebKit/537.36 (KHTML, like Gecko) Chrome/90.0.4430.72 Safari/537.36" "nicolesconiers.com"
37.139.53.80 - - [23/Jan/2023:14:06:18 -0800] "POST /blog/wp-comments-post.php HTTP/1.1" 302 - "http://nicolesconiers.com/blog/2011/10/17/thedivaofdelay/#comment-/" "Mozilla/5.0 (Windows NT 6.3; Win64; x64) AppleWebKit/537.36 (KHTML, like Gecko) Chrome/90.0.4430.72 Safari/537.36" "nicolesconiers.com"
37.139.53.60 - - [23/Jan/2023:14:07:55 -0800] "GET /blog/index.php/2011/10/17/thedivaofdelay/ HTTP/1.1" 200 37023 "http://nicolesconiers.com/blog/2011/10/17/thedivaofdelay/#comment-/" "Mozilla/5.0 (Windows NT 10.0; WOW64) AppleWebKit/537.36 (KHTML, like Gecko) Chrome/90.0.4430.72 Safari/537.36" "nicolesconiers.com"
37.139.53.60 - - [23/Jan/2023:14:07:57 -0800] "POST /blog/wp-comments-post.php HTTP/1.1" 302 - "http://nicolesconiers.com/blog/2011/10/17/thedivaofdelay/#comment-/" "Mozilla/5.0 (Windows NT 10.0; WOW64) AppleWebKit/537.36 (KHTML, like Gecko) Chrome/90.0.4430.72 Safari/537.36" "nicolesconiers.com"
62.210.215.118 - - [23/Jan/2023:14:09:06 -0800] "GET /blog/index.php/tag/new-orleans/feed/ HTTP/1.1" 200 17806 "-" "Mozilla/5.0 (X11; Linux i686) AppleWebKit/537.36 (KHTML, like Gecko) Chrome/30.0.1599.66 Safari/537.36" "nicolesconiers.com"
37.139.53.75 - - [23/Jan/2023:14:14:32 -0800] "GET /blog/index.php/2011/10/17/thedivaofdelay/ HTTP/1.1" 200 37023 "http://nicolesconiers.com/blog/2011/10/17/thedivaofdelay/#comment-/" "Mozilla/5.0 (Windows NT 10.0; Win64; x64) AppleWebKit/537.36 (KHTML, like Gecko) Chrome/90.0.4430.72 Safari/537.36" "nicolesconiers.com"
37.139.53.75 - - [23/Jan/2023:14:14:35 -0800] "POST /blog/wp-comments-post.php HTTP/1.1" 302 - "http://nicolesconiers.com/blog/2011/10/17/thedivaofdelay/#comment-/" "Mozilla/5.0 (Windows NT 10.0; Win64; x64) AppleWebKit/537.36 (KHTML, like Gecko) Chrome/90.0.4430.72 Safari/537.36" "nicolesconiers.com"
37.139.53.70 - - [23/Jan/2023:14:18:19 -0800] "GET /blog/index.php/2011/10/17/thedivaofdelay/ HTTP/1.1" 200 37023 "http://nicolesconiers.com/blog/2011/10/17/thedivaofdelay/#comment-/" "Mozilla/5.0 (Windows NT 10.0) AppleWebKit/537.36 (KHTML, like Gecko) Chrome/90.0.4430.72 Safari/537.36" "nicolesconiers.com"
37.139.53.70 - - [23/Jan/2023:14:18:22 -0800] "POST /blog/wp-comments-post.php HTTP/1.1" 302 - "http://nicolesconiers.com/blog/2011/10/17/thedivaofdelay/#comment-/" "Mozilla/5.0 (Windows NT 10.0) AppleWebKit/537.36 (KHTML, like Gecko) Chrome/90.0.4430.72 Safari/537.36" "nicolesconiers.com"
23.100.232.233 - - [23/Jan/2023:14:18:34 -0800] "GET /blog/index.php/2012/02/20/the-state-of-black-sci-fi-2012-my-tribute-to-afrofuturist-betye-saar HTTP/1.1" 200 46897 "-" "Mozilla/5.0 (compatible; MSIE 9.0; Windows NT 6.0; Trident/5.0;  Trident/5.0)" "www.nicolesconiers.com"
23.100.232.233 - - [23/Jan/2023:14:18:36 -0800] "GET /blog/wp-content/plugins/wp-polls/polls-css.css?ver=2.50 HTTP/1.1" 200 738 "http://www.nicolesconiers.com/blog/2012/02/20/the-state-of-black-sci-fi-2012-my-tribute-to-afrofuturist-betye-saar" "Mozilla/5.0 (compatible; MSIE 9.0; Windows NT 6.0; Trident/5.0;  Trident/5.0)" "nicolesconiers.com"
23.100.232.233 - - [23/Jan/2023:14:18:36 -0800] "GET /blog/wp-content/themes/pilcrow/style.css HTTP/1.1" 200 4202 "http://www.nicolesconiers.com/blog/2012/02/20/the-state-of-black-sci-fi-2012-my-tribute-to-afrofuturist-betye-saar" "Mozilla/5.0 (compatible; MSIE 9.0; Windows NT 6.0; Trident/5.0;  Trident/5.0)" "nicolesconiers.com"
23.100.232.233 - - [23/Jan/2023:14:18:36 -0800] "GET /blog/wp-includes/js/comment-reply.js?ver=20090102 HTTP/1.1" 200 412 "http://www.nicolesconiers.com/blog/2012/02/20/the-state-of-black-sci-fi-2012-my-tribute-to-afrofuturist-betye-saar" "Mozilla/5.0 (compatible; MSIE 9.0; Windows NT 6.0; Trident/5.0;  Trident/5.0)" "nicolesconiers.com"
23.100.232.233 - - [23/Jan/2023:14:18:36 -0800] "GET /blog/wp-includes/js/jquery/jquery.js?ver=1.4.2 HTTP/1.1" 200 24618 "http://www.nicolesconiers.com/blog/2012/02/20/the-state-of-black-sci-fi-2012-my-tribute-to-afrofuturist-betye-saar" "Mozilla/5.0 (compatible; MSIE 9.0; Windows NT 6.0; Trident/5.0;  Trident/5.0)" "nicolesconiers.com"
23.100.232.233 - - [23/Jan/2023:14:18:39 -0800] "GET /blog/wp-content/plugins/wp-polls/polls-js.js?ver=2.50 HTTP/1.1" 200 644 "http://www.nicolesconiers.com/blog/2012/02/20/the-state-of-black-sci-fi-2012-my-tribute-to-afrofuturist-betye-saar" "Mozilla/5.0 (compatible; MSIE 9.0; Windows NT 6.0; Trident/5.0;  Trident/5.0)" "nicolesconiers.com"
37.139.53.65 - - [23/Jan/2023:14:24:42 -0800] "GET /blog/index.php/2011/10/17/thedivaofdelay/ HTTP/1.1" 200 37023 "http://nicolesconiers.com/blog/2011/10/17/thedivaofdelay/#comment-/" "Mozilla/5.0 (Windows NT 10.0; Win64; x64) AppleWebKit/537.36 (KHTML, like Gecko) Chrome/90.0.4430.86 Safari/537.36" "nicolesconiers.com"
37.139.53.65 - - [23/Jan/2023:14:24:45 -0800] "POST /blog/wp-comments-post.php HTTP/1.1" 302 - "http://nicolesconiers.com/blog/2011/10/17/thedivaofdelay/#comment-/" "Mozilla/5.0 (Windows NT 10.0; Win64; x64) AppleWebKit/537.36 (KHTML, like Gecko) Chrome/90.0.4430.86 Safari/537.36" "nicolesconiers.com"
37.139.53.75 - - [23/Jan/2023:14:25:04 -0800] "GET /blog/index.php/2011/10/17/thedivaofdelay/ HTTP/1.1" 200 37023 "http://nicolesconiers.com/blog/2011/10/17/thedivaofdelay/#comment-/" "Mozilla/5.0 (Windows NT 10.0; WOW64) AppleWebKit/537.36 (KHTML, like Gecko) Chrome/90.0.4430.72 Safari/537.36" "nicolesconiers.com"
37.139.53.75 - - [23/Jan/2023:14:25:06 -0800] "POST /blog/wp-comments-post.php HTTP/1.1" 302 - "http://nicolesconiers.com/blog/2011/10/17/thedivaofdelay/#comment-/" "Mozilla/5.0 (Windows NT 10.0; WOW64) AppleWebKit/537.36 (KHTML, like Gecko) Chrome/90.0.4430.72 Safari/537.36" "nicolesconiers.com"
194.31.162.233 - - [23/Jan/2023:14:29:08 -0800] "GET /blog/index.php/2011/12/01/afro-futurism-brave-new-world/ HTTP/1.1" 200 40623 "-" "Mozilla/5.0 (X11; Linux i686) AppleWebKit/537.36 (KHTML, like Gecko) Chrome/103.0.0.0 Safari/537.36 Vivaldi/5.3.2679.68" "nicolesconiers.com"
62.210.215.118 - - [23/Jan/2023:14:29:42 -0800] "GET /blog/index.php/tag/short-story/feed/ HTTP/1.1" 200 8899 "-" "Mozilla/5.0 (X11; Linux i686) AppleWebKit/537.36 (KHTML, like Gecko) Chrome/30.0.1599.66 Safari/537.36" "nicolesconiers.com"
43.153.113.232 - - [23/Jan/2023:14:34:53 -0800] "POST /blog/wp-login.php HTTP/1.1" 200 3156 "-" "Mozilla/5.0" "nicolesconiers.com"
43.153.113.232 - - [23/Jan/2023:14:34:53 -0800] "POST /blog/wp-login.php HTTP/1.1" 200 3156 "-" "Mozilla/5.0" "nicolesconiers.com"
43.153.113.232 - - [23/Jan/2023:14:34:53 -0800] "POST /blog/wp-login.php HTTP/1.1" 200 3146 "-" "Mozilla/5.0" "nicolesconiers.com"
43.153.113.232 - - [23/Jan/2023:14:34:53 -0800] "POST /blog/wp-login.php HTTP/1.1" 200 3158 "-" "Mozilla/5.0" "nicolesconiers.com"
43.153.113.232 - - [23/Jan/2023:14:34:53 -0800] "POST /blog/wp-login.php HTTP/1.1" 200 3157 "-" "Mozilla/5.0" "nicolesconiers.com"
43.153.113.232 - - [23/Jan/2023:14:34:53 -0800] "POST /blog/wp-login.php HTTP/1.1" 200 3156 "-" "Mozilla/5.0" "nicolesconiers.com"
43.153.113.232 - - [23/Jan/2023:14:34:53 -0800] "POST /blog/wp-login.php HTTP/1.1" 200 3159 "-" "Mozilla/5.0" "nicolesconiers.com"
43.153.113.232 - - [23/Jan/2023:14:34:53 -0800] "POST /blog/wp-login.php HTTP/1.1" 200 3146 "-" "Mozilla/5.0" "nicolesconiers.com"
43.153.113.232 - - [23/Jan/2023:14:34:53 -0800] "POST /blog/wp-login.php HTTP/1.1" 200 3153 "-" "Mozilla/5.0" "nicolesconiers.com"
43.153.113.232 - - [23/Jan/2023:14:34:53 -0800] "POST /blog/wp-login.php HTTP/1.1" 200 3159 "-" "Mozilla/5.0" "nicolesconiers.com"
43.153.113.232 - - [23/Jan/2023:14:34:53 -0800] "POST /blog/wp-login.php HTTP/1.1" 200 3157 "-" "Mozilla/5.0" "nicolesconiers.com"
37.139.53.70 - - [23/Jan/2023:14:38:42 -0800] "GET /blog/index.php/2011/10/17/thedivaofdelay/ HTTP/1.1" 200 37023 "http://nicolesconiers.com/blog/2011/10/17/thedivaofdelay/#comment-/" "Mozilla/5.0 (Windows NT 10.0; Win64; x64) AppleWebKit/537.36 (KHTML, like Gecko) Chrome/90.0.4430.85 Safari/537.36 Edg/90.0.818.46" "nicolesconiers.com"
37.139.53.70 - - [23/Jan/2023:14:38:45 -0800] "POST /blog/wp-comments-post.php HTTP/1.1" 302 - "http://nicolesconiers.com/blog/2011/10/17/thedivaofdelay/#comment-/" "Mozilla/5.0 (Windows NT 10.0; Win64; x64) AppleWebKit/537.36 (KHTML, like Gecko) Chrome/90.0.4430.85 Safari/537.36 Edg/90.0.818.46" "nicolesconiers.com"
23.100.232.233 - - [23/Jan/2023:14:41:23 -0800] "GET /blog/index.php/2011/07/19/dealing-with-discouragement-and-other-un-divalike-behavior/ HTTP/1.1" 200 36419 "-" "Mozilla/5.0 (compatible; MSIE 9.0; Windows NT 6.1; Trident/5.0;  Trident/5.0)" "nicolesconiers.com"
23.100.232.233 - - [23/Jan/2023:14:41:26 -0800] "GET /blog/wp-content/themes/pilcrow/style.css HTTP/1.1" 200 4202 "http://nicolesconiers.com/blog/2011/07/19/dealing-with-discouragement-and-other-un-divalike-behavior/" "Mozilla/5.0 (compatible; MSIE 9.0; Windows NT 6.1; Trident/5.0;  Trident/5.0)" "nicolesconiers.com"
23.100.232.233 - - [23/Jan/2023:14:41:26 -0800] "GET /blog/wp-content/plugins/wp-polls/polls-css.css?ver=2.50 HTTP/1.1" 200 738 "http://nicolesconiers.com/blog/2011/07/19/dealing-with-discouragement-and-other-un-divalike-behavior/" "Mozilla/5.0 (compatible; MSIE 9.0; Windows NT 6.1; Trident/5.0;  Trident/5.0)" "nicolesconiers.com"
23.100.232.233 - - [23/Jan/2023:14:41:26 -0800] "GET /blog/wp-includes/js/comment-reply.js?ver=20090102 HTTP/1.1" 200 412 "http://nicolesconiers.com/blog/2011/07/19/dealing-with-discouragement-and-other-un-divalike-behavior/" "Mozilla/5.0 (compatible; MSIE 9.0; Windows NT 6.1; Trident/5.0;  Trident/5.0)" "nicolesconiers.com"
23.100.232.233 - - [23/Jan/2023:14:41:26 -0800] "GET /blog/wp-includes/js/jquery/jquery.js?ver=1.4.2 HTTP/1.1" 200 24618 "http://nicolesconiers.com/blog/2011/07/19/dealing-with-discouragement-and-other-un-divalike-behavior/" "Mozilla/5.0 (compatible; MSIE 9.0; Windows NT 6.1; Trident/5.0;  Trident/5.0)" "nicolesconiers.com"
23.100.232.233 - - [23/Jan/2023:14:41:28 -0800] "GET /blog/wp-content/plugins/wp-polls/polls-js.js?ver=2.50 HTTP/1.1" 200 644 "http://nicolesconiers.com/blog/2011/07/19/dealing-with-discouragement-and-other-un-divalike-behavior/" "Mozilla/5.0 (compatible; MSIE 9.0; Windows NT 6.1; Trident/5.0;  Trident/5.0)" "nicolesconiers.com"
37.139.53.60 - - [23/Jan/2023:14:58:37 -0800] "GET /blog/index.php/2011/10/17/thedivaofdelay/ HTTP/1.1" 200 37023 "http://nicolesconiers.com/blog/2011/10/17/thedivaofdelay/#comment-/" "Mozilla/5.0 (Windows NT 6.3; Win64; x64) AppleWebKit/537.36 (KHTML, like Gecko) Chrome/90.0.4430.72 Safari/537.36 Edg/90.0.818.42" "nicolesconiers.com"
37.139.53.60 - - [23/Jan/2023:14:58:40 -0800] "POST /blog/wp-comments-post.php HTTP/1.1" 302 - "http://nicolesconiers.com/blog/2011/10/17/thedivaofdelay/#comment-/" "Mozilla/5.0 (Windows NT 6.3; Win64; x64) AppleWebKit/537.36 (KHTML, like Gecko) Chrome/90.0.4430.72 Safari/537.36 Edg/90.0.818.42" "nicolesconiers.com"
37.139.53.65 - - [23/Jan/2023:15:01:13 -0800] "GET /blog/index.php/2011/10/17/thedivaofdelay/ HTTP/1.1" 200 37023 "http://nicolesconiers.com/blog/2011/10/17/thedivaofdelay/#comment-/" "Mozilla/5.0 (Windows NT 6.3; Win64; x64) AppleWebKit/537.36 (KHTML, like Gecko) Chrome/90.0.4430.85 Safari/537.36 Edg/90.0.818.46" "nicolesconiers.com"
37.139.53.65 - - [23/Jan/2023:15:01:16 -0800] "POST /blog/wp-comments-post.php HTTP/1.1" 302 - "http://nicolesconiers.com/blog/2011/10/17/thedivaofdelay/#comment-/" "Mozilla/5.0 (Windows NT 6.3; Win64; x64) AppleWebKit/537.36 (KHTML, like Gecko) Chrome/90.0.4430.85 Safari/537.36 Edg/90.0.818.46" "nicolesconiers.com"
37.139.53.80 - - [23/Jan/2023:15:05:14 -0800] "GET /blog/index.php/2011/10/17/thedivaofdelay/ HTTP/1.1" 200 37023 "http://nicolesconiers.com/blog/2011/10/17/thedivaofdelay/#comment-/" "Mozilla/5.0 (Windows NT 6.3; Win64; x64) AppleWebKit/537.36 (KHTML, like Gecko) Chrome/90.0.4430.72 Safari/537.36 Edg/90.0.818.42" "nicolesconiers.com"
37.139.53.80 - - [23/Jan/2023:15:05:17 -0800] "POST /blog/wp-comments-post.php HTTP/1.1" 302 - "http://nicolesconiers.com/blog/2011/10/17/thedivaofdelay/#comment-/" "Mozilla/5.0 (Windows NT 6.3; Win64; x64) AppleWebKit/537.36 (KHTML, like Gecko) Chrome/90.0.4430.72 Safari/537.36 Edg/90.0.818.42" "nicolesconiers.com"
43.153.113.232 - - [23/Jan/2023:15:07:57 -0800] "POST /blog/wp-login.php HTTP/1.1" 200 3156 "-" "Mozilla/5.0" "nicolesconiers.com"
43.153.113.232 - - [23/Jan/2023:15:07:57 -0800] "POST /blog/wp-login.php HTTP/1.1" 200 3156 "-" "Mozilla/5.0" "nicolesconiers.com"
43.153.113.232 - - [23/Jan/2023:15:07:57 -0800] "POST /blog/wp-login.php HTTP/1.1" 200 3153 "-" "Mozilla/5.0" "nicolesconiers.com"
43.153.113.232 - - [23/Jan/2023:15:07:57 -0800] "POST /blog/wp-login.php HTTP/1.1" 200 3159 "-" "Mozilla/5.0" "nicolesconiers.com"
43.153.113.232 - - [23/Jan/2023:15:07:57 -0800] "POST /blog/wp-login.php HTTP/1.1" 200 3158 "-" "Mozilla/5.0" "nicolesconiers.com"
43.153.113.232 - - [23/Jan/2023:15:07:57 -0800] "POST /blog/wp-login.php HTTP/1.1" 200 3146 "-" "Mozilla/5.0" "nicolesconiers.com"
43.153.113.232 - - [23/Jan/2023:15:07:57 -0800] "POST /blog/wp-login.php HTTP/1.1" 200 3156 "-" "Mozilla/5.0" "nicolesconiers.com"
43.153.113.232 - - [23/Jan/2023:15:07:57 -0800] "POST /blog/wp-login.php HTTP/1.1" 200 3146 "-" "Mozilla/5.0" "nicolesconiers.com"
43.153.113.232 - - [23/Jan/2023:15:07:57 -0800] "POST /blog/wp-login.php HTTP/1.1" 200 3157 "-" "Mozilla/5.0" "nicolesconiers.com"
43.153.113.232 - - [23/Jan/2023:15:07:57 -0800] "POST /blog/wp-login.php HTTP/1.1" 200 3157 "-" "Mozilla/5.0" "nicolesconiers.com"
43.153.113.232 - - [23/Jan/2023:15:07:57 -0800] "POST /blog/wp-login.php HTTP/1.1" 200 3159 "-" "Mozilla/5.0" "nicolesconiers.com"
37.139.53.80 - - [23/Jan/2023:15:09:53 -0800] "GET /blog/index.php/2011/10/17/thedivaofdelay/ HTTP/1.1" 200 37023 "http://nicolesconiers.com/blog/2011/10/17/thedivaofdelay/#comment-/" "Mozilla/5.0 (Windows NT 6.3; Win64; x64) AppleWebKit/537.36 (KHTML, like Gecko) Chrome/90.0.4430.72 Safari/537.36" "nicolesconiers.com"
37.139.53.80 - - [23/Jan/2023:15:09:55 -0800] "POST /blog/wp-comments-post.php HTTP/1.1" 302 - "http://nicolesconiers.com/blog/2011/10/17/thedivaofdelay/#comment-/" "Mozilla/5.0 (Windows NT 6.3; Win64; x64) AppleWebKit/537.36 (KHTML, like Gecko) Chrome/90.0.4430.72 Safari/537.36" "nicolesconiers.com"
157.55.39.204 - - [23/Jan/2023:15:13:19 -0800] "GET / HTTP/1.1" 200 20039 "-" "Mozilla/5.0 AppleWebKit/537.36 (KHTML, like Gecko; compatible; bingbot/2.0; +http://www.bing.com/bingbot.htm) Chrome/103.0.5060.134 Safari/537.36" "nicolesconiers.com"
37.139.53.60 - - [23/Jan/2023:15:17:30 -0800] "GET /blog/index.php/2011/10/17/thedivaofdelay/ HTTP/1.1" 200 37023 "http://nicolesconiers.com/blog/2011/10/17/thedivaofdelay/#comment-/" "Mozilla/5.0 (Windows NT 6.1; ) AppleWebKit/537.36 (KHTML, like Gecko) Chrome/90.0.4430.72 Safari/537.36" "nicolesconiers.com"
37.139.53.60 - - [23/Jan/2023:15:17:32 -0800] "POST /blog/wp-comments-post.php HTTP/1.1" 302 - "http://nicolesconiers.com/blog/2011/10/17/thedivaofdelay/#comment-/" "Mozilla/5.0 (Windows NT 6.1; ) AppleWebKit/537.36 (KHTML, like Gecko) Chrome/90.0.4430.72 Safari/537.36" "nicolesconiers.com"
37.139.53.75 - - [23/Jan/2023:15:18:07 -0800] "GET /blog/index.php/2011/10/17/thedivaofdelay/ HTTP/1.1" 200 37023 "http://nicolesconiers.com/blog/2011/10/17/thedivaofdelay/#comment-/" "Mozilla/5.0 (Windows NT 6.1; WOW64) AppleWebKit/537.36 (KHTML, like Gecko) Chrome/90.0.4430.72 Safari/537.36" "nicolesconiers.com"
37.139.53.75 - - [23/Jan/2023:15:18:10 -0800] "POST /blog/wp-comments-post.php HTTP/1.1" 302 - "http://nicolesconiers.com/blog/2011/10/17/thedivaofdelay/#comment-/" "Mozilla/5.0 (Windows NT 6.1; WOW64) AppleWebKit/537.36 (KHTML, like Gecko) Chrome/90.0.4430.72 Safari/537.36" "nicolesconiers.com"
37.139.53.70 - - [23/Jan/2023:15:23:16 -0800] "GET /blog/index.php/2011/10/17/thedivaofdelay/ HTTP/1.1" 200 37023 "http://nicolesconiers.com/blog/2011/10/17/thedivaofdelay/#comment-/" "Mozilla/5.0 (Windows NT 6.1) AppleWebKit/537.36 (KHTML, like Gecko) Chrome/90.0.4430.85 Safari/537.36" "nicolesconiers.com"
37.139.53.70 - - [23/Jan/2023:15:23:20 -0800] "POST /blog/wp-comments-post.php HTTP/1.1" 302 - "http://nicolesconiers.com/blog/2011/10/17/thedivaofdelay/#comment-/" "Mozilla/5.0 (Windows NT 6.1) AppleWebKit/537.36 (KHTML, like Gecko) Chrome/90.0.4430.85 Safari/537.36" "nicolesconiers.com"
37.139.53.75 - - [23/Jan/2023:15:28:41 -0800] "GET /blog/index.php/2011/10/17/thedivaofdelay/ HTTP/1.1" 200 37023 "http://nicolesconiers.com/blog/2011/10/17/thedivaofdelay/#comment-/" "Mozilla/5.0 (Windows NT 10.0; Win64; x64) AppleWebKit/537.36 (KHTML, like Gecko) Chrome/90.0.4430.72 Safari/537.36 Edg/90.0.818.42" "nicolesconiers.com"
37.139.53.75 - - [23/Jan/2023:15:28:44 -0800] "POST /blog/wp-comments-post.php HTTP/1.1" 302 - "http://nicolesconiers.com/blog/2011/10/17/thedivaofdelay/#comment-/" "Mozilla/5.0 (Windows NT 10.0; Win64; x64) AppleWebKit/537.36 (KHTML, like Gecko) Chrome/90.0.4430.72 Safari/537.36 Edg/90.0.818.42" "nicolesconiers.com"
77.74.177.119 - - [23/Jan/2023:15:32:51 -0800] "GET / HTTP/1.1" 200 20039 "-" "Mozilla/5.0 (Windows NT 10.0; Win64; x64) AppleWebKit/537.36 (KHTML, like Gecko) Chrome/71.0.3578.98 Safari/537.36" "nicolesconiers.com"
37.139.53.65 - - [23/Jan/2023:15:34:14 -0800] "GET /blog/index.php/2011/10/17/thedivaofdelay/ HTTP/1.1" 200 37023 "http://nicolesconiers.com/blog/2011/10/17/thedivaofdelay/#comment-/" "Mozilla/5.0 (Windows NT 6.1; WOW64) AppleWebKit/537.36 (KHTML, like Gecko) Chrome/90.0.4430.72 Safari/537.36" "nicolesconiers.com"
37.139.53.65 - - [23/Jan/2023:15:34:17 -0800] "POST /blog/wp-comments-post.php HTTP/1.1" 302 - "http://nicolesconiers.com/blog/2011/10/17/thedivaofdelay/#comment-/" "Mozilla/5.0 (Windows NT 6.1; WOW64) AppleWebKit/537.36 (KHTML, like Gecko) Chrome/90.0.4430.72 Safari/537.36" "nicolesconiers.com"
43.153.113.232 - - [23/Jan/2023:15:40:54 -0800] "POST /blog/wp-login.php HTTP/1.1" 200 3157 "-" "Mozilla/5.0" "nicolesconiers.com"
43.153.113.232 - - [23/Jan/2023:15:40:54 -0800] "POST /blog/wp-login.php HTTP/1.1" 200 3159 "-" "Mozilla/5.0" "nicolesconiers.com"
43.153.113.232 - - [23/Jan/2023:15:40:54 -0800] "POST /blog/wp-login.php HTTP/1.1" 200 3156 "-" "Mozilla/5.0" "nicolesconiers.com"
43.153.113.232 - - [23/Jan/2023:15:40:54 -0800] "POST /blog/wp-login.php HTTP/1.1" 200 3156 "-" "Mozilla/5.0" "nicolesconiers.com"
43.153.113.232 - - [23/Jan/2023:15:40:54 -0800] "POST /blog/wp-login.php HTTP/1.1" 200 3153 "-" "Mozilla/5.0" "nicolesconiers.com"
43.153.113.232 - - [23/Jan/2023:15:40:54 -0800] "POST /blog/wp-login.php HTTP/1.1" 200 3146 "-" "Mozilla/5.0" "nicolesconiers.com"
43.153.113.232 - - [23/Jan/2023:15:40:54 -0800] "POST /blog/wp-login.php HTTP/1.1" 200 3156 "-" "Mozilla/5.0" "nicolesconiers.com"
43.153.113.232 - - [23/Jan/2023:15:40:54 -0800] "POST /blog/wp-login.php HTTP/1.1" 200 3157 "-" "Mozilla/5.0" "nicolesconiers.com"
43.153.113.232 - - [23/Jan/2023:15:40:54 -0800] "POST /blog/wp-login.php HTTP/1.1" 200 3146 "-" "Mozilla/5.0" "nicolesconiers.com"
43.153.113.232 - - [23/Jan/2023:15:40:54 -0800] "POST /blog/wp-login.php HTTP/1.1" 200 3159 "-" "Mozilla/5.0" "nicolesconiers.com"
43.153.113.232 - - [23/Jan/2023:15:40:54 -0800] "POST /blog/wp-login.php HTTP/1.1" 200 3158 "-" "Mozilla/5.0" "nicolesconiers.com"
74.125.216.63 - - [23/Jan/2023:15:42:20 -0800] "GET /blog/index.php/feed/ HTTP/1.1" 200 55714 "-" "FeedFetcher-Google; (+http://www.google.com/feedfetcher.html)" "nicolesconiers.com"
37.139.53.70 - - [23/Jan/2023:15:44:00 -0800] "GET /blog/index.php/2011/10/17/thedivaofdelay/ HTTP/1.1" 200 37023 "http://nicolesconiers.com/blog/2011/10/17/thedivaofdelay/#comment-/" "Mozilla/5.0 (Windows NT 6.3; Win64; x64) AppleWebKit/537.36 (KHTML, like Gecko) Chrome/90.0.4430.72 Safari/537.36" "nicolesconiers.com"
37.139.53.70 - - [23/Jan/2023:15:44:03 -0800] "POST /blog/wp-comments-post.php HTTP/1.1" 302 - "http://nicolesconiers.com/blog/2011/10/17/thedivaofdelay/#comment-/" "Mozilla/5.0 (Windows NT 6.3; Win64; x64) AppleWebKit/537.36 (KHTML, like Gecko) Chrome/90.0.4430.72 Safari/537.36" "nicolesconiers.com"
65.109.205.28 - - [23/Jan/2023:15:44:33 -0800] "GET /wp-login.php HTTP/1.1" 404 88 "-" "Mozilla/5.0 (Windows NT 10.0; Win64; x64) AppleWebKit/537.36 (KHTML, like Gecko) Chrome/64.0.3282.140 Safari/537.36 Edge/18.17763" "nicolesconiers.com"
65.109.173.30 - - [23/Jan/2023:15:46:17 -0800] "GET /wp-login.php HTTP/1.1" 404 88 "-" "Mozilla/5.0 (Windows NT 10.0; Win64; x64) AppleWebKit/537.36 (KHTML, like Gecko) Chrome/64.0.3282.140 Safari/537.36 Edge/18.17763" "www.nicolesconiers.com"
62.210.215.118 - - [23/Jan/2023:15:48:50 -0800] "GET /blog/index.php/tag/procrastination/feed/ HTTP/1.1" 200 9012 "-" "Mozilla/5.0 (X11; Linux i686) AppleWebKit/537.36 (KHTML, like Gecko) Chrome/30.0.1599.66 Safari/537.36" "nicolesconiers.com"
74.125.216.63 - - [23/Jan/2023:15:58:18 -0800] "GET /blog/index.php/feed/ HTTP/1.1" 200 55714 "-" "FeedFetcher-Google; (+http://www.google.com/feedfetcher.html)" "nicolesconiers.com"
