43.153.113.232 - - [23/Jan/2023:08:00:17 -0800] "POST /blog/wp-login.php HTTP/1.1" 200 3157 "-" "Mozilla/5.0" "nicolesconiers.com"
43.153.113.232 - - [23/Jan/2023:08:00:17 -0800] "POST /blog/wp-login.php HTTP/1.1" 200 3159 "-" "Mozilla/5.0" "nicolesconiers.com"
37.139.53.70 - - [23/Jan/2023:08:00:17 -0800] "GET /blog/index.php/2011/10/17/thedivaofdelay/ HTTP/1.1" 200 37023 "http://nicolesconiers.com/blog/2011/10/17/thedivaofdelay/#comment-/" "Mozilla/5.0 (Windows NT 6.1; Win64; x64) AppleWebKit/537.36 (KHTML, like Gecko) Chrome/90.0.4430.85 Safari/537.36 Edg/90.0.818.49" "nicolesconiers.com"
43.153.113.232 - - [23/Jan/2023:08:00:17 -0800] "POST /blog/wp-login.php HTTP/1.1" 200 3156 "-" "Mozilla/5.0" "nicolesconiers.com"
43.153.113.232 - - [23/Jan/2023:08:00:17 -0800] "POST /blog/wp-login.php HTTP/1.1" 200 3159 "-" "Mozilla/5.0" "nicolesconiers.com"
43.153.113.232 - - [23/Jan/2023:08:00:17 -0800] "POST /blog/wp-login.php HTTP/1.1" 200 3157 "-" "Mozilla/5.0" "nicolesconiers.com"
43.153.113.232 - - [23/Jan/2023:08:00:17 -0800] "POST /blog/wp-login.php HTTP/1.1" 200 3156 "-" "Mozilla/5.0" "nicolesconiers.com"
43.153.113.232 - - [23/Jan/2023:08:00:17 -0800] "POST /blog/wp-login.php HTTP/1.1" 200 3158 "-" "Mozilla/5.0" "nicolesconiers.com"
37.139.53.70 - - [23/Jan/2023:08:00:20 -0800] "POST /blog/wp-comments-post.php HTTP/1.1" 302 - "http://nicolesconiers.com/blog/2011/10/17/thedivaofdelay/#comment-/" "Mozilla/5.0 (Windows NT 6.1; Win64; x64) AppleWebKit/537.36 (KHTML, like Gecko) Chrome/90.0.4430.85 Safari/537.36 Edg/90.0.818.49" "nicolesconiers.com"
37.139.53.65 - - [23/Jan/2023:08:04:46 -0800] "GET /blog/index.php/2011/10/17/thedivaofdelay/ HTTP/1.1" 200 37023 "http://nicolesconiers.com/blog/2011/10/17/thedivaofdelay/#comment-/" "Mozilla/5.0 (Windows NT 10.0; Win64; x64) AppleWebKit/537.36 (KHTML, like Gecko) Chrome/90.0.4430.85 Safari/537.36 Edg/90.0.818.49" "nicolesconiers.com"
37.139.53.65 - - [23/Jan/2023:08:04:49 -0800] "POST /blog/wp-comments-post.php HTTP/1.1" 302 - "http://nicolesconiers.com/blog/2011/10/17/thedivaofdelay/#comment-/" "Mozilla/5.0 (Windows NT 10.0; Win64; x64) AppleWebKit/537.36 (KHTML, like Gecko) Chrome/90.0.4430.85 Safari/537.36 Edg/90.0.818.49" "nicolesconiers.com"
37.139.53.60 - - [23/Jan/2023:08:07:16 -0800] "GET /blog/index.php/2011/10/17/thedivaofdelay/ HTTP/1.1" 200 37023 "http://nicolesconiers.com/blog/2011/10/17/thedivaofdelay/#comment-/" "Mozilla/5.0 (Windows NT 6.1; WOW64) AppleWebKit/537.36 (KHTML, like Gecko) Chrome/90.0.4430.85 Safari/537.36" "nicolesconiers.com"
37.139.53.60 - - [23/Jan/2023:08:07:18 -0800] "POST /blog/wp-comments-post.php HTTP/1.1" 302 - "http://nicolesconiers.com/blog/2011/10/17/thedivaofdelay/#comment-/" "Mozilla/5.0 (Windows NT 6.1; WOW64) AppleWebKit/537.36 (KHTML, like Gecko) Chrome/90.0.4430.85 Safari/537.36" "nicolesconiers.com"
51.222.253.12 - - [23/Jan/2023:08:08:17 -0800] "GET /blog/index.php/tag/betye-saar/ HTTP/1.1" 200 27391 "-" "Mozilla/5.0 (compatible; AhrefsBot/7.0; +http://ahrefs.com/robot/)" "nicolesconiers.com"
51.222.253.13 - - [23/Jan/2023:08:08:25 -0800] "GET /blog/wp-content/plugins/wordpress-hit-counter/styles/Digital/pdp/3.gif HTTP/1.1" 200 81 "-" "Mozilla/5.0 (compatible; AhrefsBot/7.0; +http://ahrefs.com/robot/)" "nicolesconiers.com"
104.10.37.242 - - [23/Jan/2023:08:09:21 -0800] "GET /blog/index.php/2011/07/01/the-beckyville-bookmobile-or-soul-sista-ice-cream-truck/ HTTP/1.1" 200 41455 "-" "Mozilla/5.0 (X11; Fedora; Linux x86_64; rv:102.0) Gecko/20100101 Firefox/102.0" "nicolesconiers.com"
37.139.53.75 - - [23/Jan/2023:08:11:19 -0800] "GET /blog/index.php/2011/10/17/thedivaofdelay/ HTTP/1.1" 200 37023 "http://nicolesconiers.com/blog/2011/10/17/thedivaofdelay/#comment-/" "Mozilla/5.0 (Windows NT 6.1; WOW64) AppleWebKit/537.36 (KHTML, like Gecko) Chrome/90.0.4430.72 Safari/537.36" "nicolesconiers.com"
37.139.53.75 - - [23/Jan/2023:08:11:21 -0800] "POST /blog/wp-comments-post.php HTTP/1.1" 302 - "http://nicolesconiers.com/blog/2011/10/17/thedivaofdelay/#comment-/" "Mozilla/5.0 (Windows NT 6.1; WOW64) AppleWebKit/537.36 (KHTML, like Gecko) Chrome/90.0.4430.72 Safari/537.36" "nicolesconiers.com"
85.208.3.162 - - [23/Jan/2023:08:12:17 -0800] "GET /blog/index.php/2011/10/17/thedivaofdelay/ HTTP/1.1" 200 37023 "http://nicolesconiers.com/blog/2011/10/17/thedivaofdelay/" "Mozilla/5.0 (Windows NT 6.1; Win64; x64) AppleWebKit/537.36 (KHTML, like Gecko) Chrome/90.0.4430.72 Safari/537.36" "nicolesconiers.com"
85.208.3.162 - - [23/Jan/2023:08:12:19 -0800] "POST /blog/wp-comments-post.php HTTP/1.1" 302 - "http://nicolesconiers.com/blog/2011/10/17/thedivaofdelay/" "Mozilla/5.0 (Windows NT 6.1; Win64; x64) AppleWebKit/537.36 (KHTML, like Gecko) Chrome/90.0.4430.72 Safari/537.36" "nicolesconiers.com"
85.208.3.162 - - [23/Jan/2023:08:12:20 -0800] "GET /blog/index.php/2011/10/17/thedivaofdelay/ HTTP/1.1" 200 37023 "http://nicolesconiers.com/blog/2011/10/17/thedivaofdelay/#comment-" "Mozilla/5.0 (Windows NT 6.1; Win64; x64) AppleWebKit/537.36 (KHTML, like Gecko) Chrome/90.0.4430.72 Safari/537.36" "nicolesconiers.com"
88.218.46.162 - - [23/Jan/2023:08:20:10 -0800] "GET /blog/index.php/2017/03/20/1098/ HTTP/1.1" 200 30491 "http://nicolesconiers.com/blog/2017/03/20/1098/#comment-/" "Mozilla/5.0 (Windows NT 6.2; Win64; x64) AppleWebKit/537.36 (KHTML, like Gecko) Chrome/90.0.4430.93 Safari/537.36" "nicolesconiers.com"
88.218.46.162 - - [23/Jan/2023:08:20:52 -0800] "GET /blog/index.php/2017/03/20/1098/ HTTP/1.1" 200 30491 "http://nicolesconiers.com/blog/2017/03/20/1098/" "Mozilla/5.0 (Windows NT 6.2; Win64; x64) AppleWebKit/537.36 (KHTML, like Gecko) Chrome/90.0.4430.93 Safari/537.36" "nicolesconiers.com"
88.218.46.162 - - [23/Jan/2023:08:21:13 -0800] "POST /blog/wp-comments-post.php HTTP/1.1" 302 - "http://nicolesconiers.com/blog/2017/03/20/1098/" "Mozilla/5.0 (Windows NT 6.2; Win64; x64) AppleWebKit/537.36 (KHTML, like Gecko) Chrome/90.0.4430.93 Safari/537.36" "nicolesconiers.com"
88.218.46.162 - - [23/Jan/2023:08:21:16 -0800] "GET /blog/index.php/2017/03/20/1098/ HTTP/1.1" 200 30491 "http://nicolesconiers.com/blog/2017/03/20/1098/#comment-" "Mozilla/5.0 (Windows NT 6.2; Win64; x64) AppleWebKit/537.36 (KHTML, like Gecko) Chrome/90.0.4430.93 Safari/537.36" "nicolesconiers.com"
37.139.53.60 - - [23/Jan/2023:08:24:03 -0800] "GET /blog/index.php/2011/10/17/thedivaofdelay/ HTTP/1.1" 200 37023 "http://nicolesconiers.com/blog/2011/10/17/thedivaofdelay/#comment-/" "Mozilla/5.0 (Windows NT 6.3; Win64; x64) AppleWebKit/537.36 (KHTML, like Gecko) Chrome/90.0.4430.85 Safari/537.36" "nicolesconiers.com"
37.139.53.60 - - [23/Jan/2023:08:24:06 -0800] "POST /blog/wp-comments-post.php HTTP/1.1" 302 - "http://nicolesconiers.com/blog/2011/10/17/thedivaofdelay/#comment-/" "Mozilla/5.0 (Windows NT 6.3; Win64; x64) AppleWebKit/537.36 (KHTML, like Gecko) Chrome/90.0.4430.85 Safari/537.36" "nicolesconiers.com"
74.125.216.61 - - [23/Jan/2023:08:25:46 -0800] "GET /blog/index.php/feed/ HTTP/1.1" 200 55714 "-" "FeedFetcher-Google; (+http://www.google.com/feedfetcher.html)" "nicolesconiers.com"
123.125.109.101 - - [23/Jan/2023:08:28:56 -0800] "GET / HTTP/1.1" 200 20039 "-" "Sogou web spider/4.0(+http://www.sogou.com/docs/help/webmasters.htm#07)" "www.nicolesconiers.com"
62.210.215.118 - - [23/Jan/2023:08:33:01 -0800] "GET /blog/index.php/tag/new-orleans/feed/ HTTP/1.1" 200 17806 "-" "Mozilla/5.0 (X11; Linux i686) AppleWebKit/537.36 (KHTML, like Gecko) Chrome/30.0.1599.66 Safari/537.36" "nicolesconiers.com"
43.153.113.232 - - [23/Jan/2023:08:33:19 -0800] "POST /blog/wp-login.php HTTP/1.1" 200 3159 "-" "Mozilla/5.0" "nicolesconiers.com"
43.153.113.232 - - [23/Jan/2023:08:33:20 -0800] "POST /blog/wp-login.php HTTP/1.1" 200 3156 "-" "Mozilla/5.0" "nicolesconiers.com"
43.153.113.232 - - [23/Jan/2023:08:33:20 -0800] "POST /blog/wp-login.php HTTP/1.1" 200 3158 "-" "Mozilla/5.0" "nicolesconiers.com"
43.153.113.232 - - [23/Jan/2023:08:33:19 -0800] "POST /blog/wp-login.php HTTP/1.1" 200 3146 "-" "Mozilla/5.0" "nicolesconiers.com"
43.153.113.232 - - [23/Jan/2023:08:33:19 -0800] "POST /blog/wp-login.php HTTP/1.1" 200 3156 "-" "Mozilla/5.0" "nicolesconiers.com"
43.153.113.232 - - [23/Jan/2023:08:33:19 -0800] "POST /blog/wp-login.php HTTP/1.1" 200 3153 "-" "Mozilla/5.0" "nicolesconiers.com"
43.153.113.232 - - [23/Jan/2023:08:33:19 -0800] "POST /blog/wp-login.php HTTP/1.1" 200 3157 "-" "Mozilla/5.0" "nicolesconiers.com"
43.153.113.232 - - [23/Jan/2023:08:33:19 -0800] "POST /blog/wp-login.php HTTP/1.1" 200 3159 "-" "Mozilla/5.0" "nicolesconiers.com"
43.153.113.232 - - [23/Jan/2023:08:33:19 -0800] "POST /blog/wp-login.php HTTP/1.1" 200 3156 "-" "Mozilla/5.0" "nicolesconiers.com"
43.153.113.232 - - [23/Jan/2023:08:33:19 -0800] "POST /blog/wp-login.php HTTP/1.1" 200 3146 "-" "Mozilla/5.0" "nicolesconiers.com"
43.153.113.232 - - [23/Jan/2023:08:33:19 -0800] "POST /blog/wp-login.php HTTP/1.1" 200 3157 "-" "Mozilla/5.0" "nicolesconiers.com"
217.198.191.209 - - [23/Jan/2023:08:36:45 -0800] "GET /robots.txt HTTP/1.1" 200 44 "-" "Mozilla/5.0 (Macintosh; Intel Mac OS X 10_9_4) AppleWebKit/537.36 (KHTML, like Gecko) Chrome/36.0.1985.125 Safari/537.36" "nicolesconiers.com"
217.198.191.209 - - [23/Jan/2023:08:36:46 -0800] "GET / HTTP/1.1" 200 20039 "-" "Mozilla/5.0 (Macintosh; Intel Mac OS X 10_9_4) AppleWebKit/537.36 (KHTML, like Gecko) Chrome/36.0.1985.125 Safari/537.36" "nicolesconiers.com"
217.198.191.209 - - [23/Jan/2023:08:36:47 -0800] "GET /test_404_page/ HTTP/1.1" 404 88 "-" "Mozilla/5.0 (Macintosh; Intel Mac OS X 10_9_4) AppleWebKit/537.36 (KHTML, like Gecko) Chrome/36.0.1985.125 Safari/537.36" "nicolesconiers.com"
149.154.154.78 - - [23/Jan/2023:08:38:59 -0800] "GET /blog/index.php/2011/10/17/thedivaofdelay/ HTTP/1.1" 200 37023 "http://nicolesconiers.com/blog/2011/10/17/thedivaofdelay/" "Mozilla/5.0 (Windows NT 10.0; Win64; x64) AppleWebKit/537.36 (KHTML, like Gecko) Chrome/90.0.4430.85 Safari/537.36 Edg/90.0.818.46" "nicolesconiers.com"
149.154.154.78 - - [23/Jan/2023:08:39:12 -0800] "POST /blog/wp-comments-post.php HTTP/1.1" 302 - "http://nicolesconiers.com/blog/2011/10/17/thedivaofdelay/" "Mozilla/5.0 (Windows NT 10.0; Win64; x64) AppleWebKit/537.36 (KHTML, like Gecko) Chrome/90.0.4430.85 Safari/537.36 Edg/90.0.818.46" "nicolesconiers.com"
37.139.53.65 - - [23/Jan/2023:08:39:14 -0800] "GET /blog/index.php/2011/10/17/thedivaofdelay/ HTTP/1.1" 200 37023 "http://nicolesconiers.com/blog/2011/10/17/thedivaofdelay/#comment-/" "Mozilla/5.0 (Windows NT 6.1; WOW64) AppleWebKit/537.36 (KHTML, like Gecko) Chrome/90.0.4430.72 Safari/537.36" "nicolesconiers.com"
149.154.154.78 - - [23/Jan/2023:08:39:18 -0800] "GET /blog/index.php/2011/10/17/thedivaofdelay/ HTTP/1.1" 200 37023 "http://nicolesconiers.com/blog/2011/10/17/thedivaofdelay/#comment-" "Mozilla/5.0 (Windows NT 10.0; Win64; x64) AppleWebKit/537.36 (KHTML, like Gecko) Chrome/90.0.4430.85 Safari/537.36 Edg/90.0.818.46" "nicolesconiers.com"
37.139.53.65 - - [23/Jan/2023:08:39:17 -0800] "POST /blog/wp-comments-post.php HTTP/1.1" 302 - "http://nicolesconiers.com/blog/2011/10/17/thedivaofdelay/#comment-/" "Mozilla/5.0 (Windows NT 6.1; WOW64) AppleWebKit/537.36 (KHTML, like Gecko) Chrome/90.0.4430.72 Safari/537.36" "nicolesconiers.com"
37.139.53.70 - - [23/Jan/2023:08:45:45 -0800] "GET /blog/index.php/2011/10/17/thedivaofdelay/ HTTP/1.1" 200 37023 "http://nicolesconiers.com/blog/2011/10/17/thedivaofdelay/#comment-/" "Mozilla/5.0 (Windows NT 6.1; WOW64) AppleWebKit/537.36 (KHTML, like Gecko) Chrome/90.0.4430.72 Safari/537.36" "nicolesconiers.com"
37.139.53.70 - - [23/Jan/2023:08:45:49 -0800] "POST /blog/wp-comments-post.php HTTP/1.1" 302 - "http://nicolesconiers.com/blog/2011/10/17/thedivaofdelay/#comment-/" "Mozilla/5.0 (Windows NT 6.1; WOW64) AppleWebKit/537.36 (KHTML, like Gecko) Chrome/90.0.4430.72 Safari/537.36" "nicolesconiers.com"
37.139.53.80 - - [23/Jan/2023:08:50:35 -0800] "GET /blog/index.php/2011/10/17/thedivaofdelay/ HTTP/1.1" 200 37023 "http://nicolesconiers.com/blog/2011/10/17/thedivaofdelay/#comment-/" "Mozilla/5.0 (Windows NT 6.1; Win64; x64) AppleWebKit/537.36 (KHTML, like Gecko) Chrome/90.0.4427.0 Safari/537.36" "nicolesconiers.com"
37.139.53.80 - - [23/Jan/2023:08:50:38 -0800] "POST /blog/wp-comments-post.php HTTP/1.1" 302 - "http://nicolesconiers.com/blog/2011/10/17/thedivaofdelay/#comment-/" "Mozilla/5.0 (Windows NT 6.1; Win64; x64) AppleWebKit/537.36 (KHTML, like Gecko) Chrome/90.0.4427.0 Safari/537.36" "nicolesconiers.com"
37.139.53.80 - - [23/Jan/2023:08:51:49 -0800] "GET /blog/index.php/2011/10/17/thedivaofdelay/ HTTP/1.1" 200 37023 "http://nicolesconiers.com/blog/2011/10/17/thedivaofdelay/#comment-/" "Mozilla/5.0 (Windows NT 10.0; Win64; x64) AppleWebKit/537.36 (KHTML, like Gecko) Chrome/90.0.4430.86 Safari/537.36" "nicolesconiers.com"
37.139.53.80 - - [23/Jan/2023:08:51:51 -0800] "POST /blog/wp-comments-post.php HTTP/1.1" 302 - "http://nicolesconiers.com/blog/2011/10/17/thedivaofdelay/#comment-/" "Mozilla/5.0 (Windows NT 10.0; Win64; x64) AppleWebKit/537.36 (KHTML, like Gecko) Chrome/90.0.4430.86 Safari/537.36" "nicolesconiers.com"
207.46.13.41 - - [23/Jan/2023:08:55:44 -0800] "GET / HTTP/1.1" 200 20039 "-" "Mozilla/5.0 AppleWebKit/537.36 (KHTML, like Gecko; compatible; bingbot/2.0; +http://www.bing.com/bingbot.htm) Chrome/103.0.5060.134 Safari/537.36" "nicolesconiers.com"
37.139.53.75 - - [23/Jan/2023:09:02:02 -0800] "GET /blog/index.php/2011/10/17/thedivaofdelay/ HTTP/1.1" 200 37023 "http://nicolesconiers.com/blog/2011/10/17/thedivaofdelay/#comment-/" "Mozilla/5.0 (Windows NT 6.2; Win64; x64) AppleWebKit/537.36 (KHTML, like Gecko) Chrome/90.0.4430.93 Safari/537.36" "nicolesconiers.com"
37.139.53.75 - - [23/Jan/2023:09:02:05 -0800] "POST /blog/wp-comments-post.php HTTP/1.1" 302 - "http://nicolesconiers.com/blog/2011/10/17/thedivaofdelay/#comment-/" "Mozilla/5.0 (Windows NT 6.2; Win64; x64) AppleWebKit/537.36 (KHTML, like Gecko) Chrome/90.0.4430.93 Safari/537.36" "nicolesconiers.com"
186.179.43.191 - - [23/Jan/2023:09:02:59 -0800] "GET /blog/index.php/2011/07/28/the-help-white-women-saviors-and-maids-with-superpowers/ HTTP/1.1" 200 40362 "http://nicolesconiers.com/" "Mozilla/5.0 (X11; Linux i686) AppleWebKit/537.36 (KHTML, like Gecko) Chrome/103.0.0.0 Safari/537.36 Vivaldi/5.3.2679.68" "nicolesconiers.com"
43.153.113.232 - - [23/Jan/2023:09:06:07 -0800] "POST /blog/wp-login.php HTTP/1.1" 200 3156 "-" "Mozilla/5.0" "nicolesconiers.com"
43.153.113.232 - - [23/Jan/2023:09:06:07 -0800] "POST /blog/wp-login.php HTTP/1.1" 200 3146 "-" "Mozilla/5.0" "nicolesconiers.com"
43.153.113.232 - - [23/Jan/2023:09:06:07 -0800] "POST /blog/wp-login.php HTTP/1.1" 200 3156 "-" "Mozilla/5.0" "nicolesconiers.com"
43.153.113.232 - - [23/Jan/2023:09:06:07 -0800] "POST /blog/wp-login.php HTTP/1.1" 200 3157 "-" "Mozilla/5.0" "nicolesconiers.com"
43.153.113.232 - - [23/Jan/2023:09:06:07 -0800] "POST /blog/wp-login.php HTTP/1.1" 200 3156 "-" "Mozilla/5.0" "nicolesconiers.com"
43.153.113.232 - - [23/Jan/2023:09:06:07 -0800] "POST /blog/wp-login.php HTTP/1.1" 200 3157 "-" "Mozilla/5.0" "nicolesconiers.com"
43.153.113.232 - - [23/Jan/2023:09:06:07 -0800] "POST /blog/wp-login.php HTTP/1.1" 200 3159 "-" "Mozilla/5.0" "nicolesconiers.com"
43.153.113.232 - - [23/Jan/2023:09:06:07 -0800] "POST /blog/wp-login.php HTTP/1.1" 200 3158 "-" "Mozilla/5.0" "nicolesconiers.com"
43.153.113.232 - - [23/Jan/2023:09:06:07 -0800] "POST /blog/wp-login.php HTTP/1.1" 200 3146 "-" "Mozilla/5.0" "nicolesconiers.com"
43.153.113.232 - - [23/Jan/2023:09:06:07 -0800] "POST /blog/wp-login.php HTTP/1.1" 200 3159 "-" "Mozilla/5.0" "nicolesconiers.com"
43.153.113.232 - - [23/Jan/2023:09:06:07 -0800] "POST /blog/wp-login.php HTTP/1.1" 200 3153 "-" "Mozilla/5.0" "nicolesconiers.com"
37.139.53.70 - - [23/Jan/2023:09:07:51 -0800] "GET /blog/index.php/2011/10/17/thedivaofdelay/ HTTP/1.1" 200 37023 "http://nicolesconiers.com/blog/2011/10/17/thedivaofdelay/#comment-/" "Mozilla/5.0 (Windows NT 10.0; Win64; x64) AppleWebKit/537.36 (KHTML, like Gecko) Chrome/90.0.4430.85 Safari/537.36 Edg/90.0.818.46" "nicolesconiers.com"
37.139.53.70 - - [23/Jan/2023:09:07:53 -0800] "POST /blog/wp-comments-post.php HTTP/1.1" 302 - "http://nicolesconiers.com/blog/2011/10/17/thedivaofdelay/#comment-/" "Mozilla/5.0 (Windows NT 10.0; Win64; x64) AppleWebKit/537.36 (KHTML, like Gecko) Chrome/90.0.4430.85 Safari/537.36 Edg/90.0.818.46" "nicolesconiers.com"
17.241.219.215 - - [23/Jan/2023:09:08:23 -0800] "GET /robots.txt HTTP/1.1" 200 44 "-" "Mozilla/5.0 (Macintosh; Intel Mac OS X 10_15_5) AppleWebKit/605.1.15 (KHTML, like Gecko) Version/13.1.1 Safari/605.1.15 (Applebot/0.1; +http://www.apple.com/go/applebot)" "nicolesconiers.com"
17.241.219.215 - - [23/Jan/2023:09:08:24 -0800] "GET /index.html HTTP/1.1" 200 20039 "-" "Mozilla/5.0 (Macintosh; Intel Mac OS X 10_15_5) AppleWebKit/605.1.15 (KHTML, like Gecko) Version/13.1.1 Safari/605.1.15 (Applebot/0.1; +http://www.apple.com/go/applebot)" "nicolesconiers.com"
37.139.53.60 - - [23/Jan/2023:09:11:27 -0800] "GET /blog/index.php/2011/10/17/thedivaofdelay/ HTTP/1.1" 200 37023 "http://nicolesconiers.com/blog/2011/10/17/thedivaofdelay/#comment-/" "Mozilla/5.0 (Windows NT 6.1; Win64; x64) AppleWebKit/537.36 (KHTML, like Gecko) Chrome/90.0.4430.85 Safari/537.36 Edg/90.0.818.49" "nicolesconiers.com"
37.139.53.60 - - [23/Jan/2023:09:11:31 -0800] "POST /blog/wp-comments-post.php HTTP/1.1" 302 - "http://nicolesconiers.com/blog/2011/10/17/thedivaofdelay/#comment-/" "Mozilla/5.0 (Windows NT 6.1; Win64; x64) AppleWebKit/537.36 (KHTML, like Gecko) Chrome/90.0.4430.85 Safari/537.36 Edg/90.0.818.49" "nicolesconiers.com"
37.139.53.65 - - [23/Jan/2023:09:13:53 -0800] "GET /blog/index.php/2011/10/17/thedivaofdelay/ HTTP/1.1" 200 37023 "http://nicolesconiers.com/blog/2011/10/17/thedivaofdelay/#comment-/" "Mozilla/5.0 (Windows NT 6.3; Win64; x64) AppleWebKit/537.36 (KHTML, like Gecko) Chrome/90.0.4430.72 Safari/537.36 Edg/90.0.818.42" "nicolesconiers.com"
37.139.53.65 - - [23/Jan/2023:09:13:59 -0800] "POST /blog/wp-comments-post.php HTTP/1.1" 302 - "http://nicolesconiers.com/blog/2011/10/17/thedivaofdelay/#comment-/" "Mozilla/5.0 (Windows NT 6.3; Win64; x64) AppleWebKit/537.36 (KHTML, like Gecko) Chrome/90.0.4430.72 Safari/537.36 Edg/90.0.818.42" "nicolesconiers.com"
37.139.53.75 - - [23/Jan/2023:09:14:54 -0800] "GET /blog/index.php/2011/10/17/thedivaofdelay/ HTTP/1.1" 200 37023 "http://nicolesconiers.com/blog/2011/10/17/thedivaofdelay/#comment-/" "Mozilla/5.0 (Windows NT 6.1) AppleWebKit/537.36 (KHTML, like Gecko) Chrome/90.0.4430.85 Safari/537.36" "nicolesconiers.com"
89.109.35.231 - - [23/Jan/2023:09:14:58 -0800] "POST /blog/index.php/2012/01/27/when-should-you-give-up-on-your-dreams/ HTTP/1.1" 200 38919 "-" "-" "nicolesconiers.com"
37.139.53.75 - - [23/Jan/2023:09:14:58 -0800] "POST /blog/wp-comments-post.php HTTP/1.1" 302 - "http://nicolesconiers.com/blog/2011/10/17/thedivaofdelay/#comment-/" "Mozilla/5.0 (Windows NT 6.1) AppleWebKit/537.36 (KHTML, like Gecko) Chrome/90.0.4430.85 Safari/537.36" "nicolesconiers.com"
207.46.13.132 - - [23/Jan/2023:09:26:10 -0800] "GET /robots.txt HTTP/1.1" 200 44 "-" "Mozilla/5.0 AppleWebKit/537.36 (KHTML, like Gecko; compatible; bingbot/2.0; +http://www.bing.com/bingbot.htm) Chrome/103.0.5060.134 Safari/537.36" "nicolesconiers.com"
157.55.39.204 - - [23/Jan/2023:09:26:18 -0800] "GET /blog/index.php/2011/07/28/the-help-white-women-saviors-and-maids-with-superpowers/ HTTP/1.1" 200 40362 "-" "Mozilla/5.0 AppleWebKit/537.36 (KHTML, like Gecko; compatible; bingbot/2.0; +http://www.bing.com/bingbot.htm) Chrome/103.0.5060.134 Safari/537.36" "nicolesconiers.com"
62.210.215.118 - - [23/Jan/2023:09:28:09 -0800] "GET /blog/index.php/tag/nappy-goddess/feed/ HTTP/1.1" 200 12854 "-" "Mozilla/5.0 (X11; Linux i686) AppleWebKit/537.36 (KHTML, like Gecko) Chrome/30.0.1599.66 Safari/537.36" "nicolesconiers.com"
37.139.53.60 - - [23/Jan/2023:09:30:14 -0800] "GET /blog/index.php/2011/10/17/thedivaofdelay/ HTTP/1.1" 200 37023 "http://nicolesconiers.com/blog/2011/10/17/thedivaofdelay/#comment-/" "Mozilla/5.0 (Windows NT 10.0; WOW64) AppleWebKit/537.36 (KHTML, like Gecko) Chrome/90.0.4400.8 Safari/537.36" "nicolesconiers.com"
37.139.53.60 - - [23/Jan/2023:09:30:19 -0800] "POST /blog/wp-comments-post.php HTTP/1.1" 302 - "http://nicolesconiers.com/blog/2011/10/17/thedivaofdelay/#comment-/" "Mozilla/5.0 (Windows NT 10.0; WOW64) AppleWebKit/537.36 (KHTML, like Gecko) Chrome/90.0.4400.8 Safari/537.36" "nicolesconiers.com"
207.46.13.132 - - [23/Jan/2023:09:30:33 -0800] "GET /robots.txt HTTP/1.1" 200 44 "-" "Mozilla/5.0 AppleWebKit/537.36 (KHTML, like Gecko; compatible; bingbot/2.0; +http://www.bing.com/bingbot.htm) Chrome/103.0.5060.134 Safari/537.36" "www.nicolesconiers.com"
157.55.39.204 - - [23/Jan/2023:09:30:37 -0800] "GET / HTTP/1.1" 200 20039 "-" "Mozilla/5.0 AppleWebKit/537.36 (KHTML, like Gecko; compatible; bingbot/2.0; +http://www.bing.com/bingbot.htm) Chrome/103.0.5060.134 Safari/537.36" "www.nicolesconiers.com"
104.200.151.43 - - [23/Jan/2023:09:32:20 -0800] "GET /wp-login.php HTTP/1.1" 404 88 "-" "Mozilla/5.0 (Windows NT 10.0; Win64; x64) AppleWebKit/537.36 (KHTML, like Gecko) Chrome/91.0.4472.124 Safari/537.36" "nicolesconiers.com"
114.119.129.237 - - [23/Jan/2023:09:34:40 -0800] "GET /blog/index.php/2011/08/08/my-cousin-the-witch/ HTTP/1.1" 200 41146 "http://nicolesconiers.com/blog/tag/ranae/" "Mozilla/5.0 (Linux; Android 7.0;) AppleWebKit/537.36 (KHTML, like Gecko) Mobile Safari/537.36 (compatible; PetalBot;+https://webmaster.petalsearch.com/site/petalbot)" "nicolesconiers.com"
51.222.253.16 - - [23/Jan/2023:09:37:31 -0800] "GET /robots.txt HTTP/1.1" 200 44 "-" "Mozilla/5.0 (compatible; AhrefsBot/7.0; +http://ahrefs.com/robot/)" "www.nicolesconiers.com"
51.222.253.7 - - [23/Jan/2023:09:37:32 -0800] "GET /index.html HTTP/1.1" 200 20039 "-" "Mozilla/5.0 (compatible; AhrefsBot/7.0; +http://ahrefs.com/robot/)" "www.nicolesconiers.com"
43.153.113.232 - - [23/Jan/2023:09:39:19 -0800] "POST /blog/wp-login.php HTTP/1.1" 200 3146 "-" "Mozilla/5.0" "nicolesconiers.com"
43.153.113.232 - - [23/Jan/2023:09:39:19 -0800] "POST /blog/wp-login.php HTTP/1.1" 200 3159 "-" "Mozilla/5.0" "nicolesconiers.com"
43.153.113.232 - - [23/Jan/2023:09:39:19 -0800] "POST /blog/wp-login.php HTTP/1.1" 200 3158 "-" "Mozilla/5.0" "nicolesconiers.com"
43.153.113.232 - - [23/Jan/2023:09:39:19 -0800] "POST /blog/wp-login.php HTTP/1.1" 200 3157 "-" "Mozilla/5.0" "nicolesconiers.com"
43.153.113.232 - - [23/Jan/2023:09:39:19 -0800] "POST /blog/wp-login.php HTTP/1.1" 200 3156 "-" "Mozilla/5.0" "nicolesconiers.com"
43.153.113.232 - - [23/Jan/2023:09:39:19 -0800] "POST /blog/wp-login.php HTTP/1.1" 200 3159 "-" "Mozilla/5.0" "nicolesconiers.com"
43.153.113.232 - - [23/Jan/2023:09:39:19 -0800] "POST /blog/wp-login.php HTTP/1.1" 200 3157 "-" "Mozilla/5.0" "nicolesconiers.com"
43.153.113.232 - - [23/Jan/2023:09:39:19 -0800] "POST /blog/wp-login.php HTTP/1.1" 200 3156 "-" "Mozilla/5.0" "nicolesconiers.com"
43.153.113.232 - - [23/Jan/2023:09:39:19 -0800] "POST /blog/wp-login.php HTTP/1.1" 200 3156 "-" "Mozilla/5.0" "nicolesconiers.com"
43.153.113.232 - - [23/Jan/2023:09:39:19 -0800] "POST /blog/wp-login.php HTTP/1.1" 200 3146 "-" "Mozilla/5.0" "nicolesconiers.com"
43.153.113.232 - - [23/Jan/2023:09:39:19 -0800] "POST /blog/wp-login.php HTTP/1.1" 200 3153 "-" "Mozilla/5.0" "nicolesconiers.com"
114.119.128.126 - - [23/Jan/2023:09:47:56 -0800] "GET /blog/index.php/tag/beckyville/page/5 HTTP/1.1" 200 40167 "http://nicolesconiers.com/blog/tag/beckyville/page/6" "Mozilla/5.0 (Linux; Android 7.0;) AppleWebKit/537.36 (KHTML, like Gecko) Mobile Safari/537.36 (compatible; PetalBot;+https://webmaster.petalsearch.com/site/petalbot)" "nicolesconiers.com"
37.139.53.65 - - [23/Jan/2023:09:48:25 -0800] "GET /blog/index.php/2011/10/17/thedivaofdelay/ HTTP/1.1" 200 37023 "http://nicolesconiers.com/blog/2011/10/17/thedivaofdelay/#comment-/" "Mozilla/5.0 (Windows NT 10.0; WOW64) AppleWebKit/537.36 (KHTML, like Gecko) Chrome/90.0.4430.85 Safari/537.36" "nicolesconiers.com"
37.139.53.65 - - [23/Jan/2023:09:48:29 -0800] "POST /blog/wp-comments-post.php HTTP/1.1" 302 - "http://nicolesconiers.com/blog/2011/10/17/thedivaofdelay/#comment-/" "Mozilla/5.0 (Windows NT 10.0; WOW64) AppleWebKit/537.36 (KHTML, like Gecko) Chrome/90.0.4430.85 Safari/537.36" "nicolesconiers.com"
114.119.149.140 - - [23/Jan/2023:09:49:14 -0800] "GET /blog/index.php/tag/home/ HTTP/1.1" 200 26657 "http://nicolesconiers.com/blog/tag/norristown/" "Mozilla/5.0 (Linux; Android 7.0;) AppleWebKit/537.36 (KHTML, like Gecko) Mobile Safari/537.36 (compatible; PetalBot;+https://webmaster.petalsearch.com/site/petalbot)" "nicolesconiers.com"
114.119.141.42 - - [23/Jan/2023:09:50:33 -0800] "GET /blog/index.php/2011/06/10/maid-to-order/ HTTP/1.1" 200 32768 "http://nicolesconiers.com/blog/tag/maids" "Mozilla/5.0 (Linux; Android 7.0;) AppleWebKit/537.36 (KHTML, like Gecko) Mobile Safari/537.36 (compatible; PetalBot;+https://webmaster.petalsearch.com/site/petalbot)" "nicolesconiers.com"
37.139.53.80 - - [23/Jan/2023:09:52:09 -0800] "GET /blog/index.php/2011/10/17/thedivaofdelay/ HTTP/1.1" 200 37023 "http://nicolesconiers.com/blog/2011/10/17/thedivaofdelay/#comment-/" "Mozilla/5.0 (Windows NT 10.0) AppleWebKit/537.36 (KHTML, like Gecko) Chrome/90.0.4430.85 Safari/537.36" "nicolesconiers.com"
37.139.53.80 - - [23/Jan/2023:09:52:12 -0800] "POST /blog/wp-comments-post.php HTTP/1.1" 302 - "http://nicolesconiers.com/blog/2011/10/17/thedivaofdelay/#comment-/" "Mozilla/5.0 (Windows NT 10.0) AppleWebKit/537.36 (KHTML, like Gecko) Chrome/90.0.4430.85 Safari/537.36" "nicolesconiers.com"
37.139.53.80 - - [23/Jan/2023:09:53:46 -0800] "GET /blog/index.php/2011/10/17/thedivaofdelay/ HTTP/1.1" 200 37023 "http://nicolesconiers.com/blog/2011/10/17/thedivaofdelay/#comment-/" "Mozilla/5.0 (Windows NT 10.0; WOW64) AppleWebKit/537.36 (KHTML, like Gecko) Chrome/90.0.4430.85 Safari/537.36" "nicolesconiers.com"
37.139.53.70 - - [23/Jan/2023:09:53:47 -0800] "GET /blog/index.php/2011/10/17/thedivaofdelay/ HTTP/1.1" 200 37023 "http://nicolesconiers.com/blog/2011/10/17/thedivaofdelay/#comment-/" "Mozilla/5.0 (Windows NT 10.0; WOW64) AppleWebKit/537.36 (KHTML, like Gecko) Chrome/90.0.4430.85 Safari/537.36" "nicolesconiers.com"
37.139.53.80 - - [23/Jan/2023:09:53:48 -0800] "POST /blog/wp-comments-post.php HTTP/1.1" 302 - "http://nicolesconiers.com/blog/2011/10/17/thedivaofdelay/#comment-/" "Mozilla/5.0 (Windows NT 10.0; WOW64) AppleWebKit/537.36 (KHTML, like Gecko) Chrome/90.0.4430.85 Safari/537.36" "nicolesconiers.com"
37.139.53.70 - - [23/Jan/2023:09:53:49 -0800] "POST /blog/wp-comments-post.php HTTP/1.1" 302 - "http://nicolesconiers.com/blog/2011/10/17/thedivaofdelay/#comment-/" "Mozilla/5.0 (Windows NT 10.0; WOW64) AppleWebKit/537.36 (KHTML, like Gecko) Chrome/90.0.4430.85 Safari/537.36" "nicolesconiers.com"
104.10.37.242 - - [23/Jan/2023:09:58:00 -0800] "GET /blog/index.php/2011/07/01/the-beckyville-bookmobile-or-soul-sista-ice-cream-truck/ HTTP/1.1" 200 41455 "-" "Mozilla/5.0 (X11; Fedora; Linux x86_64; rv:102.0) Gecko/20100101 Firefox/102.0" "nicolesconiers.com"
37.139.53.75 - - [23/Jan/2023:10:05:01 -0800] "GET /blog/index.php/2011/10/17/thedivaofdelay/ HTTP/1.1" 200 37023 "http://nicolesconiers.com/blog/2011/10/17/thedivaofdelay/#comment-/" "Mozilla/5.0 (Windows NT 6.1; WOW64) AppleWebKit/537.36 (KHTML, like Gecko) Chrome/90.0.4430.85 Safari/537.36" "nicolesconiers.com"
37.139.53.75 - - [23/Jan/2023:10:05:04 -0800] "POST /blog/wp-comments-post.php HTTP/1.1" 302 - "http://nicolesconiers.com/blog/2011/10/17/thedivaofdelay/#comment-/" "Mozilla/5.0 (Windows NT 6.1; WOW64) AppleWebKit/537.36 (KHTML, like Gecko) Chrome/90.0.4430.85 Safari/537.36" "nicolesconiers.com"
77.75.79.31 - - [23/Jan/2023:10:08:47 -0800] "GET /blog/index.php/tag/kellie-jones/ HTTP/1.1" 200 27053 "-" "Mozilla/5.0 (compatible; SeznamBot/4.0-RC1; +http://napoveda.seznam.cz/seznambot-intro/)" "nicolesconiers.com"
43.153.113.232 - - [23/Jan/2023:10:12:04 -0800] "POST /blog/wp-login.php HTTP/1.1" 200 3156 "-" "Mozilla/5.0" "nicolesconiers.com"
43.153.113.232 - - [23/Jan/2023:10:12:04 -0800] "POST /blog/wp-login.php HTTP/1.1" 200 3156 "-" "Mozilla/5.0" "nicolesconiers.com"
43.153.113.232 - - [23/Jan/2023:10:12:04 -0800] "POST /blog/wp-login.php HTTP/1.1" 200 3159 "-" "Mozilla/5.0" "nicolesconiers.com"
43.153.113.232 - - [23/Jan/2023:10:12:04 -0800] "POST /blog/wp-login.php HTTP/1.1" 200 3146 "-" "Mozilla/5.0" "nicolesconiers.com"
43.153.113.232 - - [23/Jan/2023:10:12:04 -0800] "POST /blog/wp-login.php HTTP/1.1" 200 3157 "-" "Mozilla/5.0" "nicolesconiers.com"
43.153.113.232 - - [23/Jan/2023:10:12:04 -0800] "POST /blog/wp-login.php HTTP/1.1" 200 3157 "-" "Mozilla/5.0" "nicolesconiers.com"
43.153.113.232 - - [23/Jan/2023:10:12:04 -0800] "POST /blog/wp-login.php HTTP/1.1" 200 3146 "-" "Mozilla/5.0" "nicolesconiers.com"
43.153.113.232 - - [23/Jan/2023:10:12:04 -0800] "POST /blog/wp-login.php HTTP/1.1" 200 3156 "-" "Mozilla/5.0" "nicolesconiers.com"
43.153.113.232 - - [23/Jan/2023:10:12:04 -0800] "POST /blog/wp-login.php HTTP/1.1" 200 3158 "-" "Mozilla/5.0" "nicolesconiers.com"
43.153.113.232 - - [23/Jan/2023:10:12:04 -0800] "POST /blog/wp-login.php HTTP/1.1" 200 3159 "-" "Mozilla/5.0" "nicolesconiers.com"
74.125.216.61 - - [23/Jan/2023:10:12:04 -0800] "GET /blog/index.php/feed/ HTTP/1.1" 200 55714 "-" "FeedFetcher-Google; (+http://www.google.com/feedfetcher.html)" "nicolesconiers.com"
43.153.113.232 - - [23/Jan/2023:10:12:04 -0800] "POST /blog/wp-login.php HTTP/1.1" 200 3153 "-" "Mozilla/5.0" "nicolesconiers.com"
37.139.53.70 - - [23/Jan/2023:10:15:25 -0800] "GET /blog/index.php/2011/10/17/thedivaofdelay/ HTTP/1.1" 200 37023 "http://nicolesconiers.com/blog/2011/10/17/thedivaofdelay/#comment-/" "Mozilla/5.0 (Windows NT 6.1) AppleWebKit/537.36 (KHTML, like Gecko) Chrome/90.0.4430.72 Safari/537.36" "nicolesconiers.com"
37.139.53.70 - - [23/Jan/2023:10:15:28 -0800] "POST /blog/wp-comments-post.php HTTP/1.1" 302 - "http://nicolesconiers.com/blog/2011/10/17/thedivaofdelay/#comment-/" "Mozilla/5.0 (Windows NT 6.1) AppleWebKit/537.36 (KHTML, like Gecko) Chrome/90.0.4430.72 Safari/537.36" "nicolesconiers.com"
37.139.53.75 - - [23/Jan/2023:10:17:33 -0800] "GET /blog/index.php/2011/10/17/thedivaofdelay/ HTTP/1.1" 200 37023 "http://nicolesconiers.com/blog/2011/10/17/thedivaofdelay/#comment-/" "Mozilla/5.0 (Windows NT 6.1; WOW64) AppleWebKit/537.36 (KHTML, like Gecko) Chrome/90.0.4430.93 Safari/537.36" "nicolesconiers.com"
37.139.53.75 - - [23/Jan/2023:10:17:36 -0800] "POST /blog/wp-comments-post.php HTTP/1.1" 302 - "http://nicolesconiers.com/blog/2011/10/17/thedivaofdelay/#comment-/" "Mozilla/5.0 (Windows NT 6.1; WOW64) AppleWebKit/537.36 (KHTML, like Gecko) Chrome/90.0.4430.93 Safari/537.36" "nicolesconiers.com"
37.139.53.60 - - [23/Jan/2023:10:20:45 -0800] "GET /blog/index.php/2011/10/17/thedivaofdelay/ HTTP/1.1" 200 37023 "http://nicolesconiers.com/blog/2011/10/17/thedivaofdelay/#comment-/" "Mozilla/5.0 (Windows NT 10.0; WOW64) AppleWebKit/537.36 (KHTML, like Gecko) Chrome/90.0.4430.85 Safari/537.36" "nicolesconiers.com"
37.139.53.60 - - [23/Jan/2023:10:20:51 -0800] "POST /blog/wp-comments-post.php HTTP/1.1" 302 - "http://nicolesconiers.com/blog/2011/10/17/thedivaofdelay/#comment-/" "Mozilla/5.0 (Windows NT 10.0; WOW64) AppleWebKit/537.36 (KHTML, like Gecko) Chrome/90.0.4430.85 Safari/537.36" "nicolesconiers.com"
51.222.253.4 - - [23/Jan/2023:10:21:55 -0800] "GET /blog/index.php/tag/afrofuturistic/ HTTP/1.1" 200 26771 "-" "Mozilla/5.0 (compatible; AhrefsBot/7.0; +http://ahrefs.com/robot/)" "nicolesconiers.com"
37.139.53.65 - - [23/Jan/2023:10:24:09 -0800] "GET /blog/index.php/2011/10/17/thedivaofdelay/ HTTP/1.1" 200 37023 "http://nicolesconiers.com/blog/2011/10/17/thedivaofdelay/#comment-/" "Mozilla/5.0 (Windows NT 6.1) AppleWebKit/537.36 (KHTML, like Gecko) Chrome/90.0.4430.72 Safari/537.36" "nicolesconiers.com"
37.139.53.65 - - [23/Jan/2023:10:24:13 -0800] "POST /blog/wp-comments-post.php HTTP/1.1" 302 - "http://nicolesconiers.com/blog/2011/10/17/thedivaofdelay/#comment-/" "Mozilla/5.0 (Windows NT 6.1) AppleWebKit/537.36 (KHTML, like Gecko) Chrome/90.0.4430.72 Safari/537.36" "nicolesconiers.com"
74.125.216.61 - - [23/Jan/2023:10:26:31 -0800] "GET /blog/index.php/feed/ HTTP/1.1" 200 55714 "-" "FeedFetcher-Google; (+http://www.google.com/feedfetcher.html)" "nicolesconiers.com"
37.139.53.60 - - [23/Jan/2023:10:39:25 -0800] "GET /blog/index.php/2011/10/17/thedivaofdelay/ HTTP/1.1" 200 37023 "http://nicolesconiers.com/blog/2011/10/17/thedivaofdelay/#comment-/" "Mozilla/5.0 (Windows NT 6.1; WOW64) AppleWebKit/537.36 (KHTML, like Gecko) Chrome/90.0.4430.72 Safari/537.36" "nicolesconiers.com"
37.139.53.60 - - [23/Jan/2023:10:39:28 -0800] "POST /blog/wp-comments-post.php HTTP/1.1" 302 - "http://nicolesconiers.com/blog/2011/10/17/thedivaofdelay/#comment-/" "Mozilla/5.0 (Windows NT 6.1; WOW64) AppleWebKit/537.36 (KHTML, like Gecko) Chrome/90.0.4430.72 Safari/537.36" "nicolesconiers.com"
17.241.227.221 - - [23/Jan/2023:10:39:37 -0800] "GET /blog/index.php/read-an-excerpt/ HTTP/1.1" 200 45968 "-" "Mozilla/5.0 (Macintosh; Intel Mac OS X 10_15_5) AppleWebKit/605.1.15 (KHTML, like Gecko) Version/13.1.1 Safari/605.1.15 (Applebot/0.1; +http://www.apple.com/go/applebot)" "nicolesconiers.com"
43.153.113.232 - - [23/Jan/2023:10:44:53 -0800] "POST /blog/wp-login.php HTTP/1.1" 200 3159 "-" "Mozilla/5.0" "nicolesconiers.com"
43.153.113.232 - - [23/Jan/2023:10:44:53 -0800] "POST /blog/wp-login.php HTTP/1.1" 200 3153 "-" "Mozilla/5.0" "nicolesconiers.com"
43.153.113.232 - - [23/Jan/2023:10:44:53 -0800] "POST /blog/wp-login.php HTTP/1.1" 200 3156 "-" "Mozilla/5.0" "nicolesconiers.com"
43.153.113.232 - - [23/Jan/2023:10:44:53 -0800] "POST /blog/wp-login.php HTTP/1.1" 200 3157 "-" "Mozilla/5.0" "nicolesconiers.com"
43.153.113.232 - - [23/Jan/2023:10:44:53 -0800] "POST /blog/wp-login.php HTTP/1.1" 200 3146 "-" "Mozilla/5.0" "nicolesconiers.com"
43.153.113.232 - - [23/Jan/2023:10:44:53 -0800] "POST /blog/wp-login.php HTTP/1.1" 200 3158 "-" "Mozilla/5.0" "nicolesconiers.com"
43.153.113.232 - - [23/Jan/2023:10:44:53 -0800] "POST /blog/wp-login.php HTTP/1.1" 200 3156 "-" "Mozilla/5.0" "nicolesconiers.com"
43.153.113.232 - - [23/Jan/2023:10:44:53 -0800] "POST /blog/wp-login.php HTTP/1.1" 200 3146 "-" "Mozilla/5.0" "nicolesconiers.com"
43.153.113.232 - - [23/Jan/2023:10:44:53 -0800] "POST /blog/wp-login.php HTTP/1.1" 200 3159 "-" "Mozilla/5.0" "nicolesconiers.com"
43.153.113.232 - - [23/Jan/2023:10:44:53 -0800] "POST /blog/wp-login.php HTTP/1.1" 200 3156 "-" "Mozilla/5.0" "nicolesconiers.com"
43.153.113.232 - - [23/Jan/2023:10:44:53 -0800] "POST /blog/wp-login.php HTTP/1.1" 200 3157 "-" "Mozilla/5.0" "nicolesconiers.com"
37.139.53.80 - - [23/Jan/2023:10:54:28 -0800] "GET /blog/index.php/2011/10/17/thedivaofdelay/ HTTP/1.1" 200 37023 "http://nicolesconiers.com/blog/2011/10/17/thedivaofdelay/#comment-/" "Mozilla/5.0 (Windows NT 6.1; Win64; x64) AppleWebKit/537.36 (KHTML, like Gecko) Chrome/90.0.4430.85 Safari/537.36 Edg/90.0.818.49" "nicolesconiers.com"
37.139.53.80 - - [23/Jan/2023:10:54:31 -0800] "POST /blog/wp-comments-post.php HTTP/1.1" 302 - "http://nicolesconiers.com/blog/2011/10/17/thedivaofdelay/#comment-/" "Mozilla/5.0 (Windows NT 6.1; Win64; x64) AppleWebKit/537.36 (KHTML, like Gecko) Chrome/90.0.4430.85 Safari/537.36 Edg/90.0.818.49" "nicolesconiers.com"
183.253.105.12 - - [23/Jan/2023:10:55:36 -0800] "GET /blog/index.php/2011/10/04/what-is-%E2%80%9Cgood-hair%E2%80%9D/ HTTP/1.1" 200 36064 "-" "Mozilla/5.0 (Windows NT 6.1; Trident/7.0; rv:11.0) like Gecko" "nicolesconiers.com"
183.253.105.12 - - [23/Jan/2023:10:55:38 -0800] "POST /blog/wp-comments-post.php HTTP/1.1" 302 - "http://nicolesconiers.com/blog/2011/10/04/what-is-%E2%80%9Cgood-hair%E2%80%9D/" "Mozilla/5.0 (Windows NT 6.1; Trident/7.0; rv:11.0) like Gecko" "nicolesconiers.com"
183.253.105.12 - - [23/Jan/2023:10:55:40 -0800] "GET /blog/index.php/2011/10/04/what-is-%E2%80%9Cgood-hair%E2%80%9D/ HTTP/1.1" 200 36064 "-" "Mozilla/5.0 (Windows NT 6.1; Trident/7.0; rv:11.0) like Gecko" "nicolesconiers.com"
37.139.53.80 - - [23/Jan/2023:10:56:40 -0800] "GET /blog/index.php/2011/10/17/thedivaofdelay/ HTTP/1.1" 200 37023 "http://nicolesconiers.com/blog/2011/10/17/thedivaofdelay/#comment-/" "Mozilla/5.0 (Windows NT 6.2; Win64; x64) AppleWebKit/537.36 (KHTML, like Gecko) Chrome/90.0.4430.93 Safari/537.36" "nicolesconiers.com"
37.139.53.80 - - [23/Jan/2023:10:56:42 -0800] "POST /blog/wp-comments-post.php HTTP/1.1" 302 - "http://nicolesconiers.com/blog/2011/10/17/thedivaofdelay/#comment-/" "Mozilla/5.0 (Windows NT 6.2; Win64; x64) AppleWebKit/537.36 (KHTML, like Gecko) Chrome/90.0.4430.93 Safari/537.36" "nicolesconiers.com"
61.147.15.65 - - [23/Jan/2023:10:57:22 -0800] "GET / HTTP/1.1" 200 20039 "-" "Dalvik/2.1.0 (Linux; U; Android 9.0; ZTE BA520 Build/MRA58K)" "nicolesconiers.com"
61.147.15.65 - - [23/Jan/2023:10:57:31 -0800] "GET / HTTP/1.1" 200 20039 "-" "Mozilla/5.0 (Macintosh; Intel Mac OS X 10_11) AppleWebKit/601.1.27 (KHTML, like Gecko) Chrome/47.0.2526.106 Safari/601.1.27" "nicolesconiers.com"
61.147.15.65 - - [23/Jan/2023:10:57:34 -0800] "GET / HTTP/1.1" 200 20039 "-" "Mozilla/5.0 (Macintosh; Intel Mac OS X 10_11) AppleWebKit/601.1.27 (KHTML, like Gecko) Chrome/47.0.2526.106 Safari/601.1.27" "nicolesconiers.com"
61.147.15.65 - - [23/Jan/2023:10:57:35 -0800] "GET / HTTP/1.1" 200 20039 "-" "Dalvik/2.1.0 (Linux; U; Android 9.0; ZTE BA520 Build/MRA58K)" "nicolesconiers.com"
37.139.53.65 - - [23/Jan/2023:10:58:12 -0800] "GET /blog/index.php/2011/10/17/thedivaofdelay/ HTTP/1.1" 200 37023 "http://nicolesconiers.com/blog/2011/10/17/thedivaofdelay/#comment-/" "Mozilla/5.0 (Windows NT 6.3; Win64; x64) AppleWebKit/537.36 (KHTML, like Gecko) Chrome/90.0.4430.72 Safari/537.36" "nicolesconiers.com"
37.139.53.65 - - [23/Jan/2023:10:58:14 -0800] "POST /blog/wp-comments-post.php HTTP/1.1" 302 - "http://nicolesconiers.com/blog/2011/10/17/thedivaofdelay/#comment-/" "Mozilla/5.0 (Windows NT 6.3; Win64; x64) AppleWebKit/537.36 (KHTML, like Gecko) Chrome/90.0.4430.72 Safari/537.36" "nicolesconiers.com"
62.210.215.118 - - [23/Jan/2023:10:58:17 -0800] "GET /blog/index.php/tag/book-signing/feed/ HTTP/1.1" 200 9006 "-" "Mozilla/5.0 (X11; Linux i686) AppleWebKit/537.36 (KHTML, like Gecko) Chrome/30.0.1599.66 Safari/537.36" "nicolesconiers.com"
61.147.15.67 - - [23/Jan/2023:10:58:49 -0800] "GET / HTTP/1.1" 200 20039 "-" "Opera/9.80 (Windows NT 6.1; U; cs) Presto/2.7.62 Version/11.01" "nicolesconiers.com"
61.147.15.67 - - [23/Jan/2023:10:59:13 -0800] "GET /favicon.ico HTTP/1.1" 404 88 "-" "Dalvik/2.1.0 (Linux; U; Android 9.0; ZTE BA520 Build/MRA58K)" "nicolesconiers.com"
37.139.53.70 - - [23/Jan/2023:11:01:26 -0800] "GET /blog/index.php/2011/10/17/thedivaofdelay/ HTTP/1.1" 200 37023 "http://nicolesconiers.com/blog/2011/10/17/thedivaofdelay/#comment-/" "Mozilla/5.0 (Windows NT 6.3; Win64; x64) AppleWebKit/537.36 (KHTML, like Gecko) Chrome/90.0.4430.85 Safari/537.36 Edg/90.0.818.46" "nicolesconiers.com"
37.139.53.70 - - [23/Jan/2023:11:01:29 -0800] "POST /blog/wp-comments-post.php HTTP/1.1" 302 - "http://nicolesconiers.com/blog/2011/10/17/thedivaofdelay/#comment-/" "Mozilla/5.0 (Windows NT 6.3; Win64; x64) AppleWebKit/537.36 (KHTML, like Gecko) Chrome/90.0.4430.85 Safari/537.36 Edg/90.0.818.46" "nicolesconiers.com"
62.210.215.118 - - [23/Jan/2023:11:03:05 -0800] "GET /blog/index.php/tag/new-orleans/feed/ HTTP/1.1" 200 17806 "-" "Mozilla/5.0 (X11; Linux i686) AppleWebKit/537.36 (KHTML, like Gecko) Chrome/30.0.1599.66 Safari/537.36" "nicolesconiers.com"
37.139.53.75 - - [23/Jan/2023:11:07:57 -0800] "GET /blog/index.php/2011/10/17/thedivaofdelay/ HTTP/1.1" 200 37023 "http://nicolesconiers.com/blog/2011/10/17/thedivaofdelay/#comment-/" "Mozilla/5.0 (Windows NT 6.1) AppleWebKit/537.36 (KHTML, like Gecko) Chrome/90.0.4430.72 Safari/537.36" "nicolesconiers.com"
37.139.53.75 - - [23/Jan/2023:11:08:00 -0800] "POST /blog/wp-comments-post.php HTTP/1.1" 302 - "http://nicolesconiers.com/blog/2011/10/17/thedivaofdelay/#comment-/" "Mozilla/5.0 (Windows NT 6.1) AppleWebKit/537.36 (KHTML, like Gecko) Chrome/90.0.4430.72 Safari/537.36" "nicolesconiers.com"
61.147.15.67 - - [23/Jan/2023:11:08:27 -0800] "GET / HTTP/1.1" 200 20039 "-" "Mozilla/5.0 (X11; U; Linux i686; en-US; rv:1.0rc3) Gecko/20020529 Debian/1.0rc3-1" "nicolesconiers.com"
195.80.150.184 - - [23/Jan/2023:11:13:01 -0800] "GET /blog/index.php/2011/10/17/thedivaofdelay/ HTTP/1.1" 200 37023 "http://nicolesconiers.com/blog/2011/10/17/thedivaofdelay/" "Mozilla/5.0 (Windows NT 10.0; Win64; x64) AppleWebKit/537.36 (KHTML, like Gecko) Chrome/90.0.4430.72 Safari/537.36" "nicolesconiers.com"
195.80.150.184 - - [23/Jan/2023:11:13:06 -0800] "POST /blog/wp-comments-post.php HTTP/1.1" 302 - "http://nicolesconiers.com/blog/2011/10/17/thedivaofdelay/" "Mozilla/5.0 (Windows NT 10.0; Win64; x64) AppleWebKit/537.36 (KHTML, like Gecko) Chrome/90.0.4430.72 Safari/537.36" "nicolesconiers.com"
195.80.150.184 - - [23/Jan/2023:11:13:07 -0800] "GET /blog/index.php/2011/10/17/thedivaofdelay/ HTTP/1.1" 200 37023 "http://nicolesconiers.com/blog/2011/10/17/thedivaofdelay/#comment-" "Mozilla/5.0 (Windows NT 10.0; Win64; x64) AppleWebKit/537.36 (KHTML, like Gecko) Chrome/90.0.4430.72 Safari/537.36" "nicolesconiers.com"
58.211.23.183 - - [23/Jan/2023:11:13:12 -0800] "GET / HTTP/1.1" 200 20039 "-" "Dalvik/2.1.0 (Linux; U; Android 9.0; ZTE BA520 Build/MRA58K)" "nicolesconiers.com"
58.211.23.183 - - [23/Jan/2023:11:13:48 -0800] "GET / HTTP/1.1" 200 20039 "-" "Mozilla/5.0 (Macintosh; Intel Mac OS X 10_11) AppleWebKit/601.1.27 (KHTML, like Gecko) Chrome/47.0.2526.106 Safari/601.1.27" "nicolesconiers.com"
58.211.23.183 - - [23/Jan/2023:11:14:14 -0800] "GET / HTTP/1.1" 200 20039 "-" "Mozilla/5.0 (Linux; U; Android 6.0.1; zh-CN; OPPO R9s Build/MMB29M) AppleWebKit/537.36 (KHTML, like Gecko) Version/4.0 Chrome/57.0.2987.108 UCBrowser/11.9.4.974 UWS/2.14.0.7 Mobile Safari/537.36 AliApp(TB/7.9.0) UCBS/2.11.1.1 TTID/10001401@taobao_android_7.9.0 WindVane/8.3.0 1080X1920" "nicolesconiers.com"
58.211.23.183 - - [23/Jan/2023:11:16:49 -0800] "GET / HTTP/1.1" 200 20039 "-" "Mozilla/5.0 (Macintosh; Intel Mac OS X 10_11) AppleWebKit/601.1.27 (KHTML, like Gecko) Chrome/47.0.2526.106 Safari/601.1.27" "nicolesconiers.com"
43.153.113.232 - - [23/Jan/2023:11:17:50 -0800] "POST /blog/wp-login.php HTTP/1.1" 200 3157 "-" "Mozilla/5.0" "nicolesconiers.com"
43.153.113.232 - - [23/Jan/2023:11:17:50 -0800] "POST /blog/wp-login.php HTTP/1.1" 200 3159 "-" "Mozilla/5.0" "nicolesconiers.com"
43.153.113.232 - - [23/Jan/2023:11:17:50 -0800] "POST /blog/wp-login.php HTTP/1.1" 200 3146 "-" "Mozilla/5.0" "nicolesconiers.com"
43.153.113.232 - - [23/Jan/2023:11:17:50 -0800] "POST /blog/wp-login.php HTTP/1.1" 200 3146 "-" "Mozilla/5.0" "nicolesconiers.com"
43.153.113.232 - - [23/Jan/2023:11:17:50 -0800] "POST /blog/wp-login.php HTTP/1.1" 200 3153 "-" "Mozilla/5.0" "nicolesconiers.com"
43.153.113.232 - - [23/Jan/2023:11:17:50 -0800] "POST /blog/wp-login.php HTTP/1.1" 200 3159 "-" "Mozilla/5.0" "nicolesconiers.com"
43.153.113.232 - - [23/Jan/2023:11:17:50 -0800] "POST /blog/wp-login.php HTTP/1.1" 200 3156 "-" "Mozilla/5.0" "nicolesconiers.com"
43.153.113.232 - - [23/Jan/2023:11:17:50 -0800] "POST /blog/wp-login.php HTTP/1.1" 200 3157 "-" "Mozilla/5.0" "nicolesconiers.com"
43.153.113.232 - - [23/Jan/2023:11:17:50 -0800] "POST /blog/wp-login.php HTTP/1.1" 200 3156 "-" "Mozilla/5.0" "nicolesconiers.com"
43.153.113.232 - - [23/Jan/2023:11:17:50 -0800] "POST /blog/wp-login.php HTTP/1.1" 200 3156 "-" "Mozilla/5.0" "nicolesconiers.com"
43.153.113.232 - - [23/Jan/2023:11:17:50 -0800] "POST /blog/wp-login.php HTTP/1.1" 200 3158 "-" "Mozilla/5.0" "nicolesconiers.com"
58.211.23.183 - - [23/Jan/2023:11:19:54 -0800] "GET /favicon.ico HTTP/1.1" 404 88 "-" "Dalvik/2.1.0 (Linux; U; Android 9.0; ZTE BA520 Build/MRA58K)" "nicolesconiers.com"
37.139.53.75 - - [23/Jan/2023:11:20:35 -0800] "GET /blog/index.php/2011/10/17/thedivaofdelay/ HTTP/1.1" 200 37023 "http://nicolesconiers.com/blog/2011/10/17/thedivaofdelay/#comment-/" "Mozilla/5.0 (Windows NT 6.1; Win64; x64) AppleWebKit/537.36 (KHTML, like Gecko) Chrome/90.0.4430.93 Safari/537.36" "nicolesconiers.com"
37.139.53.75 - - [23/Jan/2023:11:20:38 -0800] "POST /blog/wp-comments-post.php HTTP/1.1" 302 - "http://nicolesconiers.com/blog/2011/10/17/thedivaofdelay/#comment-/" "Mozilla/5.0 (Windows NT 6.1; Win64; x64) AppleWebKit/537.36 (KHTML, like Gecko) Chrome/90.0.4430.93 Safari/537.36" "nicolesconiers.com"
51.222.253.14 - - [23/Jan/2023:11:21:58 -0800] "GET /blog/index.php/2011/11/23/the-single-girls-guide-to-surviving-the-holidays/ HTTP/1.1" 200 31819 "-" "Mozilla/5.0 (compatible; AhrefsBot/7.0; +http://ahrefs.com/robot/)" "nicolesconiers.com"
37.139.53.70 - - [23/Jan/2023:11:22:37 -0800] "GET /blog/index.php/2011/10/17/thedivaofdelay/ HTTP/1.1" 200 37023 "http://nicolesconiers.com/blog/2011/10/17/thedivaofdelay/#comment-/" "Mozilla/5.0 (Windows NT 6.3; Win64; x64) AppleWebKit/537.36 (KHTML, like Gecko) Chrome/90.0.4430.85 Safari/537.36" "nicolesconiers.com"
37.139.53.70 - - [23/Jan/2023:11:22:40 -0800] "POST /blog/wp-comments-post.php HTTP/1.1" 302 - "http://nicolesconiers.com/blog/2011/10/17/thedivaofdelay/#comment-/" "Mozilla/5.0 (Windows NT 6.3; Win64; x64) AppleWebKit/537.36 (KHTML, like Gecko) Chrome/90.0.4430.85 Safari/537.36" "nicolesconiers.com"
193.169.253.80 - - [23/Jan/2023:11:27:54 -0800] "GET / HTTP/1.1" 200 138477 "-" "Mozilla/5.0 (Windows NT 10.0; Win64; x64) AppleWebKit/537.36 (KHTML, like Gecko) Chrome/79.0 Safari/537.36" "nicolesconiers.com"
193.169.253.80 - - [23/Jan/2023:11:27:57 -0800] "GET / HTTP/1.1" 200 138477 "-" "Mozilla/5.0 (Windows NT 10.0; Win64; x64) AppleWebKit/537.36 (KHTML, like Gecko) Chrome/79.0 Safari/537.36" "nicolesconiers.com"
193.169.253.80 - - [23/Jan/2023:11:27:59 -0800] "GET /wp-includes/wlwmanifest.xml HTTP/1.1" 404 73 "-" "Mozilla/5.0 (Windows NT 10.0; Win64; x64) AppleWebKit/537.36 (KHTML, like Gecko) Chrome/79.0 Safari/537.36" "nicolesconiers.com"
193.169.253.80 - - [23/Jan/2023:11:28:00 -0800] "GET /xmlrpc.php?rsd HTTP/1.1" 404 73 "-" "Mozilla/5.0 (Windows NT 10.0; Win64; x64) AppleWebKit/537.36 (KHTML, like Gecko) Chrome/79.0 Safari/537.36" "nicolesconiers.com"
193.169.253.80 - - [23/Jan/2023:11:28:00 -0800] "GET / HTTP/1.1" 200 138477 "-" "Mozilla/5.0 (Windows NT 10.0; Win64; x64) AppleWebKit/537.36 (KHTML, like Gecko) Chrome/79.0 Safari/537.36" "nicolesconiers.com"
193.169.253.80 - - [23/Jan/2023:11:28:03 -0800] "GET /blog/wp-includes/wlwmanifest.xml HTTP/1.1" 200 1053 "-" "Mozilla/5.0 (Windows NT 10.0; Win64; x64) AppleWebKit/537.36 (KHTML, like Gecko) Chrome/79.0 Safari/537.36" "nicolesconiers.com"
193.169.253.80 - - [23/Jan/2023:11:28:03 -0800] "GET /blog//?author=1 HTTP/1.1" 200 40985 "-" "Mozilla/5.0 (Windows NT 10.0; Win64; x64) AppleWebKit/537.36 (KHTML, like Gecko) Chrome/79.0 Safari/537.36" "nicolesconiers.com"
193.169.253.80 - - [23/Jan/2023:11:28:06 -0800] "GET /blog//?author=2 HTTP/1.1" 200 27975 "-" "Mozilla/5.0 (Windows NT 10.0; Win64; x64) AppleWebKit/537.36 (KHTML, like Gecko) Chrome/79.0 Safari/537.36" "nicolesconiers.com"
193.169.253.80 - - [23/Jan/2023:11:28:09 -0800] "GET /blog/index.php//wp-json/wp/v2/users/ HTTP/1.1" 404 7455 "-" "Mozilla/5.0 (Windows NT 10.0; Win64; x64) AppleWebKit/537.36 (KHTML, like Gecko) Chrome/79.0 Safari/537.36" "nicolesconiers.com"
193.169.253.80 - - [23/Jan/2023:11:28:10 -0800] "GET /blog/index.php//wp-json/oembed/1.0/embed?url=http://nicolesconiers.com/blog/ HTTP/1.1" 404 7455 "-" "Mozilla/5.0 (Windows NT 10.0; Win64; x64) AppleWebKit/537.36 (KHTML, like Gecko) Chrome/79.0 Safari/537.36" "nicolesconiers.com"
193.169.253.80 - - [23/Jan/2023:11:28:10 -0800] "POST /blog/index.php//xmlrpc.php HTTP/1.1" 404 7455 "-" "Mozilla/5.0 (Windows NT 10.0; Win64; x64) AppleWebKit/537.36 (KHTML, like Gecko) Chrome/79.0 Safari/537.36" "nicolesconiers.com"
37.139.53.60 - - [23/Jan/2023:11:30:07 -0800] "GET /blog/index.php/2011/10/17/thedivaofdelay/ HTTP/1.1" 200 37023 "http://nicolesconiers.com/blog/2011/10/17/thedivaofdelay/#comment-/" "Mozilla/5.0 (Windows NT 6.1; WOW64) AppleWebKit/537.36 (KHTML, like Gecko) Chrome/90.0.4430.72 Safari/537.36" "nicolesconiers.com"
37.139.53.60 - - [23/Jan/2023:11:30:09 -0800] "POST /blog/wp-comments-post.php HTTP/1.1" 302 - "http://nicolesconiers.com/blog/2011/10/17/thedivaofdelay/#comment-/" "Mozilla/5.0 (Windows NT 6.1; WOW64) AppleWebKit/537.36 (KHTML, like Gecko) Chrome/90.0.4430.72 Safari/537.36" "nicolesconiers.com"
37.139.53.65 - - [23/Jan/2023:11:33:24 -0800] "GET /blog/index.php/2011/10/17/thedivaofdelay/ HTTP/1.1" 200 37023 "http://nicolesconiers.com/blog/2011/10/17/thedivaofdelay/#comment-/" "Mozilla/5.0 (Windows NT 6.3) AppleWebKit/537.36 (KHTML, like Gecko) Chrome/90.0.4430.72 Safari/537.36" "nicolesconiers.com"
37.139.53.65 - - [23/Jan/2023:11:33:28 -0800] "POST /blog/wp-comments-post.php HTTP/1.1" 302 - "http://nicolesconiers.com/blog/2011/10/17/thedivaofdelay/#comment-/" "Mozilla/5.0 (Windows NT 6.3) AppleWebKit/537.36 (KHTML, like Gecko) Chrome/90.0.4430.72 Safari/537.36" "nicolesconiers.com"
207.46.13.41 - - [23/Jan/2023:11:39:20 -0800] "GET / HTTP/1.1" 200 20039 "-" "Mozilla/5.0 AppleWebKit/537.36 (KHTML, like Gecko; compatible; bingbot/2.0; +http://www.bing.com/bingbot.htm) Chrome/103.0.5060.134 Safari/537.36" "www.nicolesconiers.com"
66.249.72.39 - - [23/Jan/2023:11:43:31 -0800] "GET /ads.txt HTTP/1.1" 404 88 "-" "Mozilla/5.0 (compatible; Googlebot/2.1; +http://www.google.com/bot.html)" "nicolesconiers.com"
87.250.224.156 - - [23/Jan/2023:11:43:36 -0800] "GET /robots.txt HTTP/1.1" 200 24 "-" "Mozilla/5.0 (compatible; YandexBot/3.0; +http://yandex.com/bots)" "nicolesconiers.com"
87.250.224.144 - - [23/Jan/2023:11:43:40 -0800] "GET /blog/index.php/tag/social-justice/ HTTP/1.1" 200 27290 "-" "Mozilla/5.0 (compatible; YandexBot/3.0; +http://yandex.com/bots)" "nicolesconiers.com"
