107.181.112.187 - - [17/Feb/2023:07:12:45 -0800] "GET /blog/index.php/2011/06/01/dreamsandchildlikefaith/ HTTP/1.1" 200 36732 "-" "Mozilla/5.0 (Windows NT 10.0; WOW64) AppleWebKit/537.36 (KHTML, like Gecko) Chrome/103.0.0.0 Safari/537.36 Vivaldi/5.3.2679.68" "nicolesconiers.com"
198.46.214.38 - - [17/Feb/2023:07:13:06 -0800] "GET /blog/index.php/2011/07/01/the-beckyville-bookmobile-or-soul-sista-ice-cream-truck/ HTTP/1.1" 200 41455 "http://nicolesconiers.com/" "Mozilla/5.0 (Linux x86_64; rv:102.0) Gecko/20100101 Firefox/102.0" "nicolesconiers.com"
198.46.214.38 - - [17/Feb/2023:07:13:13 -0800] "GET /wp-login.php?action=register HTTP/1.1" 404 88 "http://nicolesconiers.com/" "Mozilla/5.0 (Windows NT 6.3; Win64; x64) AppleWebKit/537.36 (KHTML, like Gecko) Chrome/103.0.0.0 Safari/537.36" "nicolesconiers.com"
198.46.214.38 - - [17/Feb/2023:07:13:13 -0800] "GET /wp-login.php?action=register HTTP/1.1" 404 88 "http://nicolesconiers.com/wp-login.php?action=register" "Mozilla/5.0 (Windows NT 6.3; Win64; x64) AppleWebKit/537.36 (KHTML, like Gecko) Chrome/103.0.0.0 Safari/537.36" "nicolesconiers.com"
198.46.214.38 - - [17/Feb/2023:07:13:14 -0800] "GET /blog/index.php/2011/07/01/the-beckyville-bookmobile-or-soul-sista-ice-cream-truck/ HTTP/1.1" 200 41455 "http://nicolesconiers.com/" "Mozilla/5.0 (Windows NT 6.3; Win64; x64) AppleWebKit/537.36 (KHTML, like Gecko) Chrome/103.0.0.0 Safari/537.36" "nicolesconiers.com"
198.46.214.38 - - [17/Feb/2023:07:13:16 -0800] "POST /blog/wp-comments-post.php HTTP/1.1" 302 - "http://nicolesconiers.com/blog/2011/07/01/the-beckyville-bookmobile-or-soul-sista-ice-cream-truck/" "Mozilla/5.0 (Windows NT 6.3; Win64; x64) AppleWebKit/537.36 (KHTML, like Gecko) Chrome/103.0.0.0 Safari/537.36" "nicolesconiers.com"
198.46.214.38 - - [17/Feb/2023:07:13:17 -0800] "GET /blog/index.php/2011/07/01/the-beckyville-bookmobile-or-soul-sista-ice-cream-truck/ HTTP/1.1" 200 41455 "http://nicolesconiers.com/blog/wp-comments-post.php" "Mozilla/5.0 (Windows NT 6.3; Win64; x64) AppleWebKit/537.36 (KHTML, like Gecko) Chrome/103.0.0.0 Safari/537.36" "nicolesconiers.com"
198.46.214.38 - - [17/Feb/2023:07:13:19 -0800] "GET /blog/index.php/2011/07/01/the-beckyville-bookmobile-or-soul-sista-ice-cream-truck/ HTTP/1.1" 200 41455 "-" "Mozilla/5.0 (Windows NT 6.3; Win64; x64) AppleWebKit/537.36 (KHTML, like Gecko) Chrome/103.0.0.0 Safari/537.36" "nicolesconiers.com"
64.124.8.51 - - [17/Feb/2023:07:14:33 -0800] "GET /robots.txt HTTP/1.1" 200 44 "-" "Mozilla/5.0 (X11; Linux x86_64) AppleWebKit/537.36 (KHTML, like Gecko) Chrome/61.0.3163.79 Safari/537.36" "nicolesconiers.com"
20.163.248.99 - - [17/Feb/2023:07:14:34 -0800] "GET /vbid-e901baf2-3uksua9y HTTP/1.1" 404 88 "-" "Mozilla/5.0 (Windows NT 10.0; Win64; x64) AppleWebKit/537.36 (KHTML, like Gecko) Chrome/86.0.4240.75 Safari/537.36" "www.nicolesconiers.com"
64.124.8.51 - - [17/Feb/2023:07:14:33 -0800] "GET /blog/index.php/tag/holidays/ HTTP/1.1" 200 26996 "-" "Mozilla/5.0 (X11; Linux x86_64) AppleWebKit/537.36 (KHTML, like Gecko) Chrome/61.0.3163.79 Safari/537.36" "nicolesconiers.com"
20.185.223.168 - - [17/Feb/2023:07:16:40 -0800] "GET /april-29.html HTTP/1.1" 200 18469 "-" "Mozilla/5.0 (Windows NT 10.0; Win64; x64) AppleWebKit/537.36 (KHTML, like Gecko) Chrome/86.0.4240.75 Safari/537.36" "www.nicolesconiers.com"
64.124.8.51 - - [17/Feb/2023:07:17:58 -0800] "GET /robots.txt HTTP/1.1" 200 44 "-" "Mozilla/5.0 (X11; Linux x86_64) AppleWebKit/537.36 (KHTML, like Gecko) Chrome/61.0.3163.79 Safari/537.36" "nicolesconiers.com"
64.124.8.51 - - [17/Feb/2023:07:17:58 -0800] "GET /blog/index.php/2011/08/12/the-beckyville-chronicles-in-search-of-family/feed/ HTTP/1.1" 200 860 "-" "Mozilla/5.0 (X11; Linux x86_64) AppleWebKit/537.36 (KHTML, like Gecko) Chrome/61.0.3163.79 Safari/537.36" "nicolesconiers.com"
66.249.79.41 - - [17/Feb/2023:07:22:41 -0800] "GET /favicon.ico HTTP/1.1" 404 88 "-" "Googlebot-Image/1.0" "nicolesconiers.com"
64.124.8.51 - - [17/Feb/2023:07:23:32 -0800] "GET /blog/index.php/tag/jamiel-shaw/ HTTP/1.1" 200 27112 "-" "Mozilla/5.0 (X11; Linux x86_64) AppleWebKit/537.36 (KHTML, like Gecko) Chrome/61.0.3163.79 Safari/537.36" "nicolesconiers.com"
64.124.8.51 - - [17/Feb/2023:07:26:11 -0800] "GET /blog/index.php/2011/08/12/the-beckyville-chronicles-in-search-of-family/ HTTP/1.1" 200 41657 "-" "Mozilla/5.0 (X11; Linux x86_64) AppleWebKit/537.36 (KHTML, like Gecko) Chrome/61.0.3163.79 Safari/537.36" "nicolesconiers.com"
64.124.8.51 - - [17/Feb/2023:07:27:33 -0800] "GET /blog/index.php/tag/las-vegas/feed/ HTTP/1.1" 304 - "-" "Mozilla/5.0 (X11; Linux x86_64) AppleWebKit/537.36 (KHTML, like Gecko) Chrome/61.0.3163.79 Safari/537.36" "nicolesconiers.com"
64.124.8.51 - - [17/Feb/2023:07:28:21 -0800] "GET /blog/index.php/2011/12/30/personal-alchemy-transmuting-dreams-into-reality/ HTTP/1.1" 200 39946 "-" "Mozilla/5.0 (X11; Linux x86_64) AppleWebKit/537.36 (KHTML, like Gecko) Chrome/61.0.3163.79 Safari/537.36" "nicolesconiers.com"
198.46.214.38 - - [17/Feb/2023:07:30:20 -0800] "GET /blog/index.php/2011/07/01/the-beckyville-bookmobile-or-soul-sista-ice-cream-truck/ HTTP/1.1" 500 358 "-" "Mozilla/5.0 (Windows NT 10.0; WOW64) AppleWebKit/537.36 (KHTML, like Gecko) Chrome/103.0.0.0 Safari/537.36 Vivaldi/5.3.2679.68" "nicolesconiers.com"
62.210.215.118 - - [17/Feb/2023:07:31:38 -0800] "GET /blog/index.php/tag/procrastination/feed/ HTTP/1.1" 200 9012 "-" "Mozilla/5.0 (X11; Linux i686) AppleWebKit/537.36 (KHTML, like Gecko) Chrome/30.0.1599.66 Safari/537.36" "nicolesconiers.com"
51.222.253.5 - - [17/Feb/2023:07:34:11 -0800] "GET /blog/index.php/2011/11/17/time-and-persistence/ HTTP/1.1" 200 37559 "-" "Mozilla/5.0 (compatible; AhrefsBot/7.0; +http://ahrefs.com/robot/)" "nicolesconiers.com"
64.124.8.51 - - [17/Feb/2023:07:35:08 -0800] "GET /blog/index.php/tag/bungy-jumping/ HTTP/1.1" 200 26354 "-" "Mozilla/5.0 (X11; Linux x86_64) AppleWebKit/537.36 (KHTML, like Gecko) Chrome/61.0.3163.79 Safari/537.36" "nicolesconiers.com"
52.149.158.7 - - [17/Feb/2023:07:37:40 -0800] "GET /september-18.html HTTP/1.1" 200 18535 "-" "Mozilla/5.0 (Windows NT 10.0; Win64; x64) AppleWebKit/537.36 (KHTML, like Gecko) Chrome/86.0.4240.75 Safari/537.36" "www.nicolesconiers.com"
64.124.8.55 - - [17/Feb/2023:07:42:34 -0800] "GET /robots.txt HTTP/1.1" 200 44 "-" "Mozilla/5.0 (X11; Linux x86_64) AppleWebKit/537.36 (KHTML, like Gecko) Chrome/61.0.3163.79 Safari/537.36" "nicolesconiers.com"
64.124.8.55 - - [17/Feb/2023:07:42:35 -0800] "GET /blog/index.php/tag/you-might-be-a-becky-if/ HTTP/1.1" 200 26651 "-" "Mozilla/5.0 (X11; Linux x86_64) AppleWebKit/537.36 (KHTML, like Gecko) Chrome/61.0.3163.79 Safari/537.36" "nicolesconiers.com"
64.124.8.51 - - [17/Feb/2023:07:45:48 -0800] "GET /blog/index.php/tag/stories/feed/ HTTP/1.1" 304 - "-" "Mozilla/5.0 (X11; Linux x86_64) AppleWebKit/537.36 (KHTML, like Gecko) Chrome/61.0.3163.79 Safari/537.36" "nicolesconiers.com"
64.124.8.55 - - [17/Feb/2023:07:47:27 -0800] "GET /blog/index.php/tag/escape-from-beckyville-tv/ HTTP/1.1" 200 26824 "-" "Mozilla/5.0 (X11; Linux x86_64) AppleWebKit/537.36 (KHTML, like Gecko) Chrome/61.0.3163.79 Safari/537.36" "nicolesconiers.com"
64.124.8.55 - - [17/Feb/2023:07:48:55 -0800] "GET /blog/index.php/tag/events/ HTTP/1.1" 200 26677 "-" "Mozilla/5.0 (X11; Linux x86_64) AppleWebKit/537.36 (KHTML, like Gecko) Chrome/61.0.3163.79 Safari/537.36" "nicolesconiers.com"
52.149.158.7 - - [17/Feb/2023:07:50:11 -0800] "GET /vbid-8d2a887e-czibec9g HTTP/1.1" 404 88 "-" "Mozilla/5.0 (Windows NT 10.0; Win64; x64) AppleWebKit/537.36 (KHTML, like Gecko) Chrome/86.0.4240.75 Safari/537.36" "www.nicolesconiers.com"
64.124.8.51 - - [17/Feb/2023:07:50:25 -0800] "GET /blog/index.php/2012/02/22/speaking-from-my-scars-advice-to-rihanna-from-an-abuse-survivor/feed/ HTTP/1.1" 200 913 "-" "Mozilla/5.0 (X11; Linux x86_64) AppleWebKit/537.36 (KHTML, like Gecko) Chrome/61.0.3163.79 Safari/537.36" "nicolesconiers.com"
64.124.8.55 - - [17/Feb/2023:07:52:05 -0800] "GET /blog/index.php/tag/t-shirt/ HTTP/1.1" 200 29576 "-" "Mozilla/5.0 (X11; Linux x86_64) AppleWebKit/537.36 (KHTML, like Gecko) Chrome/61.0.3163.79 Safari/537.36" "nicolesconiers.com"
52.149.158.7 - - [17/Feb/2023:07:52:21 -0800] "GET /vbid-e901baf2-nqlngd3a HTTP/1.1" 404 88 "-" "Mozilla/5.0 (Windows NT 10.0; Win64; x64) AppleWebKit/537.36 (KHTML, like Gecko) Chrome/86.0.4240.75 Safari/537.36" "www.nicolesconiers.com"
62.210.215.118 - - [17/Feb/2023:07:52:53 -0800] "GET /blog/index.php/tag/nappy-goddess/feed/ HTTP/1.1" 200 12854 "-" "Mozilla/5.0 (X11; Linux i686) AppleWebKit/537.36 (KHTML, like Gecko) Chrome/30.0.1599.66 Safari/537.36" "nicolesconiers.com"
64.124.8.51 - - [17/Feb/2023:07:53:56 -0800] "GET /blog/index.php/tag/the-killing/ HTTP/1.1" 200 27115 "-" "Mozilla/5.0 (X11; Linux x86_64) AppleWebKit/537.36 (KHTML, like Gecko) Chrome/61.0.3163.79 Safari/537.36" "nicolesconiers.com"
64.124.8.55 - - [17/Feb/2023:07:55:46 -0800] "GET /robots.txt HTTP/1.1" 200 44 "-" "Mozilla/5.0 (X11; Linux x86_64) AppleWebKit/537.36 (KHTML, like Gecko) Chrome/61.0.3163.79 Safari/537.36" "nicolesconiers.com"
64.124.8.55 - - [17/Feb/2023:07:55:46 -0800] "GET /blog/index.php/tag/procrastination/ HTTP/1.1" 200 26784 "-" "Mozilla/5.0 (X11; Linux x86_64) AppleWebKit/537.36 (KHTML, like Gecko) Chrome/61.0.3163.79 Safari/537.36" "nicolesconiers.com"
62.210.215.118 - - [17/Feb/2023:07:59:46 -0800] "GET /blog/index.php/tag/essence-magazine/feed/ HTTP/1.1" 200 12183 "-" "Mozilla/5.0 (X11; Linux i686) AppleWebKit/537.36 (KHTML, like Gecko) Chrome/30.0.1599.66 Safari/537.36" "nicolesconiers.com"
107.174.54.47 - - [17/Feb/2023:08:03:38 -0800] "GET /blog/index.php/2011/07/01/the-beckyville-bookmobile-or-soul-sista-ice-cream-truck/ HTTP/1.1" 200 41455 "http://nicolesconiers.com/" "Mozilla/5.0 (Windows NT 10.0; Win64; x64) AppleWebKit/537.36 (KHTML, like Gecko) Chrome/103.0.0.0 Safari/537.36 Edg/103.0.1264.71" "nicolesconiers.com"
107.174.54.47 - - [17/Feb/2023:08:03:44 -0800] "GET /wp-login.php?action=register HTTP/1.1" 404 88 "http://nicolesconiers.com/" "Mozilla/5.0 (Windows NT 6.3; Win64; x64) AppleWebKit/537.36 (KHTML, like Gecko) Chrome/103.0.0.0 Safari/537.36" "nicolesconiers.com"
107.174.54.47 - - [17/Feb/2023:08:03:45 -0800] "GET /wp-login.php?action=register HTTP/1.1" 404 88 "http://nicolesconiers.com/wp-login.php?action=register" "Mozilla/5.0 (Windows NT 6.3; Win64; x64) AppleWebKit/537.36 (KHTML, like Gecko) Chrome/103.0.0.0 Safari/537.36" "nicolesconiers.com"
107.174.54.47 - - [17/Feb/2023:08:03:45 -0800] "GET /blog/index.php/2011/07/01/the-beckyville-bookmobile-or-soul-sista-ice-cream-truck/ HTTP/1.1" 200 41455 "http://nicolesconiers.com/" "Mozilla/5.0 (Windows NT 6.3; Win64; x64) AppleWebKit/537.36 (KHTML, like Gecko) Chrome/103.0.0.0 Safari/537.36" "nicolesconiers.com"
107.174.54.47 - - [17/Feb/2023:08:03:46 -0800] "POST /blog/wp-comments-post.php HTTP/1.1" 302 - "http://nicolesconiers.com/blog/2011/07/01/the-beckyville-bookmobile-or-soul-sista-ice-cream-truck/" "Mozilla/5.0 (Windows NT 6.3; Win64; x64) AppleWebKit/537.36 (KHTML, like Gecko) Chrome/103.0.0.0 Safari/537.36" "nicolesconiers.com"
107.174.54.47 - - [17/Feb/2023:08:03:48 -0800] "GET /blog/index.php/2011/07/01/the-beckyville-bookmobile-or-soul-sista-ice-cream-truck/ HTTP/1.1" 200 41455 "http://nicolesconiers.com/blog/wp-comments-post.php" "Mozilla/5.0 (Windows NT 6.3; Win64; x64) AppleWebKit/537.36 (KHTML, like Gecko) Chrome/103.0.0.0 Safari/537.36" "nicolesconiers.com"
73.210.0.212 - - [17/Feb/2023:08:03:49 -0800] "GET /blog/index.php/2011/07/01/the-beckyville-bookmobile-or-soul-sista-ice-cream-truck/ HTTP/1.1" 200 41455 "-" "Mozilla/5.0 (Windows NT 6.3; Win64; x64) AppleWebKit/537.36 (KHTML, like Gecko) Chrome/103.0.0.0 Safari/537.36" "nicolesconiers.com"
51.222.253.12 - - [17/Feb/2023:08:06:02 -0800] "GET /blog/index.php/2011/08/11/my-first-interview-for-escape-from-beckyville/ HTTP/1.1" 200 31150 "-" "Mozilla/5.0 (compatible; AhrefsBot/7.0; +http://ahrefs.com/robot/)" "nicolesconiers.com"
73.210.0.212 - - [17/Feb/2023:08:10:38 -0800] "GET /blog/index.php/2011/07/01/the-beckyville-bookmobile-or-soul-sista-ice-cream-truck/ HTTP/1.1" 200 41455 "-" "Mozilla/5.0 (Windows NT 10.0; WOW64) AppleWebKit/537.36 (KHTML, like Gecko) Chrome/103.0.0.0 Safari/537.36 Vivaldi/5.3.2679.68" "nicolesconiers.com"
64.124.8.55 - - [17/Feb/2023:08:11:25 -0800] "GET /blog/index.php/tag/discounts/ HTTP/1.1" 200 26341 "-" "Mozilla/5.0 (X11; Linux x86_64) AppleWebKit/537.36 (KHTML, like Gecko) Chrome/61.0.3163.79 Safari/537.36" "nicolesconiers.com"
64.124.8.51 - - [17/Feb/2023:08:12:57 -0800] "GET /blog/index.php/tag/sycoraxs-daughters/ HTTP/1.1" 200 26254 "-" "Mozilla/5.0 (X11; Linux x86_64) AppleWebKit/537.36 (KHTML, like Gecko) Chrome/61.0.3163.79 Safari/537.36" "nicolesconiers.com"
73.210.0.212 - - [17/Feb/2023:08:14:15 -0800] "GET /blog/index.php/2011/07/28/the-help-white-women-saviors-and-maids-with-superpowers/ HTTP/1.1" 200 40362 "-" "Mozilla/5.0 (Windows NT 10.0; WOW64) AppleWebKit/537.36 (KHTML, like Gecko) Chrome/103.0.0.0 Safari/537.36 Vivaldi/5.3.2679.68" "nicolesconiers.com"
62.210.215.118 - - [17/Feb/2023:08:14:38 -0800] "GET /blog/index.php/tag/myblock/feed/ HTTP/1.1" 200 8051 "-" "Mozilla/5.0 (X11; Linux i686) AppleWebKit/537.36 (KHTML, like Gecko) Chrome/30.0.1599.66 Safari/537.36" "nicolesconiers.com"
64.124.8.55 - - [17/Feb/2023:08:15:09 -0800] "GET /blog/index.php/tag/dayjob/ HTTP/1.1" 200 26484 "-" "Mozilla/5.0 (X11; Linux x86_64) AppleWebKit/537.36 (KHTML, like Gecko) Chrome/61.0.3163.79 Safari/537.36" "nicolesconiers.com"
52.167.144.78 - - [17/Feb/2023:08:16:31 -0800] "GET / HTTP/1.1" 200 20039 "-" "Mozilla/5.0 AppleWebKit/537.36 (KHTML, like Gecko; compatible; bingbot/2.0; +http://www.bing.com/bingbot.htm) Chrome/103.0.5060.134 Safari/537.36" "www.nicolesconiers.com"
172.173.190.165 - - [17/Feb/2023:08:16:51 -0800] "GET /july-9.html HTTP/1.1" 200 18278 "-" "Mozilla/5.0 (Windows NT 10.0; Win64; x64) AppleWebKit/537.36 (KHTML, like Gecko) Chrome/86.0.4240.75 Safari/537.36" "www.nicolesconiers.com"
52.167.144.78 - - [17/Feb/2023:08:20:31 -0800] "GET /blog/wp-content/uploads/2011/07/Discouragement-pic.jpg HTTP/1.1" 200 79834 "-" "Mozilla/5.0 AppleWebKit/537.36 (KHTML, like Gecko; compatible; bingbot/2.0; +http://www.bing.com/bingbot.htm) Chrome/103.0.5060.134 Safari/537.36" "nicolesconiers.com"
62.210.215.118 - - [17/Feb/2023:08:26:12 -0800] "GET /blog/index.php/tag/writing/feed/ HTTP/1.1" 200 57603 "-" "Mozilla/5.0 (X11; Linux i686) AppleWebKit/537.36 (KHTML, like Gecko) Chrome/30.0.1599.66 Safari/537.36" "nicolesconiers.com"
64.124.8.55 - - [17/Feb/2023:08:26:25 -0800] "GET /blog/index.php/tag/onyx-con/ HTTP/1.1" 200 27084 "-" "Mozilla/5.0 (X11; Linux x86_64) AppleWebKit/537.36 (KHTML, like Gecko) Chrome/61.0.3163.79 Safari/537.36" "nicolesconiers.com"
64.124.8.55 - - [17/Feb/2023:08:26:45 -0800] "GET /blog/index.php/2011/06/14/a-free-woman/ HTTP/1.1" 200 35204 "-" "Mozilla/5.0 (X11; Linux x86_64) AppleWebKit/537.36 (KHTML, like Gecko) Chrome/61.0.3163.79 Safari/537.36" "nicolesconiers.com"
64.124.8.55 - - [17/Feb/2023:08:33:06 -0800] "GET /blog/index.php/2011/07/28/the-help-white-women-saviors-and-maids-with-superpowers/ HTTP/1.1" 200 40408 "-" "Mozilla/5.0 (X11; Linux x86_64) AppleWebKit/537.36 (KHTML, like Gecko) Chrome/61.0.3163.79 Safari/537.36" "nicolesconiers.com"
64.124.8.55 - - [17/Feb/2023:08:40:36 -0800] "GET /blog/index.php/tag/ava-duvernay/feed/ HTTP/1.1" 304 - "-" "Mozilla/5.0 (X11; Linux x86_64) AppleWebKit/537.36 (KHTML, like Gecko) Chrome/61.0.3163.79 Safari/537.36" "nicolesconiers.com"
72.14.199.167 - - [17/Feb/2023:08:42:57 -0800] "GET /blog/index.php/feed/ HTTP/1.1" 200 55714 "-" "FeedFetcher-Google; (+http://www.google.com/feedfetcher.html)" "nicolesconiers.com"
64.124.8.55 - - [17/Feb/2023:08:46:29 -0800] "GET /blog/index.php/2011/06/page/2/ HTTP/1.1" 200 38460 "-" "Mozilla/5.0 (X11; Linux x86_64) AppleWebKit/537.36 (KHTML, like Gecko) Chrome/61.0.3163.79 Safari/537.36" "nicolesconiers.com"
95.108.213.180 - - [17/Feb/2023:08:52:35 -0800] "GET /blog/index.php/2012/01/16/what-is-the-state-of-black-science-fiction-2012/ HTTP/1.1" 200 43571 "-" "Mozilla/5.0 (compatible; YandexBot/3.0; +http://yandex.com/bots)" "nicolesconiers.com"
62.210.215.118 - - [17/Feb/2023:09:15:39 -0800] "GET /blog/index.php/tag/afrofuturism/feed/ HTTP/1.1" 200 29951 "-" "Mozilla/5.0 (X11; Linux i686) AppleWebKit/537.36 (KHTML, like Gecko) Chrome/30.0.1599.66 Safari/537.36" "nicolesconiers.com"
72.14.199.167 - - [17/Feb/2023:09:22:58 -0800] "GET /blog/index.php/feed/ HTTP/1.1" 200 55714 "-" "FeedFetcher-Google; (+http://www.google.com/feedfetcher.html)" "nicolesconiers.com"
73.210.0.212 - - [17/Feb/2023:09:28:08 -0800] "GET /blog/index.php/2011/07/28/the-help-white-women-saviors-and-maids-with-superpowers/ HTTP/1.1" 200 40362 "-" "Mozilla/5.0 (Windows NT 10.0; WOW64) AppleWebKit/537.36 (KHTML, like Gecko) Chrome/103.0.0.0 Safari/537.36 Vivaldi/5.3.2679.68" "nicolesconiers.com"
117.160.250.138 - - [17/Feb/2023:09:39:19 -0800] "GET /blog/index.php/2011/07/01/the-beckyville-bookmobile-or-soul-sista-ice-cream-truck/ HTTP/1.1" 200 41455 "-" "Mozilla/5.0 (Windows NT 10.0; WOW64) AppleWebKit/537.36 (KHTML, like Gecko) Chrome/103.0.0.0 Safari/537.36 Vivaldi/5.3.2679.68" "nicolesconiers.com"
43.130.122.222 - - [17/Feb/2023:09:41:23 -0800] "GET /blog/index.php/tag/franchesca-ramsey/ HTTP/1.1" 200 27299 "-" "Mozilla/5.0 (Macintosh; Intel Mac OS X 10_15_7) AppleWebKit/537.36 (KHTML, like Gecko) Chrome/108.0.0.0 Safari/537.36" "nicolesconiers.com"
43.130.122.222 - - [17/Feb/2023:09:41:24 -0800] "GET /blog/wp-content/themes/pilcrow/style.css HTTP/1.1" 200 4202 "http://nicolesconiers.com/blog/tag/franchesca-ramsey/" "Mozilla/5.0 (Macintosh; Intel Mac OS X 10_15_7) AppleWebKit/537.36 (KHTML, like Gecko) Chrome/108.0.0.0 Safari/537.36" "nicolesconiers.com"
43.130.122.222 - - [17/Feb/2023:09:41:24 -0800] "GET /blog/wp-content/plugins/wp-polls/polls-css.css?ver=2.50 HTTP/1.1" 200 738 "http://nicolesconiers.com/blog/tag/franchesca-ramsey/" "Mozilla/5.0 (Macintosh; Intel Mac OS X 10_15_7) AppleWebKit/537.36 (KHTML, like Gecko) Chrome/108.0.0.0 Safari/537.36" "nicolesconiers.com"
43.130.122.222 - - [17/Feb/2023:09:41:24 -0800] "GET /blog/wp-includes/js/jquery/jquery.js?ver=1.4.2 HTTP/1.1" 200 24618 "http://nicolesconiers.com/blog/tag/franchesca-ramsey/" "Mozilla/5.0 (Macintosh; Intel Mac OS X 10_15_7) AppleWebKit/537.36 (KHTML, like Gecko) Chrome/108.0.0.0 Safari/537.36" "nicolesconiers.com"
43.130.122.222 - - [17/Feb/2023:09:41:25 -0800] "GET /blog/wp-content/uploads/2011/06/cropped-Wordpress-header.jpg HTTP/1.1" 200 52813 "http://nicolesconiers.com/blog/tag/franchesca-ramsey/" "Mozilla/5.0 (Macintosh; Intel Mac OS X 10_15_7) AppleWebKit/537.36 (KHTML, like Gecko) Chrome/108.0.0.0 Safari/537.36" "nicolesconiers.com"
43.130.122.222 - - [17/Feb/2023:09:41:25 -0800] "GET /blog/wp-content/themes/pilcrow/images/icons/bubble.png HTTP/1.1" 200 446 "http://nicolesconiers.com/blog/wp-content/themes/pilcrow/style.css" "Mozilla/5.0 (Macintosh; Intel Mac OS X 10_15_7) AppleWebKit/537.36 (KHTML, like Gecko) Chrome/108.0.0.0 Safari/537.36" "nicolesconiers.com"
43.130.122.222 - - [17/Feb/2023:09:41:25 -0800] "GET /blog/wp-content/themes/pilcrow/images/icons/cabinet.png HTTP/1.1" 200 445 "http://nicolesconiers.com/blog/wp-content/themes/pilcrow/style.css" "Mozilla/5.0 (Macintosh; Intel Mac OS X 10_15_7) AppleWebKit/537.36 (KHTML, like Gecko) Chrome/108.0.0.0 Safari/537.36" "nicolesconiers.com"
43.130.122.222 - - [17/Feb/2023:09:41:25 -0800] "GET /blog/wp-content/plugins/wp-polls/polls-js.js?ver=2.50 HTTP/1.1" 200 644 "http://nicolesconiers.com/blog/tag/franchesca-ramsey/" "Mozilla/5.0 (Macintosh; Intel Mac OS X 10_15_7) AppleWebKit/537.36 (KHTML, like Gecko) Chrome/108.0.0.0 Safari/537.36" "nicolesconiers.com"
43.130.122.222 - - [17/Feb/2023:09:41:25 -0800] "GET /blog/wp-content/plugins/wordpress-hit-counter/styles/Digital/pdp/5.gif HTTP/1.1" 200 81 "http://nicolesconiers.com/blog/tag/franchesca-ramsey/" "Mozilla/5.0 (Macintosh; Intel Mac OS X 10_15_7) AppleWebKit/537.36 (KHTML, like Gecko) Chrome/108.0.0.0 Safari/537.36" "nicolesconiers.com"
43.130.122.222 - - [17/Feb/2023:09:41:25 -0800] "GET /blog/wp-content/plugins/wordpress-hit-counter/styles/Digital/pdp/8.gif HTTP/1.1" 200 89 "http://nicolesconiers.com/blog/tag/franchesca-ramsey/" "Mozilla/5.0 (Macintosh; Intel Mac OS X 10_15_7) AppleWebKit/537.36 (KHTML, like Gecko) Chrome/108.0.0.0 Safari/537.36" "nicolesconiers.com"
43.130.122.222 - - [17/Feb/2023:09:41:25 -0800] "GET /blog/wp-content/plugins/wordpress-hit-counter/styles/Digital/pdp/1.gif HTTP/1.1" 200 68 "http://nicolesconiers.com/blog/tag/franchesca-ramsey/" "Mozilla/5.0 (Macintosh; Intel Mac OS X 10_15_7) AppleWebKit/537.36 (KHTML, like Gecko) Chrome/108.0.0.0 Safari/537.36" "nicolesconiers.com"
43.130.122.222 - - [17/Feb/2023:09:41:26 -0800] "GET /blog/wp-content/plugins/wordpress-hit-counter/styles/Digital/pdp/3.gif HTTP/1.1" 200 81 "http://nicolesconiers.com/blog/tag/franchesca-ramsey/" "Mozilla/5.0 (Macintosh; Intel Mac OS X 10_15_7) AppleWebKit/537.36 (KHTML, like Gecko) Chrome/108.0.0.0 Safari/537.36" "nicolesconiers.com"
43.130.122.222 - - [17/Feb/2023:09:41:26 -0800] "GET /blog/wp-content/plugins/wordpress-hit-counter/styles/Digital/pdp/6.gif HTTP/1.1" 200 82 "http://nicolesconiers.com/blog/tag/franchesca-ramsey/" "Mozilla/5.0 (Macintosh; Intel Mac OS X 10_15_7) AppleWebKit/537.36 (KHTML, like Gecko) Chrome/108.0.0.0 Safari/537.36" "nicolesconiers.com"
43.130.122.222 - - [17/Feb/2023:09:41:26 -0800] "GET /blog/wp-content/plugins/wordpress-hit-counter/styles/Digital/pdp/7.gif HTTP/1.1" 200 74 "http://nicolesconiers.com/blog/tag/franchesca-ramsey/" "Mozilla/5.0 (Macintosh; Intel Mac OS X 10_15_7) AppleWebKit/537.36 (KHTML, like Gecko) Chrome/108.0.0.0 Safari/537.36" "nicolesconiers.com"
43.130.122.222 - - [17/Feb/2023:09:41:31 -0800] "GET /blog/index.php/tag/dreams/ HTTP/1.1" 200 40048 "-" "Mozilla/5.0 (Macintosh; Intel Mac OS X 10_15_7) AppleWebKit/537.36 (KHTML, like Gecko) Chrome/108.0.0.0 Safari/537.36" "nicolesconiers.com"
43.130.122.222 - - [17/Feb/2023:09:41:32 -0800] "GET /blog/index.php/tag/travel/ HTTP/1.1" 200 40216 "-" "Mozilla/5.0 (Macintosh; Intel Mac OS X 10_15_7) AppleWebKit/537.36 (KHTML, like Gecko) Chrome/108.0.0.0 Safari/537.36" "nicolesconiers.com"
43.130.122.222 - - [17/Feb/2023:09:41:34 -0800] "GET /blog/wp-content/plugins/wordpress-hit-counter/styles/Digital/pdp/9.gif HTTP/1.1" 200 85 "http://nicolesconiers.com/blog/tag/travel/" "Mozilla/5.0 (Macintosh; Intel Mac OS X 10_15_7) AppleWebKit/537.36 (KHTML, like Gecko) Chrome/108.0.0.0 Safari/537.36" "nicolesconiers.com"
43.130.122.222 - - [17/Feb/2023:09:41:35 -0800] "GET /blog/index.php/2012/02/20/the-state-of-black-sci-fi-2012-my-tribute-to-afrofuturist-betye-saar/ HTTP/1.1" 200 46898 "-" "Mozilla/5.0 (Macintosh; Intel Mac OS X 10_15_7) AppleWebKit/537.36 (KHTML, like Gecko) Chrome/108.0.0.0 Safari/537.36" "nicolesconiers.com"
43.130.122.222 - - [17/Feb/2023:09:41:36 -0800] "GET /blog/wp-includes/js/comment-reply.js?ver=20090102 HTTP/1.1" 200 412 "http://nicolesconiers.com/blog/2012/02/20/the-state-of-black-sci-fi-2012-my-tribute-to-afrofuturist-betye-saar/" "Mozilla/5.0 (Macintosh; Intel Mac OS X 10_15_7) AppleWebKit/537.36 (KHTML, like Gecko) Chrome/108.0.0.0 Safari/537.36" "nicolesconiers.com"
43.130.122.222 - - [17/Feb/2023:09:41:36 -0800] "GET /blog/wp-content/uploads/2012/02/Black-Girls-Window-Saar-157x300.gif HTTP/1.1" 200 31366 "http://nicolesconiers.com/blog/2012/02/20/the-state-of-black-sci-fi-2012-my-tribute-to-afrofuturist-betye-saar/" "Mozilla/5.0 (Macintosh; Intel Mac OS X 10_15_7) AppleWebKit/537.36 (KHTML, like Gecko) Chrome/108.0.0.0 Safari/537.36" "nicolesconiers.com"
43.130.122.222 - - [17/Feb/2023:09:41:36 -0800] "GET /blog/wp-content/uploads/2012/02/Blog-Betye-Saar-300x285.jpg HTTP/1.1" 200 26092 "http://nicolesconiers.com/blog/2012/02/20/the-state-of-black-sci-fi-2012-my-tribute-to-afrofuturist-betye-saar/" "Mozilla/5.0 (Macintosh; Intel Mac OS X 10_15_7) AppleWebKit/537.36 (KHTML, like Gecko) Chrome/108.0.0.0 Safari/537.36" "nicolesconiers.com"
43.130.122.222 - - [17/Feb/2023:09:41:36 -0800] "GET /blog/wp-content/uploads/2012/02/Eruption-logo.jpg HTTP/1.1" 200 42946 "http://nicolesconiers.com/blog/2012/02/20/the-state-of-black-sci-fi-2012-my-tribute-to-afrofuturist-betye-saar/" "Mozilla/5.0 (Macintosh; Intel Mac OS X 10_15_7) AppleWebKit/537.36 (KHTML, like Gecko) Chrome/108.0.0.0 Safari/537.36" "nicolesconiers.com"
43.130.122.222 - - [17/Feb/2023:09:41:36 -0800] "GET /blog/wp-content/uploads/2012/02/Blog-Aunt-Jemima-Saar-200x300.jpg HTTP/1.1" 200 24745 "http://nicolesconiers.com/blog/2012/02/20/the-state-of-black-sci-fi-2012-my-tribute-to-afrofuturist-betye-saar/" "Mozilla/5.0 (Macintosh; Intel Mac OS X 10_15_7) AppleWebKit/537.36 (KHTML, like Gecko) Chrome/108.0.0.0 Safari/537.36" "nicolesconiers.com"
43.130.122.222 - - [17/Feb/2023:09:41:36 -0800] "GET /blog/wp-content/plugins/wordpress-hit-counter/styles/Digital/pdp/0.gif HTTP/1.1" 200 86 "http://nicolesconiers.com/blog/2012/02/20/the-state-of-black-sci-fi-2012-my-tribute-to-afrofuturist-betye-saar/" "Mozilla/5.0 (Macintosh; Intel Mac OS X 10_15_7) AppleWebKit/537.36 (KHTML, like Gecko) Chrome/108.0.0.0 Safari/537.36" "nicolesconiers.com"
43.130.122.222 - - [17/Feb/2023:09:41:36 -0800] "GET /blog/wp-content/plugins/wordpress-hit-counter/styles/Digital/pdp/4.gif HTTP/1.1" 200 80 "http://nicolesconiers.com/blog/2012/02/20/the-state-of-black-sci-fi-2012-my-tribute-to-afrofuturist-betye-saar/" "Mozilla/5.0 (Macintosh; Intel Mac OS X 10_15_7) AppleWebKit/537.36 (KHTML, like Gecko) Chrome/108.0.0.0 Safari/537.36" "nicolesconiers.com"
43.130.122.222 - - [17/Feb/2023:09:41:39 -0800] "GET /blog/index.php/tag/the-help/ HTTP/1.1" 200 30349 "-" "Mozilla/5.0 (Macintosh; Intel Mac OS X 10_15_7) AppleWebKit/537.36 (KHTML, like Gecko) Chrome/108.0.0.0 Safari/537.36" "nicolesconiers.com"
43.130.122.222 - - [17/Feb/2023:09:41:43 -0800] "GET /blog/index.php/about/ HTTP/1.1" 200 27607 "-" "Mozilla/5.0 (Macintosh; Intel Mac OS X 10_15_7) AppleWebKit/537.36 (KHTML, like Gecko) Chrome/108.0.0.0 Safari/537.36" "nicolesconiers.com"
43.130.122.222 - - [17/Feb/2023:09:41:44 -0800] "GET /blog/wp-content/uploads/2011/06/Nik-Love-224x300.jpg HTTP/1.1" 200 16767 "http://nicolesconiers.com/blog/about/" "Mozilla/5.0 (Macintosh; Intel Mac OS X 10_15_7) AppleWebKit/537.36 (KHTML, like Gecko) Chrome/108.0.0.0 Safari/537.36" "nicolesconiers.com"
43.130.122.222 - - [17/Feb/2023:09:41:45 -0800] "GET /blog/wp-content/plugins/wordpress-hit-counter/styles/Digital/pdp/2.gif HTTP/1.1" 200 80 "http://nicolesconiers.com/blog/about/" "Mozilla/5.0 (Macintosh; Intel Mac OS X 10_15_7) AppleWebKit/537.36 (KHTML, like Gecko) Chrome/108.0.0.0 Safari/537.36" "nicolesconiers.com"
43.130.122.222 - - [17/Feb/2023:09:41:51 -0800] "GET /blog/ HTTP/1.1" 200 153350 "-" "Mozilla/5.0 (Macintosh; Intel Mac OS X 10_15_7) AppleWebKit/537.36 (KHTML, like Gecko) Chrome/108.0.0.0 Safari/537.36" "nicolesconiers.com"
43.130.122.222 - - [17/Feb/2023:09:41:53 -0800] "GET /blog/wp-content/uploads/2017/04/Sycorax-199x300.jpg HTTP/1.1" 200 28394 "http://nicolesconiers.com/blog/" "Mozilla/5.0 (Macintosh; Intel Mac OS X 10_15_7) AppleWebKit/537.36 (KHTML, like Gecko) Chrome/108.0.0.0 Safari/537.36" "nicolesconiers.com"
43.130.122.222 - - [17/Feb/2023:09:41:53 -0800] "GET /blog/wp-content/uploads/2012/03/Homepage-EFB.jpg HTTP/1.1" 200 191841 "http://nicolesconiers.com/blog/" "Mozilla/5.0 (Macintosh; Intel Mac OS X 10_15_7) AppleWebKit/537.36 (KHTML, like Gecko) Chrome/108.0.0.0 Safari/537.36" "nicolesconiers.com"
43.130.122.222 - - [17/Feb/2023:09:41:53 -0800] "GET /blog/wp-content/uploads/2012/03/Hunted-259x300.jpg HTTP/1.1" 200 13412 "http://nicolesconiers.com/blog/" "Mozilla/5.0 (Macintosh; Intel Mac OS X 10_15_7) AppleWebKit/537.36 (KHTML, like Gecko) Chrome/108.0.0.0 Safari/537.36" "nicolesconiers.com"
43.130.122.222 - - [17/Feb/2023:09:41:53 -0800] "GET /blog/wp-content/uploads/2012/03/The-Killing-300x175.jpg HTTP/1.1" 200 14600 "http://nicolesconiers.com/blog/" "Mozilla/5.0 (Macintosh; Intel Mac OS X 10_15_7) AppleWebKit/537.36 (KHTML, like Gecko) Chrome/108.0.0.0 Safari/537.36" "nicolesconiers.com"
43.130.122.222 - - [17/Feb/2023:09:41:53 -0800] "GET /blog/wp-content/uploads/2011/12/BFF-blog.jpg HTTP/1.1" 200 124069 "http://nicolesconiers.com/blog/" "Mozilla/5.0 (Macintosh; Intel Mac OS X 10_15_7) AppleWebKit/537.36 (KHTML, like Gecko) Chrome/108.0.0.0 Safari/537.36" "nicolesconiers.com"
43.130.122.222 - - [17/Feb/2023:09:41:53 -0800] "GET /blog/wp-content/uploads/2011/12/Beckyville-Article.jpg HTTP/1.1" 200 39318 "http://nicolesconiers.com/blog/" "Mozilla/5.0 (Macintosh; Intel Mac OS X 10_15_7) AppleWebKit/537.36 (KHTML, like Gecko) Chrome/108.0.0.0 Safari/537.36" "nicolesconiers.com"
43.130.122.222 - - [17/Feb/2023:09:41:53 -0800] "GET /blog/wp-content/uploads/2011/12/golden-woman-207x300.jpg HTTP/1.1" 200 15742 "http://nicolesconiers.com/blog/" "Mozilla/5.0 (Macintosh; Intel Mac OS X 10_15_7) AppleWebKit/537.36 (KHTML, like Gecko) Chrome/108.0.0.0 Safari/537.36" "nicolesconiers.com"
43.130.122.222 - - [17/Feb/2023:09:41:53 -0800] "GET /blog/wp-content/uploads/2012/01/Lola1-300x226.jpg HTTP/1.1" 200 30278 "http://nicolesconiers.com/blog/" "Mozilla/5.0 (Macintosh; Intel Mac OS X 10_15_7) AppleWebKit/537.36 (KHTML, like Gecko) Chrome/108.0.0.0 Safari/537.36" "nicolesconiers.com"
43.130.122.222 - - [17/Feb/2023:09:41:53 -0800] "GET /blog/wp-content/uploads/2012/01/Women-reading-EFB1.jpg HTTP/1.1" 200 99495 "http://nicolesconiers.com/blog/" "Mozilla/5.0 (Macintosh; Intel Mac OS X 10_15_7) AppleWebKit/537.36 (KHTML, like Gecko) Chrome/108.0.0.0 Safari/537.36" "nicolesconiers.com"
43.130.122.222 - - [17/Feb/2023:09:41:53 -0800] "GET /blog/wp-content/uploads/2012/01/State-of-Black-SF-Logo-2012-300x261.jpg HTTP/1.1" 200 19198 "http://nicolesconiers.com/blog/" "Mozilla/5.0 (Macintosh; Intel Mac OS X 10_15_7) AppleWebKit/537.36 (KHTML, like Gecko) Chrome/108.0.0.0 Safari/537.36" "nicolesconiers.com"
43.130.122.222 - - [17/Feb/2023:09:41:53 -0800] "GET /blog/wp-content/uploads/2012/01/Dreamsblog.jpg HTTP/1.1" 200 87428 "http://nicolesconiers.com/blog/" "Mozilla/5.0 (Macintosh; Intel Mac OS X 10_15_7) AppleWebKit/537.36 (KHTML, like Gecko) Chrome/108.0.0.0 Safari/537.36" "nicolesconiers.com"
43.130.122.222 - - [17/Feb/2023:09:41:54 -0800] "GET /blog/wp-content/uploads/2012/01/fireman-300x276.jpg HTTP/1.1" 200 29871 "http://nicolesconiers.com/blog/" "Mozilla/5.0 (Macintosh; Intel Mac OS X 10_15_7) AppleWebKit/537.36 (KHTML, like Gecko) Chrome/108.0.0.0 Safari/537.36" "nicolesconiers.com"
43.130.122.222 - - [17/Feb/2023:09:41:53 -0800] "GET /blog/index.php/2012/02/22/speaking-from-my-scars-advice-to-rihanna-from-an-abuse-survivor/ HTTP/1.1" 200 32552 "-" "Mozilla/5.0 (Macintosh; Intel Mac OS X 10_15_7) AppleWebKit/537.36 (KHTML, like Gecko) Chrome/108.0.0.0 Safari/537.36" "nicolesconiers.com"
43.130.122.222 - - [17/Feb/2023:09:41:54 -0800] "GET /blog/wp-content/uploads/2012/02/new-logo-218x300.jpg HTTP/1.1" 200 14346 "http://nicolesconiers.com/blog/" "Mozilla/5.0 (Macintosh; Intel Mac OS X 10_15_7) AppleWebKit/537.36 (KHTML, like Gecko) Chrome/108.0.0.0 Safari/537.36" "nicolesconiers.com"
43.130.122.222 - - [17/Feb/2023:09:41:54 -0800] "GET /blog/wp-content/themes/pilcrow/style.css HTTP/1.1" 200 4202 "https://nicolesconiers.com/blog/2012/02/22/speaking-from-my-scars-advice-to-rihanna-from-an-abuse-survivor/" "Mozilla/5.0 (Macintosh; Intel Mac OS X 10_15_7) AppleWebKit/537.36 (KHTML, like Gecko) Chrome/108.0.0.0 Safari/537.36" "nicolesconiers.com"
43.130.122.222 - - [17/Feb/2023:09:41:54 -0800] "GET /blog/wp-includes/js/comment-reply.js?ver=20090102 HTTP/1.1" 200 412 "https://nicolesconiers.com/blog/2012/02/22/speaking-from-my-scars-advice-to-rihanna-from-an-abuse-survivor/" "Mozilla/5.0 (Macintosh; Intel Mac OS X 10_15_7) AppleWebKit/537.36 (KHTML, like Gecko) Chrome/108.0.0.0 Safari/537.36" "nicolesconiers.com"
43.130.122.222 - - [17/Feb/2023:09:41:54 -0800] "GET /blog/wp-content/plugins/wp-polls/polls-css.css?ver=2.50 HTTP/1.1" 200 738 "https://nicolesconiers.com/blog/2012/02/22/speaking-from-my-scars-advice-to-rihanna-from-an-abuse-survivor/" "Mozilla/5.0 (Macintosh; Intel Mac OS X 10_15_7) AppleWebKit/537.36 (KHTML, like Gecko) Chrome/108.0.0.0 Safari/537.36" "nicolesconiers.com"
43.130.122.222 - - [17/Feb/2023:09:41:54 -0800] "GET /blog/wp-includes/js/jquery/jquery.js?ver=1.4.2 HTTP/1.1" 200 24618 "https://nicolesconiers.com/blog/2012/02/22/speaking-from-my-scars-advice-to-rihanna-from-an-abuse-survivor/" "Mozilla/5.0 (Macintosh; Intel Mac OS X 10_15_7) AppleWebKit/537.36 (KHTML, like Gecko) Chrome/108.0.0.0 Safari/537.36" "nicolesconiers.com"
43.130.122.222 - - [17/Feb/2023:09:41:54 -0800] "GET /blog/wp-content/uploads/2012/02/Whitney.jpg HTTP/1.1" 200 39451 "http://nicolesconiers.com/blog/" "Mozilla/5.0 (Macintosh; Intel Mac OS X 10_15_7) AppleWebKit/537.36 (KHTML, like Gecko) Chrome/108.0.0.0 Safari/537.36" "nicolesconiers.com"
43.130.122.222 - - [17/Feb/2023:09:41:54 -0800] "GET /blog/wp-content/plugins/wp-polls/polls-js.js?ver=2.50 HTTP/1.1" 200 644 "https://nicolesconiers.com/blog/2012/02/22/speaking-from-my-scars-advice-to-rihanna-from-an-abuse-survivor/" "Mozilla/5.0 (Macintosh; Intel Mac OS X 10_15_7) AppleWebKit/537.36 (KHTML, like Gecko) Chrome/108.0.0.0 Safari/537.36" "nicolesconiers.com"
43.130.122.222 - - [17/Feb/2023:09:41:54 -0800] "GET /blog/wp-content/uploads/2011/06/cropped-Wordpress-header.jpg HTTP/1.1" 200 52813 "https://nicolesconiers.com/blog/2012/02/22/speaking-from-my-scars-advice-to-rihanna-from-an-abuse-survivor/" "Mozilla/5.0 (Macintosh; Intel Mac OS X 10_15_7) AppleWebKit/537.36 (KHTML, like Gecko) Chrome/108.0.0.0 Safari/537.36" "nicolesconiers.com"
43.130.122.222 - - [17/Feb/2023:09:41:54 -0800] "GET /blog/wp-content/uploads/2012/02/Rihanna-300x200.jpg HTTP/1.1" 200 13212 "https://nicolesconiers.com/blog/2012/02/22/speaking-from-my-scars-advice-to-rihanna-from-an-abuse-survivor/" "Mozilla/5.0 (Macintosh; Intel Mac OS X 10_15_7) AppleWebKit/537.36 (KHTML, like Gecko) Chrome/108.0.0.0 Safari/537.36" "nicolesconiers.com"
43.130.122.222 - - [17/Feb/2023:09:41:54 -0800] "GET /blog/wp-content/plugins/wordpress-hit-counter/styles/Digital/pdp/5.gif HTTP/1.1" 200 81 "https://nicolesconiers.com/blog/2012/02/22/speaking-from-my-scars-advice-to-rihanna-from-an-abuse-survivor/" "Mozilla/5.0 (Macintosh; Intel Mac OS X 10_15_7) AppleWebKit/537.36 (KHTML, like Gecko) Chrome/108.0.0.0 Safari/537.36" "nicolesconiers.com"
43.130.122.222 - - [17/Feb/2023:09:41:54 -0800] "GET /blog/wp-content/plugins/wordpress-hit-counter/styles/Digital/pdp/4.gif HTTP/1.1" 200 80 "https://nicolesconiers.com/blog/2012/02/22/speaking-from-my-scars-advice-to-rihanna-from-an-abuse-survivor/" "Mozilla/5.0 (Macintosh; Intel Mac OS X 10_15_7) AppleWebKit/537.36 (KHTML, like Gecko) Chrome/108.0.0.0 Safari/537.36" "nicolesconiers.com"
43.130.122.222 - - [17/Feb/2023:09:41:54 -0800] "GET /blog/wp-content/plugins/wordpress-hit-counter/styles/Digital/pdp/8.gif HTTP/1.1" 200 89 "https://nicolesconiers.com/blog/2012/02/22/speaking-from-my-scars-advice-to-rihanna-from-an-abuse-survivor/" "Mozilla/5.0 (Macintosh; Intel Mac OS X 10_15_7) AppleWebKit/537.36 (KHTML, like Gecko) Chrome/108.0.0.0 Safari/537.36" "nicolesconiers.com"
43.130.122.222 - - [17/Feb/2023:09:41:54 -0800] "GET /blog/wp-content/plugins/wordpress-hit-counter/styles/Digital/pdp/1.gif HTTP/1.1" 200 68 "https://nicolesconiers.com/blog/2012/02/22/speaking-from-my-scars-advice-to-rihanna-from-an-abuse-survivor/" "Mozilla/5.0 (Macintosh; Intel Mac OS X 10_15_7) AppleWebKit/537.36 (KHTML, like Gecko) Chrome/108.0.0.0 Safari/537.36" "nicolesconiers.com"
43.130.122.222 - - [17/Feb/2023:09:41:54 -0800] "GET /blog/wp-content/plugins/wordpress-hit-counter/styles/Digital/pdp/6.gif HTTP/1.1" 200 82 "https://nicolesconiers.com/blog/2012/02/22/speaking-from-my-scars-advice-to-rihanna-from-an-abuse-survivor/" "Mozilla/5.0 (Macintosh; Intel Mac OS X 10_15_7) AppleWebKit/537.36 (KHTML, like Gecko) Chrome/108.0.0.0 Safari/537.36" "nicolesconiers.com"
43.130.122.222 - - [17/Feb/2023:09:41:54 -0800] "GET /blog/wp-content/themes/pilcrow/images/icons/bubble.png HTTP/1.1" 200 446 "https://nicolesconiers.com/blog/wp-content/themes/pilcrow/style.css" "Mozilla/5.0 (Macintosh; Intel Mac OS X 10_15_7) AppleWebKit/537.36 (KHTML, like Gecko) Chrome/108.0.0.0 Safari/537.36" "nicolesconiers.com"
43.130.122.222 - - [17/Feb/2023:09:41:54 -0800] "GET /blog/wp-content/themes/pilcrow/images/icons/cabinet.png HTTP/1.1" 200 445 "https://nicolesconiers.com/blog/wp-content/themes/pilcrow/style.css" "Mozilla/5.0 (Macintosh; Intel Mac OS X 10_15_7) AppleWebKit/537.36 (KHTML, like Gecko) Chrome/108.0.0.0 Safari/537.36" "nicolesconiers.com"
43.130.122.222 - - [17/Feb/2023:09:41:55 -0800] "GET /blog/wp-content/uploads/2012/02/EFB-Discount-Cover.jpg HTTP/1.1" 200 111773 "http://nicolesconiers.com/blog/" "Mozilla/5.0 (Macintosh; Intel Mac OS X 10_15_7) AppleWebKit/537.36 (KHTML, like Gecko) Chrome/108.0.0.0 Safari/537.36" "nicolesconiers.com"
43.130.122.222 - - [17/Feb/2023:09:41:55 -0800] "GET /blog/wp-content/uploads/2012/02/black_scifi_logo_4-300x214.jpg HTTP/1.1" 200 26775 "http://nicolesconiers.com/blog/" "Mozilla/5.0 (Macintosh; Intel Mac OS X 10_15_7) AppleWebKit/537.36 (KHTML, like Gecko) Chrome/108.0.0.0 Safari/537.36" "nicolesconiers.com"
43.130.122.222 - - [17/Feb/2023:09:41:55 -0800] "GET /blog/index.php/tag/crime/ HTTP/1.1" 200 27047 "-" "Mozilla/5.0 (Macintosh; Intel Mac OS X 10_15_7) AppleWebKit/537.36 (KHTML, like Gecko) Chrome/108.0.0.0 Safari/537.36" "nicolesconiers.com"
43.130.122.222 - - [17/Feb/2023:09:41:56 -0800] "GET /blog/wp-content/uploads/2012/02/Rihanna-300x200.jpg HTTP/1.1" 200 13212 "http://nicolesconiers.com/blog/" "Mozilla/5.0 (Macintosh; Intel Mac OS X 10_15_7) AppleWebKit/537.36 (KHTML, like Gecko) Chrome/108.0.0.0 Safari/537.36" "nicolesconiers.com"
43.130.122.222 - - [17/Feb/2023:09:41:56 -0800] "GET /blog/wp-content/uploads/2012/02/Final-logo.jpg HTTP/1.1" 200 75437 "http://nicolesconiers.com/blog/" "Mozilla/5.0 (Macintosh; Intel Mac OS X 10_15_7) AppleWebKit/537.36 (KHTML, like Gecko) Chrome/108.0.0.0 Safari/537.36" "nicolesconiers.com"
43.130.122.222 - - [17/Feb/2023:09:41:56 -0800] "GET /blog/wp-content/uploads/2012/03/Alice-Walker.jpg HTTP/1.1" 200 173206 "http://nicolesconiers.com/blog/" "Mozilla/5.0 (Macintosh; Intel Mac OS X 10_15_7) AppleWebKit/537.36 (KHTML, like Gecko) Chrome/108.0.0.0 Safari/537.36" "nicolesconiers.com"
43.130.122.222 - - [17/Feb/2023:09:41:56 -0800] "GET /blog/wp-content/uploads/2012/03/ebook-week-black.jpg HTTP/1.1" 200 32097 "http://nicolesconiers.com/blog/" "Mozilla/5.0 (Macintosh; Intel Mac OS X 10_15_7) AppleWebKit/537.36 (KHTML, like Gecko) Chrome/108.0.0.0 Safari/537.36" "nicolesconiers.com"
43.130.122.222 - - [17/Feb/2023:09:41:56 -0800] "GET /blog/wp-content/uploads/2012/03/Naturally-Beautiful-Panel-and-Hair-Show-2012-300x231.jpg HTTP/1.1" 200 23554 "http://nicolesconiers.com/blog/" "Mozilla/5.0 (Macintosh; Intel Mac OS X 10_15_7) AppleWebKit/537.36 (KHTML, like Gecko) Chrome/108.0.0.0 Safari/537.36" "nicolesconiers.com"
43.130.122.222 - - [17/Feb/2023:09:41:56 -0800] "GET /blog/wp-content/uploads/2012/03/Dreams-blog1.jpg HTTP/1.1" 200 78105 "http://nicolesconiers.com/blog/" "Mozilla/5.0 (Macintosh; Intel Mac OS X 10_15_7) AppleWebKit/537.36 (KHTML, like Gecko) Chrome/108.0.0.0 Safari/537.36" "nicolesconiers.com"
43.130.122.222 - - [17/Feb/2023:09:41:57 -0800] "GET /blog/wp-content/uploads/2012/03/Jamiel-funeral-pic-300x223.gif HTTP/1.1" 200 48044 "http://nicolesconiers.com/blog/" "Mozilla/5.0 (Macintosh; Intel Mac OS X 10_15_7) AppleWebKit/537.36 (KHTML, like Gecko) Chrome/108.0.0.0 Safari/537.36" "nicolesconiers.com"
162.255.182.218 - - [17/Feb/2023:09:42:39 -0800] "GET / HTTP/1.1" 200 20039 "-" "Mozilla/5.0 (Macintosh; Intel Mac OS X 10_15_7) AppleWebKit/605.1.15 (KHTML, like Gecko) Version/15.6.1 Safari/605.1.15" "nicolesconiers.com"
185.174.159.245 - - [17/Feb/2023:09:47:38 -0800] "GET / HTTP/1.1" 200 138477 "http://nicolesconiers.com/" "Mozilla/5.0 (Windows NT 6.1; Win64; x64) AppleWebKit/537.36 (KHTML, like Gecko) Chrome/90.0.4430.72 Safari/537.36" "nicolesconiers.com"
185.174.159.245 - - [17/Feb/2023:09:47:40 -0800] "GET /contact.html HTTP/1.1" 200 119504 "http://nicolesconiers.com/contact.html" "Mozilla/5.0 (Windows NT 6.1; Win64; x64) AppleWebKit/537.36 (KHTML, like Gecko) Chrome/90.0.4430.72 Safari/537.36" "nicolesconiers.com"
172.245.229.138 - - [17/Feb/2023:09:49:19 -0800] "GET /blog/index.php/2011/07/28/the-help-white-women-saviors-and-maids-with-superpowers/ HTTP/1.1" 200 40362 "http://nicolesconiers.com/" "Mozilla/5.0 (Windows NT 10.0; Win64; x64) AppleWebKit/537.36 (KHTML, like Gecko) Chrome/103.0.0.0 Safari/537.36 OPR/89.0.4447.51" "nicolesconiers.com"
185.220.101.42 - - [17/Feb/2023:09:53:47 -0800] "GET /blog/index.php/2011/10/17/thedivaofdelay/ HTTP/1.1" 200 37023 "http://nicolesconiers.com/blog/2011/10/17/thedivaofdelay/" "Mozilla/5.0 (Windows NT 6.1; ) AppleWebKit/537.36 (KHTML, like Gecko) Chrome/90.0.4430.85 Safari/537.36" "nicolesconiers.com"
185.220.101.42 - - [17/Feb/2023:09:53:50 -0800] "POST /blog/wp-comments-post.php HTTP/1.1" 302 - "http://nicolesconiers.com/blog/2011/10/17/thedivaofdelay/" "Mozilla/5.0 (Windows NT 6.1; ) AppleWebKit/537.36 (KHTML, like Gecko) Chrome/90.0.4430.85 Safari/537.36" "nicolesconiers.com"
185.220.101.42 - - [17/Feb/2023:09:53:52 -0800] "GET /blog/index.php/2011/10/17/thedivaofdelay/ HTTP/1.1" 200 37023 "http://nicolesconiers.com/blog/2011/10/17/thedivaofdelay/#comment-" "Mozilla/5.0 (Windows NT 6.1; ) AppleWebKit/537.36 (KHTML, like Gecko) Chrome/90.0.4430.85 Safari/537.36" "nicolesconiers.com"
192.42.116.209 - - [17/Feb/2023:09:53:56 -0800] "GET /blog/index.php/2011/10/17/thedivaofdelay/ HTTP/1.1" 200 37023 "http://nicolesconiers.com/blog/2011/10/17/thedivaofdelay/#comment-" "Mozilla/5.0 (Windows NT 6.1; ) AppleWebKit/537.36 (KHTML, like Gecko) Chrome/90.0.4430.85 Safari/537.36" "nicolesconiers.com"
192.42.116.209 - - [17/Feb/2023:09:53:58 -0800] "GET /blog/ HTTP/1.1" 200 153350 "http://nicolesconiers.com/blog/" "Mozilla/5.0 (Windows NT 6.1; ) AppleWebKit/537.36 (KHTML, like Gecko) Chrome/90.0.4430.85 Safari/537.36" "nicolesconiers.com"
64.124.8.25 - - [17/Feb/2023:09:59:40 -0800] "GET /robots.txt HTTP/1.1" 200 44 "-" "Mozilla/5.0 (X11; Linux x86_64) AppleWebKit/537.36 (KHTML, like Gecko) Chrome/61.0.3163.79 Safari/537.36" "nicolesconiers.com"
64.124.8.25 - - [17/Feb/2023:09:59:40 -0800] "GET /blog/index.php/category/featured/page/4/ HTTP/1.1" 200 30380 "-" "Mozilla/5.0 (X11; Linux x86_64) AppleWebKit/537.36 (KHTML, like Gecko) Chrome/61.0.3163.79 Safari/537.36" "nicolesconiers.com"
64.124.8.25 - - [17/Feb/2023:10:12:35 -0800] "GET /blog/index.php/2011/10/26/the-beckyville-chronicles-the-cost-of-cold-calling/ HTTP/1.1" 200 45134 "-" "Mozilla/5.0 (X11; Linux x86_64) AppleWebKit/537.36 (KHTML, like Gecko) Chrome/61.0.3163.79 Safari/537.36" "nicolesconiers.com"
64.124.8.25 - - [17/Feb/2023:10:22:33 -0800] "GET /robots.txt HTTP/1.1" 200 44 "-" "Mozilla/5.0 (X11; Linux x86_64) AppleWebKit/537.36 (KHTML, like Gecko) Chrome/61.0.3163.79 Safari/537.36" "nicolesconiers.com"
64.124.8.25 - - [17/Feb/2023:10:22:33 -0800] "GET /blog/index.php/2011/11/page/2/ HTTP/1.1" 200 26702 "-" "Mozilla/5.0 (X11; Linux x86_64) AppleWebKit/537.36 (KHTML, like Gecko) Chrome/61.0.3163.79 Safari/537.36" "nicolesconiers.com"
64.124.8.25 - - [17/Feb/2023:10:23:44 -0800] "GET /blog/index.php/tag/film/feed/ HTTP/1.1" 200 51805 "-" "Mozilla/5.0 (X11; Linux x86_64) AppleWebKit/537.36 (KHTML, like Gecko) Chrome/61.0.3163.79 Safari/537.36" "nicolesconiers.com"
37.128.245.19 - - [17/Feb/2023:10:25:28 -0800] "GET /blog/index.php/2017/03/20/1098/ HTTP/1.1" 200 30491 "http://nicolesconiers.com/blog/2017/03/20/1098/#comment-/" "Mozilla/5.0 (Windows NT 6.1; WOW64) AppleWebKit/537.36 (KHTML, like Gecko) Chrome/90.0.4430.93 Safari/537.36" "nicolesconiers.com"
37.128.245.19 - - [17/Feb/2023:10:25:32 -0800] "POST /blog/wp-comments-post.php HTTP/1.1" 302 - "http://nicolesconiers.com/blog/2017/03/20/1098/#comment-/" "Mozilla/5.0 (Windows NT 6.1; WOW64) AppleWebKit/537.36 (KHTML, like Gecko) Chrome/90.0.4430.93 Safari/537.36" "nicolesconiers.com"
37.128.245.19 - - [17/Feb/2023:10:25:35 -0800] "GET /blog/index.php/2017/03/20/1098/ HTTP/1.1" 200 30491 "http://nicolesconiers.com/blog/2017/03/20/1098/#comment-" "Mozilla/5.0 (Windows NT 6.1; WOW64) AppleWebKit/537.36 (KHTML, like Gecko) Chrome/90.0.4430.93 Safari/537.36" "nicolesconiers.com"
78.46.174.55 - - [17/Feb/2023:10:38:11 -0800] "GET / HTTP/1.1" 200 20039 "-" "Mozilla/5.0 (compatible; MegaIndex.ru/2.0; +http://megaindex.com/crawler)" "www.nicolesconiers.com"
78.46.174.55 - - [17/Feb/2023:10:38:14 -0800] "GET /robots.txt HTTP/1.1" 200 44 "-" "Mozilla/5.0 (compatible; MegaIndex.ru/2.0; +http://megaindex.com/crawler)" "www.nicolesconiers.com"
78.46.174.55 - - [17/Feb/2023:10:38:15 -0800] "GET /index.html HTTP/1.1" 200 20039 "-" "Mozilla/5.0 (compatible; MegaIndex.ru/2.0; +http://megaindex.com/crawler)" "www.nicolesconiers.com"
78.46.174.55 - - [17/Feb/2023:10:38:22 -0800] "GET /bio.html HTTP/1.1" 200 18999 "-" "Mozilla/5.0 (compatible; MegaIndex.ru/2.0; +http://megaindex.com/crawler)" "www.nicolesconiers.com"
78.46.174.55 - - [17/Feb/2023:10:38:25 -0800] "GET /words.html HTTP/1.1" 200 19199 "-" "Mozilla/5.0 (compatible; MegaIndex.ru/2.0; +http://megaindex.com/crawler)" "www.nicolesconiers.com"
78.46.174.55 - - [17/Feb/2023:10:38:27 -0800] "GET /books.html HTTP/1.1" 200 19979 "-" "Mozilla/5.0 (compatible; MegaIndex.ru/2.0; +http://megaindex.com/crawler)" "www.nicolesconiers.com"
78.46.174.55 - - [17/Feb/2023:10:38:32 -0800] "GET /contact.html HTTP/1.1" 200 18594 "-" "Mozilla/5.0 (compatible; MegaIndex.ru/2.0; +http://megaindex.com/crawler)" "www.nicolesconiers.com"
78.46.174.55 - - [17/Feb/2023:10:38:35 -0800] "GET /blog.html HTTP/1.1" 200 22453 "-" "Mozilla/5.0 (compatible; MegaIndex.ru/2.0; +http://megaindex.com/crawler)" "www.nicolesconiers.com"
78.46.174.55 - - [17/Feb/2023:10:38:38 -0800] "GET /vbid-e901baf2-3uksua9y HTTP/1.1" 404 88 "-" "Mozilla/5.0 (compatible; MegaIndex.ru/2.0; +http://megaindex.com/crawler)" "www.nicolesconiers.com"
78.46.174.55 - - [17/Feb/2023:10:38:42 -0800] "GET /vbid-e901baf2-nqlngd3a HTTP/1.1" 404 88 "-" "Mozilla/5.0 (compatible; MegaIndex.ru/2.0; +http://megaindex.com/crawler)" "www.nicolesconiers.com"
78.46.174.55 - - [17/Feb/2023:10:38:44 -0800] "GET /vbid-8d2a887e-czibec9g HTTP/1.1" 404 88 "-" "Mozilla/5.0 (compatible; MegaIndex.ru/2.0; +http://megaindex.com/crawler)" "www.nicolesconiers.com"
78.46.174.55 - - [17/Feb/2023:10:38:47 -0800] "GET /april-29.html HTTP/1.1" 200 18469 "-" "Mozilla/5.0 (compatible; MegaIndex.ru/2.0; +http://megaindex.com/crawler)" "www.nicolesconiers.com"
78.46.174.55 - - [17/Feb/2023:10:38:51 -0800] "GET /april-28.html HTTP/1.1" 200 18297 "-" "Mozilla/5.0 (compatible; MegaIndex.ru/2.0; +http://megaindex.com/crawler)" "www.nicolesconiers.com"
78.46.174.55 - - [17/Feb/2023:10:38:54 -0800] "GET /january-30.html HTTP/1.1" 200 18735 "-" "Mozilla/5.0 (compatible; MegaIndex.ru/2.0; +http://megaindex.com/crawler)" "www.nicolesconiers.com"
78.46.174.55 - - [17/Feb/2023:10:38:57 -0800] "GET /september-25.html HTTP/1.1" 200 18533 "-" "Mozilla/5.0 (compatible; MegaIndex.ru/2.0; +http://megaindex.com/crawler)" "www.nicolesconiers.com"
78.46.174.55 - - [17/Feb/2023:10:39:00 -0800] "GET /september-18.html HTTP/1.1" 200 18535 "-" "Mozilla/5.0 (compatible; MegaIndex.ru/2.0; +http://megaindex.com/crawler)" "www.nicolesconiers.com"
78.46.174.55 - - [17/Feb/2023:10:39:04 -0800] "GET /july-13.html HTTP/1.1" 200 18579 "-" "Mozilla/5.0 (compatible; MegaIndex.ru/2.0; +http://megaindex.com/crawler)" "www.nicolesconiers.com"
78.46.174.55 - - [17/Feb/2023:10:39:08 -0800] "GET /july-14.html HTTP/1.1" 200 18315 "-" "Mozilla/5.0 (compatible; MegaIndex.ru/2.0; +http://megaindex.com/crawler)" "www.nicolesconiers.com"
78.46.174.55 - - [17/Feb/2023:10:39:12 -0800] "GET /july-10.html HTTP/1.1" 200 18350 "-" "Mozilla/5.0 (compatible; MegaIndex.ru/2.0; +http://megaindex.com/crawler)" "www.nicolesconiers.com"
78.46.174.55 - - [17/Feb/2023:10:39:15 -0800] "GET /july-9.html HTTP/1.1" 200 18278 "-" "Mozilla/5.0 (compatible; MegaIndex.ru/2.0; +http://megaindex.com/crawler)" "www.nicolesconiers.com"
64.124.8.25 - - [17/Feb/2023:10:43:05 -0800] "GET /blog/index.php/tag/im-back-bitches/feed/ HTTP/1.1" 304 - "-" "Mozilla/5.0 (X11; Linux x86_64) AppleWebKit/537.36 (KHTML, like Gecko) Chrome/61.0.3163.79 Safari/537.36" "nicolesconiers.com"
40.77.167.187 - - [17/Feb/2023:10:47:03 -0800] "GET /robots.txt HTTP/1.1" 200 44 "-" "Mozilla/5.0 AppleWebKit/537.36 (KHTML, like Gecko; compatible; bingbot/2.0; +http://www.bing.com/bingbot.htm) Chrome/103.0.5060.134 Safari/537.36" "www.nicolesconiers.com"
40.77.167.187 - - [17/Feb/2023:10:47:03 -0800] "GET /robots.txt HTTP/1.1" 200 44 "-" "Mozilla/5.0 AppleWebKit/537.36 (KHTML, like Gecko; compatible; bingbot/2.0; +http://www.bing.com/bingbot.htm) Chrome/103.0.5060.134 Safari/537.36" "www.nicolesconiers.com"
207.46.13.40 - - [17/Feb/2023:10:47:12 -0800] "GET / HTTP/1.1" 200 20039 "-" "Mozilla/5.0 AppleWebKit/537.36 (KHTML, like Gecko; compatible; bingbot/2.0; +http://www.bing.com/bingbot.htm) Chrome/103.0.5060.134 Safari/537.36" "www.nicolesconiers.com"
51.222.253.20 - - [17/Feb/2023:10:48:10 -0800] "GET /robots.txt HTTP/1.1" 200 44 "-" "Mozilla/5.0 (compatible; AhrefsBot/7.0; +http://ahrefs.com/robot/)" "nicolesconiers.com"
51.222.253.16 - - [17/Feb/2023:10:48:11 -0800] "GET /blog/index.php/2011/07/19/dealing-with-discouragement-and-other-un-divalike-behavior/ HTTP/1.1" 200 36419 "-" "Mozilla/5.0 (compatible; AhrefsBot/7.0; +http://ahrefs.com/robot/)" "nicolesconiers.com"
