37.139.53.60 - - [18/Feb/2023:08:20:52 -0800] "GET /blog/index.php/2011/10/17/thedivaofdelay/ HTTP/1.1" 200 37023 "http://nicolesconiers.com/blog/2011/10/17/thedivaofdelay/#comment-/" "Mozilla/5.0 (Windows NT 6.3; Win64; x64) AppleWebKit/537.36 (KHTML, like Gecko) Chrome/90.0.4430.85 Safari/537.36 Edg/90.0.818.46" "nicolesconiers.com"
37.139.53.60 - - [18/Feb/2023:08:20:56 -0800] "POST /blog/wp-comments-post.php HTTP/1.1" 302 - "http://nicolesconiers.com/blog/2011/10/17/thedivaofdelay/#comment-/" "Mozilla/5.0 (Windows NT 6.3; Win64; x64) AppleWebKit/537.36 (KHTML, like Gecko) Chrome/90.0.4430.85 Safari/537.36 Edg/90.0.818.46" "nicolesconiers.com"
37.139.53.65 - - [18/Feb/2023:08:23:03 -0800] "GET /blog/index.php/2011/10/17/thedivaofdelay/ HTTP/1.1" 200 37023 "http://nicolesconiers.com/blog/2011/10/17/thedivaofdelay/#comment-/" "Mozilla/5.0 (Windows NT 6.3; Win64; x64) AppleWebKit/537.36 (KHTML, like Gecko) Chrome/90.0.4430.72 Safari/537.36 Edg/90.0.818.42" "nicolesconiers.com"
37.139.53.65 - - [18/Feb/2023:08:23:07 -0800] "POST /blog/wp-comments-post.php HTTP/1.1" 302 - "http://nicolesconiers.com/blog/2011/10/17/thedivaofdelay/#comment-/" "Mozilla/5.0 (Windows NT 6.3; Win64; x64) AppleWebKit/537.36 (KHTML, like Gecko) Chrome/90.0.4430.72 Safari/537.36 Edg/90.0.818.42" "nicolesconiers.com"
37.139.53.75 - - [18/Feb/2023:08:23:22 -0800] "GET /blog/index.php/2011/10/17/thedivaofdelay/ HTTP/1.1" 200 37023 "http://nicolesconiers.com/blog/2011/10/17/thedivaofdelay/#comment-/" "Mozilla/5.0 (Windows NT 10.0; WOW64) AppleWebKit/537.36 (KHTML, like Gecko) Chrome/90.0.4400.8 Safari/537.36" "nicolesconiers.com"
37.139.53.75 - - [18/Feb/2023:08:23:25 -0800] "POST /blog/wp-comments-post.php HTTP/1.1" 302 - "http://nicolesconiers.com/blog/2011/10/17/thedivaofdelay/#comment-/" "Mozilla/5.0 (Windows NT 10.0; WOW64) AppleWebKit/537.36 (KHTML, like Gecko) Chrome/90.0.4400.8 Safari/537.36" "nicolesconiers.com"
72.14.199.175 - - [18/Feb/2023:08:24:34 -0800] "GET /blog/index.php/feed/ HTTP/1.1" 200 55714 "-" "FeedFetcher-Google; (+http://www.google.com/feedfetcher.html)" "nicolesconiers.com"
37.139.53.75 - - [18/Feb/2023:08:25:44 -0800] "GET /blog/index.php/2011/10/17/thedivaofdelay/ HTTP/1.1" 200 37023 "http://nicolesconiers.com/blog/2011/10/17/thedivaofdelay/#comment-/" "Mozilla/5.0 (Windows NT 10.0; WOW64) AppleWebKit/537.36 (KHTML, like Gecko) Chrome/90.0.4430.85 Safari/537.36" "nicolesconiers.com"
37.139.53.75 - - [18/Feb/2023:08:25:46 -0800] "POST /blog/wp-comments-post.php HTTP/1.1" 302 - "http://nicolesconiers.com/blog/2011/10/17/thedivaofdelay/#comment-/" "Mozilla/5.0 (Windows NT 10.0; WOW64) AppleWebKit/537.36 (KHTML, like Gecko) Chrome/90.0.4430.85 Safari/537.36" "nicolesconiers.com"
37.139.53.60 - - [18/Feb/2023:08:30:00 -0800] "GET /blog/index.php/2011/10/17/thedivaofdelay/ HTTP/1.1" 200 37023 "http://nicolesconiers.com/blog/2011/10/17/thedivaofdelay/#comment-/" "Mozilla/5.0 (Windows NT 6.1; WOW64) AppleWebKit/537.36 (KHTML, like Gecko) Chrome/90.0.4430.85 Safari/537.36" "nicolesconiers.com"
37.139.53.60 - - [18/Feb/2023:08:30:02 -0800] "POST /blog/wp-comments-post.php HTTP/1.1" 302 - "http://nicolesconiers.com/blog/2011/10/17/thedivaofdelay/#comment-/" "Mozilla/5.0 (Windows NT 6.1; WOW64) AppleWebKit/537.36 (KHTML, like Gecko) Chrome/90.0.4430.85 Safari/537.36" "nicolesconiers.com"
54.36.148.85 - - [18/Feb/2023:08:31:34 -0800] "GET /robots.txt HTTP/1.1" 200 44 "-" "Mozilla/5.0 (compatible; AhrefsBot/7.0; +http://ahrefs.com/robot/)" "nicolesconiers.com"
51.222.253.17 - - [18/Feb/2023:08:31:35 -0800] "GET /blog/index.php/2012/03/26/the-escape-from-beckyville-tee-shirts-are-here/ HTTP/1.1" 200 32081 "-" "Mozilla/5.0 (compatible; AhrefsBot/7.0; +http://ahrefs.com/robot/)" "nicolesconiers.com"
37.139.53.65 - - [18/Feb/2023:08:32:01 -0800] "GET /blog/index.php/2011/10/17/thedivaofdelay/ HTTP/1.1" 200 37023 "http://nicolesconiers.com/blog/2011/10/17/thedivaofdelay/#comment-/" "Mozilla/5.0 (Windows NT 6.1; ) AppleWebKit/537.36 (KHTML, like Gecko) Chrome/90.0.4430.72 Safari/537.36" "nicolesconiers.com"
37.139.53.65 - - [18/Feb/2023:08:32:05 -0800] "POST /blog/wp-comments-post.php HTTP/1.1" 302 - "http://nicolesconiers.com/blog/2011/10/17/thedivaofdelay/#comment-/" "Mozilla/5.0 (Windows NT 6.1; ) AppleWebKit/537.36 (KHTML, like Gecko) Chrome/90.0.4430.72 Safari/537.36" "nicolesconiers.com"
138.246.253.24 - - [18/Feb/2023:08:43:38 -0800] "GET /robots.txt HTTP/1.1" 200 24 "-" "Mozilla/5.0 (Windows NT 10.0; Win64; x64) AppleWebKit/537.36 (KHTML, like Gecko) Chrome/103.0.5060.134 Safari/537.36" "nicolesconiers.com"
37.139.53.80 - - [18/Feb/2023:08:44:32 -0800] "GET /blog/index.php/2011/10/17/thedivaofdelay/ HTTP/1.1" 200 37023 "http://nicolesconiers.com/blog/2011/10/17/thedivaofdelay/#comment-/" "Mozilla/5.0 (Windows NT 6.1; WOW64) AppleWebKit/537.36 (KHTML, like Gecko) Chrome/90.0.4430.85 Safari/537.36" "nicolesconiers.com"
37.139.53.80 - - [18/Feb/2023:08:44:37 -0800] "POST /blog/wp-comments-post.php HTTP/1.1" 302 - "http://nicolesconiers.com/blog/2011/10/17/thedivaofdelay/#comment-/" "Mozilla/5.0 (Windows NT 6.1; WOW64) AppleWebKit/537.36 (KHTML, like Gecko) Chrome/90.0.4430.85 Safari/537.36" "nicolesconiers.com"
37.139.53.70 - - [18/Feb/2023:08:49:42 -0800] "GET /blog/index.php/2011/10/17/thedivaofdelay/ HTTP/1.1" 200 37023 "http://nicolesconiers.com/blog/2011/10/17/thedivaofdelay/#comment-/" "Mozilla/5.0 (Windows NT 6.1; Win64; x64) AppleWebKit/537.36 (KHTML, like Gecko) Chrome/90.0.4427.0 Safari/537.36" "nicolesconiers.com"
37.139.53.70 - - [18/Feb/2023:08:49:46 -0800] "POST /blog/wp-comments-post.php HTTP/1.1" 302 - "http://nicolesconiers.com/blog/2011/10/17/thedivaofdelay/#comment-/" "Mozilla/5.0 (Windows NT 6.1; Win64; x64) AppleWebKit/537.36 (KHTML, like Gecko) Chrome/90.0.4427.0 Safari/537.36" "nicolesconiers.com"
177.93.77.2 - - [18/Feb/2023:08:59:04 -0800] "GET /blog/index.php/2017/03/20/1098/ HTTP/1.1" 200 30491 "http://nicolesconiers.com/blog/2017/03/20/1098/#comment-/" "Mozilla/5.0 (Windows NT 10.0; WOW64) AppleWebKit/537.36 (KHTML, like Gecko) Chrome/90.0.4430.72 Safari/537.36" "nicolesconiers.com"
37.139.53.70 - - [18/Feb/2023:09:01:27 -0800] "GET /blog/index.php/2011/10/17/thedivaofdelay/ HTTP/1.1" 200 37023 "http://nicolesconiers.com/blog/2011/10/17/thedivaofdelay/#comment-/" "Mozilla/5.0 (Windows NT 6.3; Win64; x64) AppleWebKit/537.36 (KHTML, like Gecko) Chrome/90.0.4430.93 Safari/537.36" "nicolesconiers.com"
37.139.53.70 - - [18/Feb/2023:09:01:33 -0800] "POST /blog/wp-comments-post.php HTTP/1.1" 302 - "http://nicolesconiers.com/blog/2011/10/17/thedivaofdelay/#comment-/" "Mozilla/5.0 (Windows NT 6.3; Win64; x64) AppleWebKit/537.36 (KHTML, like Gecko) Chrome/90.0.4430.93 Safari/537.36" "nicolesconiers.com"
37.139.53.80 - - [18/Feb/2023:09:11:13 -0800] "GET /blog/index.php/2011/10/17/thedivaofdelay/ HTTP/1.1" 200 37023 "http://nicolesconiers.com/blog/2011/10/17/thedivaofdelay/#comment-/" "Mozilla/5.0 (Windows NT 10.0; WOW64) AppleWebKit/537.36 (KHTML, like Gecko) Chrome/90.0.4430.85 Safari/537.36" "nicolesconiers.com"
37.139.53.80 - - [18/Feb/2023:09:11:17 -0800] "POST /blog/wp-comments-post.php HTTP/1.1" 302 - "http://nicolesconiers.com/blog/2011/10/17/thedivaofdelay/#comment-/" "Mozilla/5.0 (Windows NT 10.0; WOW64) AppleWebKit/537.36 (KHTML, like Gecko) Chrome/90.0.4430.85 Safari/537.36" "nicolesconiers.com"
50.197.210.138 - - [18/Feb/2023:09:19:37 -0800] "GET /blog/index.php/2017/03/20/1098/ HTTP/1.1" 200 30491 "http://nicolesconiers.com/blog/2017/03/20/1098/#comment-/" "Mozilla/5.0 (Windows NT 6.1; ) AppleWebKit/537.36 (KHTML, like Gecko) Chrome/90.0.4430.85 Safari/537.36" "nicolesconiers.com"
37.139.53.60 - - [18/Feb/2023:09:22:30 -0800] "GET /blog/index.php/2011/10/17/thedivaofdelay/ HTTP/1.1" 200 37023 "http://nicolesconiers.com/blog/2011/10/17/thedivaofdelay/#comment-/" "Mozilla/5.0 (Windows NT 10.0; Win64; x64) AppleWebKit/537.36 (KHTML, like Gecko) Chrome/90.0.4430.85 Safari/537.36" "nicolesconiers.com"
37.139.53.60 - - [18/Feb/2023:09:22:35 -0800] "POST /blog/wp-comments-post.php HTTP/1.1" 302 - "http://nicolesconiers.com/blog/2011/10/17/thedivaofdelay/#comment-/" "Mozilla/5.0 (Windows NT 10.0; Win64; x64) AppleWebKit/537.36 (KHTML, like Gecko) Chrome/90.0.4430.85 Safari/537.36" "nicolesconiers.com"
37.139.53.75 - - [18/Feb/2023:09:27:16 -0800] "GET /blog/index.php/2011/10/17/thedivaofdelay/ HTTP/1.1" 200 37023 "http://nicolesconiers.com/blog/2011/10/17/thedivaofdelay/#comment-/" "Mozilla/5.0 (Windows NT 6.1; WOW64) AppleWebKit/537.36 (KHTML, like Gecko) Chrome/90.0.4430.72 Safari/537.36" "nicolesconiers.com"
37.139.53.75 - - [18/Feb/2023:09:27:19 -0800] "POST /blog/wp-comments-post.php HTTP/1.1" 302 - "http://nicolesconiers.com/blog/2011/10/17/thedivaofdelay/#comment-/" "Mozilla/5.0 (Windows NT 6.1; WOW64) AppleWebKit/537.36 (KHTML, like Gecko) Chrome/90.0.4430.72 Safari/537.36" "nicolesconiers.com"
37.139.53.75 - - [18/Feb/2023:09:29:41 -0800] "GET /blog/index.php/2011/10/17/thedivaofdelay/ HTTP/1.1" 200 37023 "http://nicolesconiers.com/blog/2011/10/17/thedivaofdelay/#comment-/" "Mozilla/5.0 (Windows NT 10.0; WOW64) AppleWebKit/537.36 (KHTML, like Gecko) Chrome/90.0.4430.93 Safari/537.36" "nicolesconiers.com"
37.139.53.75 - - [18/Feb/2023:09:29:47 -0800] "POST /blog/wp-comments-post.php HTTP/1.1" 302 - "http://nicolesconiers.com/blog/2011/10/17/thedivaofdelay/#comment-/" "Mozilla/5.0 (Windows NT 10.0; WOW64) AppleWebKit/537.36 (KHTML, like Gecko) Chrome/90.0.4430.93 Safari/537.36" "nicolesconiers.com"
37.139.53.60 - - [18/Feb/2023:09:31:20 -0800] "GET /blog/index.php/2011/10/17/thedivaofdelay/ HTTP/1.1" 200 37023 "http://nicolesconiers.com/blog/2011/10/17/thedivaofdelay/#comment-/" "Mozilla/5.0 (Windows NT 6.1) AppleWebKit/537.36 (KHTML, like Gecko) Chrome/90.0.4430.72 Safari/537.36" "nicolesconiers.com"
37.139.53.60 - - [18/Feb/2023:09:31:24 -0800] "POST /blog/wp-comments-post.php HTTP/1.1" 302 - "http://nicolesconiers.com/blog/2011/10/17/thedivaofdelay/#comment-/" "Mozilla/5.0 (Windows NT 6.1) AppleWebKit/537.36 (KHTML, like Gecko) Chrome/90.0.4430.72 Safari/537.36" "nicolesconiers.com"
37.139.53.65 - - [18/Feb/2023:09:32:24 -0800] "GET /blog/index.php/2011/10/17/thedivaofdelay/ HTTP/1.1" 200 37023 "http://nicolesconiers.com/blog/2011/10/17/thedivaofdelay/#comment-/" "Mozilla/5.0 (Windows NT 6.3; Win64; x64) AppleWebKit/537.36 (KHTML, like Gecko) Chrome/90.0.4430.85 Safari/537.36 Edg/90.0.818.49" "nicolesconiers.com"
37.139.53.65 - - [18/Feb/2023:09:32:28 -0800] "POST /blog/wp-comments-post.php HTTP/1.1" 302 - "http://nicolesconiers.com/blog/2011/10/17/thedivaofdelay/#comment-/" "Mozilla/5.0 (Windows NT 6.3; Win64; x64) AppleWebKit/537.36 (KHTML, like Gecko) Chrome/90.0.4430.85 Safari/537.36 Edg/90.0.818.49" "nicolesconiers.com"
191.102.181.194 - - [18/Feb/2023:09:38:55 -0800] "GET /blog/index.php/2011/07/01/the-beckyville-bookmobile-or-soul-sista-ice-cream-truck/ HTTP/1.1" 200 41455 "http://nicolesconiers.com/" "Mozilla/5.0 (Windows NT 6.1; Win64; x64) AppleWebKit/537.36 (KHTML, like Gecko) Chrome/66.0.3359.181 Safari/537.36" "nicolesconiers.com"
191.102.181.194 - - [18/Feb/2023:09:39:03 -0800] "GET /wp-login.php?action=register HTTP/1.1" 404 88 "http://nicolesconiers.com/" "Mozilla/5.0 (Windows NT 6.1; Win64; x64) AppleWebKit/537.36 (KHTML, like Gecko) Chrome/66.0.3359.181 Safari/537.36" "nicolesconiers.com"
191.102.181.194 - - [18/Feb/2023:09:39:03 -0800] "GET /wp-login.php?action=register HTTP/1.1" 404 88 "http://nicolesconiers.com/wp-login.php?action=register" "Mozilla/5.0 (Windows NT 6.1; Win64; x64) AppleWebKit/537.36 (KHTML, like Gecko) Chrome/66.0.3359.181 Safari/537.36" "nicolesconiers.com"
191.102.181.194 - - [18/Feb/2023:09:39:04 -0800] "GET /blog/index.php/2011/07/01/the-beckyville-bookmobile-or-soul-sista-ice-cream-truck/ HTTP/1.1" 200 41455 "http://nicolesconiers.com/" "Mozilla/5.0 (Windows NT 6.1; Win64; x64) AppleWebKit/537.36 (KHTML, like Gecko) Chrome/66.0.3359.181 Safari/537.36" "nicolesconiers.com"
191.102.181.194 - - [18/Feb/2023:09:39:06 -0800] "POST /blog/wp-comments-post.php HTTP/1.1" 302 - "http://nicolesconiers.com/blog/2011/07/01/the-beckyville-bookmobile-or-soul-sista-ice-cream-truck/" "Mozilla/5.0 (Windows NT 6.1; Win64; x64) AppleWebKit/537.36 (KHTML, like Gecko) Chrome/66.0.3359.181 Safari/537.36" "nicolesconiers.com"
191.102.181.194 - - [18/Feb/2023:09:39:08 -0800] "GET /blog/index.php/2011/07/01/the-beckyville-bookmobile-or-soul-sista-ice-cream-truck/ HTTP/1.1" 200 41455 "http://nicolesconiers.com/blog/wp-comments-post.php" "Mozilla/5.0 (Windows NT 6.1; Win64; x64) AppleWebKit/537.36 (KHTML, like Gecko) Chrome/66.0.3359.181 Safari/537.36" "nicolesconiers.com"
191.102.181.194 - - [18/Feb/2023:09:39:09 -0800] "GET /blog/index.php/2011/07/01/the-beckyville-bookmobile-or-soul-sista-ice-cream-truck/ HTTP/1.1" 200 41455 "-" "Mozilla/5.0 (Windows NT 6.1; Win64; x64) AppleWebKit/537.36 (KHTML, like Gecko) Chrome/66.0.3359.181 Safari/537.36" "nicolesconiers.com"
37.139.53.65 - - [18/Feb/2023:09:42:02 -0800] "GET /blog/index.php/2011/10/17/thedivaofdelay/ HTTP/1.1" 200 37023 "http://nicolesconiers.com/blog/2011/10/17/thedivaofdelay/#comment-/" "Mozilla/5.0 (Windows NT 6.1) AppleWebKit/537.36 (KHTML, like Gecko) Chrome/90.0.4430.72 Safari/537.36" "nicolesconiers.com"
37.139.53.65 - - [18/Feb/2023:09:42:05 -0800] "POST /blog/wp-comments-post.php HTTP/1.1" 302 - "http://nicolesconiers.com/blog/2011/10/17/thedivaofdelay/#comment-/" "Mozilla/5.0 (Windows NT 6.1) AppleWebKit/537.36 (KHTML, like Gecko) Chrome/90.0.4430.72 Safari/537.36" "nicolesconiers.com"
94.247.89.28 - - [18/Feb/2023:09:42:14 -0800] "GET /blog/index.php/2017/03/20/1098/ HTTP/1.1" 200 30491 "http://nicolesconiers.com/blog/2017/03/20/1098/#comment-/" "Mozilla/5.0 (Windows NT 6.1; Win64; x64) AppleWebKit/537.36 (KHTML, like Gecko) Chrome/90.0.4430.72 Safari/537.36" "nicolesconiers.com"
94.247.89.28 - - [18/Feb/2023:09:42:16 -0800] "POST /blog/wp-comments-post.php HTTP/1.1" 302 - "http://nicolesconiers.com/blog/2017/03/20/1098/#comment-/" "Mozilla/5.0 (Windows NT 6.1; Win64; x64) AppleWebKit/537.36 (KHTML, like Gecko) Chrome/90.0.4430.72 Safari/537.36" "nicolesconiers.com"
94.247.89.28 - - [18/Feb/2023:09:42:19 -0800] "GET /blog/index.php/2017/03/20/1098/ HTTP/1.1" 200 30491 "http://nicolesconiers.com/blog/2017/03/20/1098/#comment-" "Mozilla/5.0 (Windows NT 6.1; Win64; x64) AppleWebKit/537.36 (KHTML, like Gecko) Chrome/90.0.4430.72 Safari/537.36" "nicolesconiers.com"
101.108.186.134 - - [18/Feb/2023:09:45:05 -0800] "GET /blog/index.php/2017/03/20/1098/ HTTP/1.1" 200 30491 "http://nicolesconiers.com/blog/2017/03/20/1098/#comment-/" "Mozilla/5.0 (Windows NT 6.3; Win64; x64) AppleWebKit/537.36 (KHTML, like Gecko) Chrome/90.0.4430.85 Safari/537.36 Edg/90.0.818.46" "nicolesconiers.com"
221.219.102.216 - - [18/Feb/2023:09:48:07 -0800] "GET /blog/index.php/2017/03/20/1098/ HTTP/1.1" 200 30491 "http://nicolesconiers.com/blog/2017/03/20/1098/#comment-/" "Mozilla/5.0 (Windows NT 6.1; WOW64) AppleWebKit/537.36 (KHTML, like Gecko) Chrome/90.0.4430.72 Safari/537.36" "nicolesconiers.com"
221.219.102.216 - - [18/Feb/2023:09:48:17 -0800] "POST /blog/wp-comments-post.php HTTP/1.1" 302 - "http://nicolesconiers.com/blog/2017/03/20/1098/#comment-/" "Mozilla/5.0 (Windows NT 6.1; WOW64) AppleWebKit/537.36 (KHTML, like Gecko) Chrome/90.0.4430.72 Safari/537.36" "nicolesconiers.com"
221.219.102.216 - - [18/Feb/2023:09:48:21 -0800] "GET /blog/index.php/2017/03/20/1098/ HTTP/1.1" 200 30491 "http://nicolesconiers.com/blog/2017/03/20/1098/#comment-" "Mozilla/5.0 (Windows NT 6.1; WOW64) AppleWebKit/537.36 (KHTML, like Gecko) Chrome/90.0.4430.72 Safari/537.36" "nicolesconiers.com"
37.139.53.80 - - [18/Feb/2023:09:49:40 -0800] "GET /blog/index.php/2011/10/17/thedivaofdelay/ HTTP/1.1" 200 37023 "http://nicolesconiers.com/blog/2011/10/17/thedivaofdelay/#comment-/" "Mozilla/5.0 (Windows NT 6.1; WOW64) AppleWebKit/537.36 (KHTML, like Gecko) Chrome/90.0.4430.93 Safari/537.36" "nicolesconiers.com"
37.139.53.80 - - [18/Feb/2023:09:49:42 -0800] "POST /blog/wp-comments-post.php HTTP/1.1" 302 - "http://nicolesconiers.com/blog/2011/10/17/thedivaofdelay/#comment-/" "Mozilla/5.0 (Windows NT 6.1; WOW64) AppleWebKit/537.36 (KHTML, like Gecko) Chrome/90.0.4430.93 Safari/537.36" "nicolesconiers.com"
37.139.53.70 - - [18/Feb/2023:09:58:52 -0800] "GET /blog/index.php/2011/10/17/thedivaofdelay/ HTTP/1.1" 200 37023 "http://nicolesconiers.com/blog/2011/10/17/thedivaofdelay/#comment-/" "Mozilla/5.0 (Windows NT 6.3) AppleWebKit/537.36 (KHTML, like Gecko) Chrome/90.0.4430.72 Safari/537.36" "nicolesconiers.com"
37.139.53.70 - - [18/Feb/2023:09:58:56 -0800] "POST /blog/wp-comments-post.php HTTP/1.1" 302 - "http://nicolesconiers.com/blog/2011/10/17/thedivaofdelay/#comment-/" "Mozilla/5.0 (Windows NT 6.3) AppleWebKit/537.36 (KHTML, like Gecko) Chrome/90.0.4430.72 Safari/537.36" "nicolesconiers.com"
72.14.199.161 - - [18/Feb/2023:10:04:29 -0800] "GET /blog/index.php/feed/ HTTP/1.1" 200 55714 "-" "FeedFetcher-Google; (+http://www.google.com/feedfetcher.html)" "nicolesconiers.com"
37.139.53.70 - - [18/Feb/2023:10:10:40 -0800] "GET /blog/index.php/2011/10/17/thedivaofdelay/ HTTP/1.1" 200 37023 "http://nicolesconiers.com/blog/2011/10/17/thedivaofdelay/#comment-/" "Mozilla/5.0 (Windows NT 10.0; WOW64) AppleWebKit/537.36 (KHTML, like Gecko) Chrome/90.0.4430.72 Safari/537.36" "nicolesconiers.com"
37.139.53.70 - - [18/Feb/2023:10:10:44 -0800] "POST /blog/wp-comments-post.php HTTP/1.1" 302 - "http://nicolesconiers.com/blog/2011/10/17/thedivaofdelay/#comment-/" "Mozilla/5.0 (Windows NT 10.0; WOW64) AppleWebKit/537.36 (KHTML, like Gecko) Chrome/90.0.4430.72 Safari/537.36" "nicolesconiers.com"
37.139.53.80 - - [18/Feb/2023:10:16:02 -0800] "GET /blog/index.php/2011/10/17/thedivaofdelay/ HTTP/1.1" 200 37023 "http://nicolesconiers.com/blog/2011/10/17/thedivaofdelay/#comment-/" "Mozilla/5.0 (Windows NT 10.0) AppleWebKit/537.36 (KHTML, like Gecko) Chrome/90.0.4430.93 Safari/537.36" "nicolesconiers.com"
37.139.53.80 - - [18/Feb/2023:10:16:05 -0800] "POST /blog/wp-comments-post.php HTTP/1.1" 302 - "http://nicolesconiers.com/blog/2011/10/17/thedivaofdelay/#comment-/" "Mozilla/5.0 (Windows NT 10.0) AppleWebKit/537.36 (KHTML, like Gecko) Chrome/90.0.4430.93 Safari/537.36" "nicolesconiers.com"
45.80.104.114 - - [18/Feb/2023:10:23:34 -0800] "GET /blog/index.php/2011/10/17/thedivaofdelay/ HTTP/1.1" 200 37023 "http://nicolesconiers.com/" "Mozilla/5.0 (Windows NT 10.0; Win64; x64) AppleWebKit/537.36 (KHTML, like Gecko) Chrome/103.0.0.0 Safari/537.36 OPR/89.0.4447.51" "nicolesconiers.com"
45.80.104.114 - - [18/Feb/2023:10:23:37 -0800] "POST /blog/wp-comments-post.php HTTP/1.1" 302 - "http://nicolesconiers.com/blog/2011/10/17/thedivaofdelay/" "Mozilla/5.0 (Windows NT 10.0; Win64; x64) AppleWebKit/537.36 (KHTML, like Gecko) Chrome/103.0.0.0 Safari/537.36 OPR/89.0.4447.51" "nicolesconiers.com"
45.80.104.114 - - [18/Feb/2023:10:23:38 -0800] "GET /blog/index.php/2011/10/17/thedivaofdelay/ HTTP/1.1" 200 37023 "http://nicolesconiers.com/blog/wp-comments-post.php" "Mozilla/5.0 (Windows NT 10.0; Win64; x64) AppleWebKit/537.36 (KHTML, like Gecko) Chrome/103.0.0.0 Safari/537.36 OPR/89.0.4447.51" "nicolesconiers.com"
45.80.104.114 - - [18/Feb/2023:10:23:41 -0800] "GET /blog/index.php/2011/10/17/thedivaofdelay/ HTTP/1.1" 200 37023 "-" "Mozilla/5.0 (Windows NT 10.0; Win64; x64) AppleWebKit/537.36 (KHTML, like Gecko) Chrome/103.0.0.0 Safari/537.36 OPR/89.0.4447.51" "nicolesconiers.com"
37.139.53.60 - - [18/Feb/2023:10:24:06 -0800] "GET /blog/index.php/2011/10/17/thedivaofdelay/ HTTP/1.1" 200 37023 "http://nicolesconiers.com/blog/2011/10/17/thedivaofdelay/#comment-/" "Mozilla/5.0 (Windows NT 10.0; Win64; x64) AppleWebKit/537.36 (KHTML, like Gecko) Chrome/90.0.4430.72 Safari/537.36 Edg/90.0.818.39" "nicolesconiers.com"
37.139.53.60 - - [18/Feb/2023:10:24:07 -0800] "POST /blog/wp-comments-post.php HTTP/1.1" 302 - "http://nicolesconiers.com/blog/2011/10/17/thedivaofdelay/#comment-/" "Mozilla/5.0 (Windows NT 10.0; Win64; x64) AppleWebKit/537.36 (KHTML, like Gecko) Chrome/90.0.4430.72 Safari/537.36 Edg/90.0.818.39" "nicolesconiers.com"
45.80.104.114 - - [18/Feb/2023:10:24:14 -0800] "GET /blog/index.php/2011/10/17/thedivaofdelay/ HTTP/1.1" 200 37023 "-" "Mozilla/5.0 (Windows NT 10.0; WOW64) AppleWebKit/537.36 (KHTML, like Gecko) Chrome/103.0.0.0 YaBrowser/22.7.0 Yowser/2.5 Safari/537.36" "nicolesconiers.com"
37.139.53.75 - - [18/Feb/2023:10:29:55 -0800] "GET /blog/index.php/2011/10/17/thedivaofdelay/ HTTP/1.1" 200 37023 "http://nicolesconiers.com/blog/2011/10/17/thedivaofdelay/#comment-/" "Mozilla/5.0 (Windows NT 10.0; Win64; x64) AppleWebKit/537.36 (KHTML, like Gecko) Chrome/90.0.4430.85 Safari/537.36 Edg/90.0.818.49" "nicolesconiers.com"
37.139.53.75 - - [18/Feb/2023:10:30:00 -0800] "POST /blog/wp-comments-post.php HTTP/1.1" 302 - "http://nicolesconiers.com/blog/2011/10/17/thedivaofdelay/#comment-/" "Mozilla/5.0 (Windows NT 10.0; Win64; x64) AppleWebKit/537.36 (KHTML, like Gecko) Chrome/90.0.4430.85 Safari/537.36 Edg/90.0.818.49" "nicolesconiers.com"
37.139.53.75 - - [18/Feb/2023:10:32:29 -0800] "GET /blog/index.php/2011/10/17/thedivaofdelay/ HTTP/1.1" 200 37023 "http://nicolesconiers.com/blog/2011/10/17/thedivaofdelay/#comment-/" "Mozilla/5.0 (Windows NT 10.0; Win64; x64) AppleWebKit/537.36 (KHTML, like Gecko) Chrome/90.0.4430.85 Safari/537.36 Edg/90.0.818.49" "nicolesconiers.com"
37.139.53.75 - - [18/Feb/2023:10:32:31 -0800] "POST /blog/wp-comments-post.php HTTP/1.1" 302 - "http://nicolesconiers.com/blog/2011/10/17/thedivaofdelay/#comment-/" "Mozilla/5.0 (Windows NT 10.0; Win64; x64) AppleWebKit/537.36 (KHTML, like Gecko) Chrome/90.0.4430.85 Safari/537.36 Edg/90.0.818.49" "nicolesconiers.com"
5.255.253.121 - - [18/Feb/2023:10:33:26 -0800] "GET /robots.txt HTTP/1.1" 200 24 "-" "Mozilla/5.0 (compatible; YandexBot/3.0; +http://yandex.com/bots)" "nicolesconiers.com"
5.255.253.154 - - [18/Feb/2023:10:33:30 -0800] "GET /blog/?p=617 HTTP/1.1" 200 39331 "-" "Mozilla/5.0 (compatible; YandexBot/3.0; +http://yandex.com/bots)" "nicolesconiers.com"
37.139.53.60 - - [18/Feb/2023:10:33:52 -0800] "GET /blog/index.php/2011/10/17/thedivaofdelay/ HTTP/1.1" 200 37023 "http://nicolesconiers.com/blog/2011/10/17/thedivaofdelay/#comment-/" "Mozilla/5.0 (Windows NT 6.1; WOW64) AppleWebKit/537.36 (KHTML, like Gecko) Chrome/90.0.4430.72 Safari/537.36" "nicolesconiers.com"
37.139.53.60 - - [18/Feb/2023:10:33:57 -0800] "POST /blog/wp-comments-post.php HTTP/1.1" 302 - "http://nicolesconiers.com/blog/2011/10/17/thedivaofdelay/#comment-/" "Mozilla/5.0 (Windows NT 6.1; WOW64) AppleWebKit/537.36 (KHTML, like Gecko) Chrome/90.0.4430.72 Safari/537.36" "nicolesconiers.com"
5.45.207.151 - - [18/Feb/2023:10:34:18 -0800] "GET /blog/index.php/2011/11/10/easy-skin-care-tips-for-women-on-the-go/ HTTP/1.1" 200 39386 "-" "Mozilla/5.0 (compatible; YandexBot/3.0; +http://yandex.com/bots)" "nicolesconiers.com"
37.139.53.65 - - [18/Feb/2023:10:41:53 -0800] "GET /blog/index.php/2011/10/17/thedivaofdelay/ HTTP/1.1" 200 37023 "http://nicolesconiers.com/blog/2011/10/17/thedivaofdelay/#comment-/" "Mozilla/5.0 (Windows NT 6.1; ) AppleWebKit/537.36 (KHTML, like Gecko) Chrome/90.0.4430.72 Safari/537.36" "nicolesconiers.com"
37.139.53.65 - - [18/Feb/2023:10:41:57 -0800] "POST /blog/wp-comments-post.php HTTP/1.1" 302 - "http://nicolesconiers.com/blog/2011/10/17/thedivaofdelay/#comment-/" "Mozilla/5.0 (Windows NT 6.1; ) AppleWebKit/537.36 (KHTML, like Gecko) Chrome/90.0.4430.72 Safari/537.36" "nicolesconiers.com"
207.46.13.40 - - [18/Feb/2023:10:46:11 -0800] "GET / HTTP/1.1" 200 20039 "-" "Mozilla/5.0 AppleWebKit/537.36 (KHTML, like Gecko; compatible; bingbot/2.0; +http://www.bing.com/bingbot.htm) Chrome/103.0.5060.134 Safari/537.36" "www.nicolesconiers.com"
37.139.53.65 - - [18/Feb/2023:10:52:30 -0800] "GET /blog/index.php/2011/10/17/thedivaofdelay/ HTTP/1.1" 200 37023 "http://nicolesconiers.com/blog/2011/10/17/thedivaofdelay/#comment-/" "Mozilla/5.0 (Windows NT 6.3; Win64; x64) AppleWebKit/537.36 (KHTML, like Gecko) Chrome/90.0.4430.85 Safari/537.36 Edg/90.0.818.49" "nicolesconiers.com"
37.139.53.65 - - [18/Feb/2023:10:52:39 -0800] "POST /blog/wp-comments-post.php HTTP/1.1" 302 - "http://nicolesconiers.com/blog/2011/10/17/thedivaofdelay/#comment-/" "Mozilla/5.0 (Windows NT 6.3; Win64; x64) AppleWebKit/537.36 (KHTML, like Gecko) Chrome/90.0.4430.85 Safari/537.36 Edg/90.0.818.49" "nicolesconiers.com"
37.139.53.80 - - [18/Feb/2023:10:54:34 -0800] "GET /blog/index.php/2011/10/17/thedivaofdelay/ HTTP/1.1" 200 37023 "http://nicolesconiers.com/blog/2011/10/17/thedivaofdelay/#comment-/" "Mozilla/5.0 (Windows NT 6.1; ) AppleWebKit/537.36 (KHTML, like Gecko) Chrome/90.0.4430.72 Safari/537.36" "nicolesconiers.com"
37.139.53.80 - - [18/Feb/2023:10:54:36 -0800] "POST /blog/wp-comments-post.php HTTP/1.1" 302 - "http://nicolesconiers.com/blog/2011/10/17/thedivaofdelay/#comment-/" "Mozilla/5.0 (Windows NT 6.1; ) AppleWebKit/537.36 (KHTML, like Gecko) Chrome/90.0.4430.72 Safari/537.36" "nicolesconiers.com"
93.73.179.112 - - [18/Feb/2023:11:01:24 -0800] "GET /blog/index.php/2011/10/17/thedivaofdelay/ HTTP/1.1" 200 37023 "http://nicolesconiers.com/blog/2011/10/17/thedivaofdelay/" "Mozilla/5.0 (Windows NT 10.0; WOW64) AppleWebKit/537.36 (KHTML, like Gecko) Chrome/90.0.4430.85 Safari/537.36" "nicolesconiers.com"
93.73.179.112 - - [18/Feb/2023:11:01:27 -0800] "GET /blog/index.php/2017/03/20/1098/ HTTP/1.1" 200 30491 "http://nicolesconiers.com/blog/2017/03/20/1098/" "Mozilla/5.0 (Windows NT 10.0; WOW64) AppleWebKit/537.36 (KHTML, like Gecko) Chrome/90.0.4430.85 Safari/537.36" "nicolesconiers.com"
93.73.179.112 - - [18/Feb/2023:11:01:29 -0800] "GET /blog/index.php/2011/06/01/dreamsandchildlikefaith/ HTTP/1.1" 200 36732 "http://nicolesconiers.com/blog/2011/06/01/dreamsandchildlikefaith/" "Mozilla/5.0 (Windows NT 10.0; WOW64) AppleWebKit/537.36 (KHTML, like Gecko) Chrome/90.0.4430.85 Safari/537.36" "nicolesconiers.com"
93.73.179.112 - - [18/Feb/2023:11:01:31 -0800] "GET /blog/index.php/2011/06/04/32/ HTTP/1.1" 200 32568 "http://nicolesconiers.com/blog/2011/06/04/32/" "Mozilla/5.0 (Windows NT 10.0; WOW64) AppleWebKit/537.36 (KHTML, like Gecko) Chrome/90.0.4430.85 Safari/537.36" "nicolesconiers.com"
93.73.179.112 - - [18/Feb/2023:11:01:33 -0800] "GET /blog/index.php/2011/06/08/wiggin-out/ HTTP/1.1" 200 32392 "http://nicolesconiers.com/blog/2011/06/08/wiggin-out/" "Mozilla/5.0 (Windows NT 10.0; WOW64) AppleWebKit/537.36 (KHTML, like Gecko) Chrome/90.0.4430.85 Safari/537.36" "nicolesconiers.com"
93.73.179.112 - - [18/Feb/2023:11:01:35 -0800] "GET /blog/index.php/about/ HTTP/1.1" 200 27607 "http://nicolesconiers.com/blog/about/" "Mozilla/5.0 (Windows NT 10.0; WOW64) AppleWebKit/537.36 (KHTML, like Gecko) Chrome/90.0.4430.85 Safari/537.36" "nicolesconiers.com"
93.73.179.112 - - [18/Feb/2023:11:01:37 -0800] "GET /blog/index.php/press/ HTTP/1.1" 200 30875 "http://nicolesconiers.com/blog/press/" "Mozilla/5.0 (Windows NT 10.0; WOW64) AppleWebKit/537.36 (KHTML, like Gecko) Chrome/90.0.4430.85 Safari/537.36" "nicolesconiers.com"
176.124.223.175 - - [18/Feb/2023:11:07:05 -0800] "GET /blog/index.php/2011/10/17/thedivaofdelay/ HTTP/1.1" 200 37023 "http://nicolesconiers.com/blog/2011/10/17/thedivaofdelay/" "Mozilla/5.0 (Windows NT 10.0; WOW64) AppleWebKit/537.36 (KHTML, like Gecko) Chrome/90.0.4430.93 Safari/537.36" "nicolesconiers.com"
176.124.223.175 - - [18/Feb/2023:11:07:07 -0800] "POST /blog/wp-comments-post.php HTTP/1.1" 302 - "http://nicolesconiers.com/blog/2011/10/17/thedivaofdelay/" "Mozilla/5.0 (Windows NT 10.0; WOW64) AppleWebKit/537.36 (KHTML, like Gecko) Chrome/90.0.4430.93 Safari/537.36" "nicolesconiers.com"
37.139.53.70 - - [18/Feb/2023:11:08:05 -0800] "GET /blog/index.php/2011/10/17/thedivaofdelay/ HTTP/1.1" 200 37023 "http://nicolesconiers.com/blog/2011/10/17/thedivaofdelay/#comment-/" "Mozilla/5.0 (Windows NT 10.0; Win64; x64) AppleWebKit/537.36 (KHTML, like Gecko) Chrome/90.0.4430.93 Safari/537.36" "nicolesconiers.com"
37.139.53.70 - - [18/Feb/2023:11:08:08 -0800] "POST /blog/wp-comments-post.php HTTP/1.1" 302 - "http://nicolesconiers.com/blog/2011/10/17/thedivaofdelay/#comment-/" "Mozilla/5.0 (Windows NT 10.0; Win64; x64) AppleWebKit/537.36 (KHTML, like Gecko) Chrome/90.0.4430.93 Safari/537.36" "nicolesconiers.com"
20.124.183.69 - - [18/Feb/2023:11:16:31 -0800] "POST / HTTP/1.1" 200 20039 "-" "Mozilla/5.0 (X11; Linux x86_64) AppleWebKit/537.36 (KHTML, like Gecko) Chrome/81.0.4044.129 Safari/537.36" "nicolesconiers.com"
51.222.253.19 - - [18/Feb/2023:11:17:39 -0800] "GET /blog/index.php/2012/01/09/the-beckyville-bookmobile-old-ride-new-adventures/ HTTP/1.1" 200 39061 "-" "Mozilla/5.0 (compatible; AhrefsBot/7.0; +http://ahrefs.com/robot/)" "nicolesconiers.com"
62.210.215.118 - - [18/Feb/2023:11:19:26 -0800] "GET /blog/index.php/tag/new-orleans/feed/ HTTP/1.1" 200 17806 "-" "Mozilla/5.0 (X11; Linux i686) AppleWebKit/537.36 (KHTML, like Gecko) Chrome/30.0.1599.66 Safari/537.36" "nicolesconiers.com"
37.139.53.70 - - [18/Feb/2023:11:20:31 -0800] "GET /blog/index.php/2011/10/17/thedivaofdelay/ HTTP/1.1" 200 37023 "http://nicolesconiers.com/blog/2011/10/17/thedivaofdelay/#comment-/" "Mozilla/5.0 (Windows NT 6.3; Win64; x64) AppleWebKit/537.36 (KHTML, like Gecko) Chrome/90.0.4430.72 Safari/537.36 Edg/90.0.818.42" "nicolesconiers.com"
37.139.53.70 - - [18/Feb/2023:11:20:33 -0800] "POST /blog/wp-comments-post.php HTTP/1.1" 302 - "http://nicolesconiers.com/blog/2011/10/17/thedivaofdelay/#comment-/" "Mozilla/5.0 (Windows NT 6.3; Win64; x64) AppleWebKit/537.36 (KHTML, like Gecko) Chrome/90.0.4430.72 Safari/537.36 Edg/90.0.818.42" "nicolesconiers.com"
37.139.53.80 - - [18/Feb/2023:11:20:53 -0800] "GET /blog/index.php/2011/10/17/thedivaofdelay/ HTTP/1.1" 200 37023 "http://nicolesconiers.com/blog/2011/10/17/thedivaofdelay/#comment-/" "Mozilla/5.0 (Windows NT 6.3) AppleWebKit/537.36 (KHTML, like Gecko) Chrome/90.0.4430.72 Safari/537.36" "nicolesconiers.com"
37.139.53.80 - - [18/Feb/2023:11:20:56 -0800] "POST /blog/wp-comments-post.php HTTP/1.1" 302 - "http://nicolesconiers.com/blog/2011/10/17/thedivaofdelay/#comment-/" "Mozilla/5.0 (Windows NT 6.3) AppleWebKit/537.36 (KHTML, like Gecko) Chrome/90.0.4430.72 Safari/537.36" "nicolesconiers.com"
72.14.199.175 - - [18/Feb/2023:11:25:02 -0800] "GET /blog/index.php/feed/ HTTP/1.1" 200 55714 "-" "FeedFetcher-Google; (+http://www.google.com/feedfetcher.html)" "nicolesconiers.com"
115.127.79.234 - - [18/Feb/2023:11:26:21 -0800] "GET /blog/index.php/2017/03/20/1098/ HTTP/1.1" 200 30491 "http://nicolesconiers.com/blog/2017/03/20/1098/#comment-/" "Mozilla/5.0 (Windows NT 6.1; WOW64) AppleWebKit/537.36 (KHTML, like Gecko) Chrome/90.0.4430.93 Safari/537.36" "nicolesconiers.com"
115.127.79.234 - - [18/Feb/2023:11:26:35 -0800] "POST /blog/wp-comments-post.php HTTP/1.1" 302 - "http://nicolesconiers.com/blog/2017/03/20/1098/#comment-/" "Mozilla/5.0 (Windows NT 6.1; WOW64) AppleWebKit/537.36 (KHTML, like Gecko) Chrome/90.0.4430.93 Safari/537.36" "nicolesconiers.com"
62.99.106.2 - - [18/Feb/2023:11:26:53 -0800] "GET /blog/index.php/2017/03/20/1098/ HTTP/1.1" 200 30491 "http://nicolesconiers.com/blog/2017/03/20/1098/#comment-" "Mozilla/5.0 (Windows NT 6.1; WOW64) AppleWebKit/537.36 (KHTML, like Gecko) Chrome/90.0.4430.93 Safari/537.36" "nicolesconiers.com"
37.139.53.60 - - [18/Feb/2023:11:27:04 -0800] "GET /blog/index.php/2011/10/17/thedivaofdelay/ HTTP/1.1" 200 37023 "http://nicolesconiers.com/blog/2011/10/17/thedivaofdelay/#comment-/" "Mozilla/5.0 (Windows NT 10.0; Win64; x64) AppleWebKit/537.36 (KHTML, like Gecko) Chrome/90.0.4430.72 Safari/537.36 Edg/90.0.818.42" "nicolesconiers.com"
37.139.53.60 - - [18/Feb/2023:11:27:14 -0800] "POST /blog/wp-comments-post.php HTTP/1.1" 302 - "http://nicolesconiers.com/blog/2011/10/17/thedivaofdelay/#comment-/" "Mozilla/5.0 (Windows NT 10.0; Win64; x64) AppleWebKit/537.36 (KHTML, like Gecko) Chrome/90.0.4430.72 Safari/537.36 Edg/90.0.818.42" "nicolesconiers.com"
77.75.79.119 - - [18/Feb/2023:11:27:31 -0800] "GET /blog/ HTTP/1.1" 200 153350 "-" "Mozilla/5.0 (compatible; SeznamBot/4.0-RC1; +http://napoveda.seznam.cz/seznambot-intro/)" "nicolesconiers.com"
5.45.207.140 - - [18/Feb/2023:11:31:10 -0800] "GET /blog/index.php/2011/12/14/superficial-girlfriends-tending-gardens/ HTTP/1.1" 200 40194 "-" "Mozilla/5.0 (compatible; YandexBot/3.0; +http://yandex.com/bots)" "nicolesconiers.com"
152.67.213.213 - - [18/Feb/2023:11:31:46 -0800] "GET /blog/index.php/2017/03/20/1098/ HTTP/1.1" 200 30491 "http://nicolesconiers.com/blog/2017/03/20/1098/#comment-/" "Mozilla/5.0 (Windows NT 10.0; Win64; x64) AppleWebKit/537.36 (KHTML, like Gecko) Chrome/90.0.4430.72 Safari/537.36 Edg/90.0.818.42" "nicolesconiers.com"
152.67.213.213 - - [18/Feb/2023:11:31:50 -0800] "POST /blog/wp-comments-post.php HTTP/1.1" 302 - "http://nicolesconiers.com/blog/2017/03/20/1098/#comment-/" "Mozilla/5.0 (Windows NT 10.0; Win64; x64) AppleWebKit/537.36 (KHTML, like Gecko) Chrome/90.0.4430.72 Safari/537.36 Edg/90.0.818.42" "nicolesconiers.com"
152.67.213.213 - - [18/Feb/2023:11:31:51 -0800] "GET /blog/index.php/2017/03/20/1098/ HTTP/1.1" 200 30491 "http://nicolesconiers.com/blog/2017/03/20/1098/#comment-" "Mozilla/5.0 (Windows NT 10.0; Win64; x64) AppleWebKit/537.36 (KHTML, like Gecko) Chrome/90.0.4430.72 Safari/537.36 Edg/90.0.818.42" "nicolesconiers.com"
37.139.53.75 - - [18/Feb/2023:11:32:31 -0800] "GET /blog/index.php/2011/10/17/thedivaofdelay/ HTTP/1.1" 200 37023 "http://nicolesconiers.com/blog/2011/10/17/thedivaofdelay/#comment-/" "Mozilla/5.0 (Windows NT 6.1) AppleWebKit/537.36 (KHTML, like Gecko) Chrome/90.0.4430.85 Safari/537.36" "nicolesconiers.com"
37.139.53.75 - - [18/Feb/2023:11:32:34 -0800] "POST /blog/wp-comments-post.php HTTP/1.1" 302 - "http://nicolesconiers.com/blog/2011/10/17/thedivaofdelay/#comment-/" "Mozilla/5.0 (Windows NT 6.1) AppleWebKit/537.36 (KHTML, like Gecko) Chrome/90.0.4430.85 Safari/537.36" "nicolesconiers.com"
37.139.53.75 - - [18/Feb/2023:11:34:59 -0800] "GET /blog/index.php/2011/10/17/thedivaofdelay/ HTTP/1.1" 200 37023 "http://nicolesconiers.com/blog/2011/10/17/thedivaofdelay/#comment-/" "Mozilla/5.0 (Windows NT 10.0) AppleWebKit/537.36 (KHTML, like Gecko) Chrome/90.0.4430.85 Safari/537.36" "nicolesconiers.com"
37.139.53.75 - - [18/Feb/2023:11:35:02 -0800] "POST /blog/wp-comments-post.php HTTP/1.1" 302 - "http://nicolesconiers.com/blog/2011/10/17/thedivaofdelay/#comment-/" "Mozilla/5.0 (Windows NT 10.0) AppleWebKit/537.36 (KHTML, like Gecko) Chrome/90.0.4430.85 Safari/537.36" "nicolesconiers.com"
37.139.53.60 - - [18/Feb/2023:11:36:41 -0800] "GET /blog/index.php/2011/10/17/thedivaofdelay/ HTTP/1.1" 200 37023 "http://nicolesconiers.com/blog/2011/10/17/thedivaofdelay/#comment-/" "Mozilla/5.0 (Windows NT 10.0; Win64; x64) AppleWebKit/537.36 (KHTML, like Gecko) Chrome/90.0.4430.85 Safari/537.36 Edg/90.0.818.49" "nicolesconiers.com"
37.139.53.60 - - [18/Feb/2023:11:36:43 -0800] "POST /blog/wp-comments-post.php HTTP/1.1" 302 - "http://nicolesconiers.com/blog/2011/10/17/thedivaofdelay/#comment-/" "Mozilla/5.0 (Windows NT 10.0; Win64; x64) AppleWebKit/537.36 (KHTML, like Gecko) Chrome/90.0.4430.85 Safari/537.36 Edg/90.0.818.49" "nicolesconiers.com"
51.222.253.10 - - [18/Feb/2023:11:38:49 -0800] "GET /blog/index.php/2011/06/20/clones-and-dysfunctional-divas/ HTTP/1.1" 200 34651 "-" "Mozilla/5.0 (compatible; AhrefsBot/7.0; +http://ahrefs.com/robot/)" "nicolesconiers.com"
77.75.79.31 - - [18/Feb/2023:11:42:06 -0800] "GET /blog/index.php/tag/crime/ HTTP/1.1" 200 27047 "-" "Mozilla/5.0 (compatible; SeznamBot/4.0-RC1; +http://napoveda.seznam.cz/seznambot-intro/)" "nicolesconiers.com"
5.135.141.139 - - [18/Feb/2023:11:42:15 -0800] "GET /blog/index.php/2017/03/20/1098/ HTTP/1.1" 200 30491 "http://nicolesconiers.com/blog/2017/03/20/1098/#comment-/" "Mozilla/5.0 (Windows NT 6.3; Win64; x64) AppleWebKit/537.36 (KHTML, like Gecko) Chrome/90.0.4430.93 Safari/537.36" "nicolesconiers.com"
5.135.141.139 - - [18/Feb/2023:11:42:16 -0800] "POST /blog/wp-comments-post.php HTTP/1.1" 302 - "http://nicolesconiers.com/blog/2017/03/20/1098/#comment-/" "Mozilla/5.0 (Windows NT 6.3; Win64; x64) AppleWebKit/537.36 (KHTML, like Gecko) Chrome/90.0.4430.93 Safari/537.36" "nicolesconiers.com"
5.135.141.139 - - [18/Feb/2023:11:42:18 -0800] "GET /blog/index.php/2017/03/20/1098/ HTTP/1.1" 200 30491 "http://nicolesconiers.com/blog/2017/03/20/1098/#comment-" "Mozilla/5.0 (Windows NT 6.3; Win64; x64) AppleWebKit/537.36 (KHTML, like Gecko) Chrome/90.0.4430.93 Safari/537.36" "nicolesconiers.com"
62.210.215.118 - - [18/Feb/2023:11:46:01 -0800] "GET /blog/index.php/tag/nappy-goddess/feed/ HTTP/1.1" 200 12854 "-" "Mozilla/5.0 (X11; Linux i686) AppleWebKit/537.36 (KHTML, like Gecko) Chrome/30.0.1599.66 Safari/537.36" "nicolesconiers.com"
5.255.253.115 - - [18/Feb/2023:11:46:04 -0800] "GET /blog/index.php/tag/los-angeles/ HTTP/1.1" 200 26555 "-" "Mozilla/5.0 (compatible; YandexBot/3.0; +http://yandex.com/bots)" "nicolesconiers.com"
103.20.63.192 - - [18/Feb/2023:11:48:40 -0800] "GET /blog/index.php/2017/03/20/1098/ HTTP/1.1" 200 30491 "http://nicolesconiers.com/blog/2017/03/20/1098/#comment-/" "Mozilla/5.0 (Windows NT 6.1; Win64; x64) AppleWebKit/537.36 (KHTML, like Gecko) Chrome/90.0.4430.85 Safari/537.36 Edg/90.0.818.49" "nicolesconiers.com"
37.139.53.65 - - [18/Feb/2023:11:51:29 -0800] "GET /blog/index.php/2011/10/17/thedivaofdelay/ HTTP/1.1" 200 37023 "http://nicolesconiers.com/blog/2011/10/17/thedivaofdelay/#comment-/" "Mozilla/5.0 (Windows NT 10.0; Win64; x64) AppleWebKit/537.36 (KHTML, like Gecko) Chrome/90.0.4430.85 Safari/537.36 Edg/90.0.818.46" "nicolesconiers.com"
37.139.53.65 - - [18/Feb/2023:11:51:33 -0800] "POST /blog/wp-comments-post.php HTTP/1.1" 302 - "http://nicolesconiers.com/blog/2011/10/17/thedivaofdelay/#comment-/" "Mozilla/5.0 (Windows NT 10.0; Win64; x64) AppleWebKit/537.36 (KHTML, like Gecko) Chrome/90.0.4430.85 Safari/537.36 Edg/90.0.818.46" "nicolesconiers.com"
62.210.215.118 - - [18/Feb/2023:11:52:33 -0800] "GET /blog/index.php/tag/procrastination/feed/ HTTP/1.1" 200 9012 "-" "Mozilla/5.0 (X11; Linux i686) AppleWebKit/537.36 (KHTML, like Gecko) Chrome/30.0.1599.66 Safari/537.36" "nicolesconiers.com"
37.139.53.80 - - [18/Feb/2023:11:59:02 -0800] "GET /blog/index.php/2011/10/17/thedivaofdelay/ HTTP/1.1" 200 37023 "http://nicolesconiers.com/blog/2011/10/17/thedivaofdelay/#comment-/" "Mozilla/5.0 (Windows NT 6.3; Win64; x64) AppleWebKit/537.36 (KHTML, like Gecko) Chrome/90.0.4430.85 Safari/537.36 Edg/90.0.818.49" "nicolesconiers.com"
37.139.53.80 - - [18/Feb/2023:11:59:07 -0800] "POST /blog/wp-comments-post.php HTTP/1.1" 302 - "http://nicolesconiers.com/blog/2011/10/17/thedivaofdelay/#comment-/" "Mozilla/5.0 (Windows NT 6.3; Win64; x64) AppleWebKit/537.36 (KHTML, like Gecko) Chrome/90.0.4430.85 Safari/537.36 Edg/90.0.818.49" "nicolesconiers.com"
37.139.53.65 - - [18/Feb/2023:12:02:14 -0800] "GET /blog/index.php/2011/10/17/thedivaofdelay/ HTTP/1.1" 200 37023 "http://nicolesconiers.com/blog/2011/10/17/thedivaofdelay/#comment-/" "Mozilla/5.0 (Windows NT 6.2; Win64; x64) AppleWebKit/537.36 (KHTML, like Gecko) Chrome/90.0.4430.72 Safari/537.36" "nicolesconiers.com"
37.139.53.65 - - [18/Feb/2023:12:02:17 -0800] "POST /blog/wp-comments-post.php HTTP/1.1" 302 - "http://nicolesconiers.com/blog/2011/10/17/thedivaofdelay/#comment-/" "Mozilla/5.0 (Windows NT 6.2; Win64; x64) AppleWebKit/537.36 (KHTML, like Gecko) Chrome/90.0.4430.72 Safari/537.36" "nicolesconiers.com"
159.89.49.172 - - [18/Feb/2023:12:03:21 -0800] "GET /blog/index.php/2017/03/20/1098/ HTTP/1.1" 200 30491 "http://nicolesconiers.com/blog/2017/03/20/1098/#comment-/" "Mozilla/5.0 (Windows NT 6.3; Win64; x64) AppleWebKit/537.36 (KHTML, like Gecko) Chrome/90.0.4430.72 Safari/537.36 Edg/90.0.818.42" "nicolesconiers.com"
159.89.49.172 - - [18/Feb/2023:12:03:32 -0800] "POST /blog/wp-comments-post.php HTTP/1.1" 302 - "http://nicolesconiers.com/blog/2017/03/20/1098/#comment-/" "Mozilla/5.0 (Windows NT 6.3; Win64; x64) AppleWebKit/537.36 (KHTML, like Gecko) Chrome/90.0.4430.72 Safari/537.36 Edg/90.0.818.42" "nicolesconiers.com"
159.89.49.172 - - [18/Feb/2023:12:03:34 -0800] "GET /blog/index.php/2017/03/20/1098/ HTTP/1.1" 200 30491 "http://nicolesconiers.com/blog/2017/03/20/1098/#comment-" "Mozilla/5.0 (Windows NT 6.3; Win64; x64) AppleWebKit/537.36 (KHTML, like Gecko) Chrome/90.0.4430.72 Safari/537.36 Edg/90.0.818.42" "nicolesconiers.com"
72.14.199.167 - - [18/Feb/2023:12:05:30 -0800] "GET /blog/index.php/feed/ HTTP/1.1" 200 55714 "-" "FeedFetcher-Google; (+http://www.google.com/feedfetcher.html)" "nicolesconiers.com"
143.198.229.56 - - [18/Feb/2023:12:16:42 -0800] "GET /blog/index.php/2017/03/20/1098/ HTTP/1.1" 200 30491 "http://nicolesconiers.com/blog/2017/03/20/1098/#comment-/" "Mozilla/5.0 (Windows NT 6.3) AppleWebKit/537.36 (KHTML, like Gecko) Chrome/90.0.4430.72 Safari/537.36" "nicolesconiers.com"
37.139.53.70 - - [18/Feb/2023:12:17:00 -0800] "GET /blog/index.php/2011/10/17/thedivaofdelay/ HTTP/1.1" 200 37023 "http://nicolesconiers.com/blog/2011/10/17/thedivaofdelay/#comment-/" "Mozilla/5.0 (Windows NT 6.2; Win64; x64) AppleWebKit/537.36 (KHTML, like Gecko) Chrome/90.0.4430.93 Safari/537.36" "nicolesconiers.com"
37.139.53.70 - - [18/Feb/2023:12:17:03 -0800] "POST /blog/wp-comments-post.php HTTP/1.1" 302 - "http://nicolesconiers.com/blog/2011/10/17/thedivaofdelay/#comment-/" "Mozilla/5.0 (Windows NT 6.2; Win64; x64) AppleWebKit/537.36 (KHTML, like Gecko) Chrome/90.0.4430.93 Safari/537.36" "nicolesconiers.com"
37.139.53.80 - - [18/Feb/2023:12:25:43 -0800] "GET /blog/index.php/2011/10/17/thedivaofdelay/ HTTP/1.1" 200 37023 "http://nicolesconiers.com/blog/2011/10/17/thedivaofdelay/#comment-/" "Mozilla/5.0 (Windows NT 6.1; Win64; x64) AppleWebKit/537.36 (KHTML, like Gecko) Chrome/90.0.4430.85 Safari/537.36 Edg/90.0.818.49" "nicolesconiers.com"
37.139.53.80 - - [18/Feb/2023:12:25:46 -0800] "POST /blog/wp-comments-post.php HTTP/1.1" 302 - "http://nicolesconiers.com/blog/2011/10/17/thedivaofdelay/#comment-/" "Mozilla/5.0 (Windows NT 6.1; Win64; x64) AppleWebKit/537.36 (KHTML, like Gecko) Chrome/90.0.4430.85 Safari/537.36 Edg/90.0.818.49" "nicolesconiers.com"
193.124.184.177 - - [18/Feb/2023:12:28:04 -0800] "GET / HTTP/1.1" 200 138477 "nicolesconiers.com" "Mozilla/5.0 (Windows NT 10.0; WOW64) AppleWebKit/537.36 (KHTML, like Gecko) Chrome/44.0.2403.157 Safari/537.36" "nicolesconiers.com"
37.139.53.70 - - [18/Feb/2023:12:29:28 -0800] "GET /blog/index.php/2011/10/17/thedivaofdelay/ HTTP/1.1" 200 37023 "http://nicolesconiers.com/blog/2011/10/17/thedivaofdelay/#comment-/" "Mozilla/5.0 (Windows NT 6.1; WOW64) AppleWebKit/537.36 (KHTML, like Gecko) Chrome/90.0.4430.85 Safari/537.36" "nicolesconiers.com"
37.139.53.70 - - [18/Feb/2023:12:29:32 -0800] "POST /blog/wp-comments-post.php HTTP/1.1" 302 - "http://nicolesconiers.com/blog/2011/10/17/thedivaofdelay/#comment-/" "Mozilla/5.0 (Windows NT 6.1; WOW64) AppleWebKit/537.36 (KHTML, like Gecko) Chrome/90.0.4430.85 Safari/537.36" "nicolesconiers.com"
37.139.53.60 - - [18/Feb/2023:12:29:58 -0800] "GET /blog/index.php/2011/10/17/thedivaofdelay/ HTTP/1.1" 200 37023 "http://nicolesconiers.com/blog/2011/10/17/thedivaofdelay/#comment-/" "Mozilla/5.0 (Windows NT 6.3; Win64; x64) AppleWebKit/537.36 (KHTML, like Gecko) Chrome/90.0.4430.85 Safari/537.36" "nicolesconiers.com"
37.139.53.60 - - [18/Feb/2023:12:30:00 -0800] "POST /blog/wp-comments-post.php HTTP/1.1" 302 - "http://nicolesconiers.com/blog/2011/10/17/thedivaofdelay/#comment-/" "Mozilla/5.0 (Windows NT 6.3; Win64; x64) AppleWebKit/537.36 (KHTML, like Gecko) Chrome/90.0.4430.85 Safari/537.36" "nicolesconiers.com"
93.94.178.70 - - [18/Feb/2023:12:31:46 -0800] "GET /blog/index.php/2011/07/01/the-beckyville-bookmobile-or-soul-sista-ice-cream-truck/ HTTP/1.1" 200 41455 "http://nicolesconiers.com/" "Mozilla/5.0 (Macintosh; Intel Mac OS X 12_5) AppleWebKit/537.36 (KHTML, like Gecko) Chrome/103.0.0.0 YaBrowser/22.7.0 Yowser/2.5 Safari/537.36" "nicolesconiers.com"
93.94.178.70 - - [18/Feb/2023:12:31:52 -0800] "GET /wp-login.php?action=register HTTP/1.1" 404 88 "http://nicolesconiers.com/" "Mozilla/5.0 (Windows NT 6.3; Win64; x64) AppleWebKit/537.36 (KHTML, like Gecko) Chrome/103.0.0.0 Safari/537.36" "nicolesconiers.com"
93.94.178.70 - - [18/Feb/2023:12:31:53 -0800] "GET /wp-login.php?action=register HTTP/1.1" 404 88 "http://nicolesconiers.com/wp-login.php?action=register" "Mozilla/5.0 (Windows NT 6.3; Win64; x64) AppleWebKit/537.36 (KHTML, like Gecko) Chrome/103.0.0.0 Safari/537.36" "nicolesconiers.com"
93.94.178.70 - - [18/Feb/2023:12:31:54 -0800] "GET /blog/index.php/2011/07/01/the-beckyville-bookmobile-or-soul-sista-ice-cream-truck/ HTTP/1.1" 200 41455 "http://nicolesconiers.com/" "PHP/{5|6|7}.{3|2}.{1|2|3|4|5|6|7|8|9|0}{1|2|3|4|5|6|7|8|9|0}" "nicolesconiers.com"
93.94.178.70 - - [18/Feb/2023:12:31:57 -0800] "POST /blog/xmlrpc.php HTTP/1.1" 500 100 "http://nicolesconiers.com/" "PHP/7.2.58" "nicolesconiers.com"
93.94.178.70 - - [18/Feb/2023:12:32:02 -0800] "GET /blog/index.php/2011/07/01/the-beckyville-bookmobile-or-soul-sista-ice-cream-truck/ HTTP/1.1" 200 41455 "-" "PHP/7.2.58" "nicolesconiers.com"
204.10.182.34 - - [18/Feb/2023:12:32:10 -0800] "GET /blog/index.php/2017/03/20/1098/ HTTP/1.1" 200 30491 "http://nicolesconiers.com/blog/2017/03/20/1098/#comment-/" "Mozilla/5.0 (Windows NT 6.3; Win64; x64) AppleWebKit/537.36 (KHTML, like Gecko) Chrome/90.0.4430.85 Safari/537.36" "nicolesconiers.com"
204.10.182.34 - - [18/Feb/2023:12:32:11 -0800] "POST /blog/wp-comments-post.php HTTP/1.1" 302 - "http://nicolesconiers.com/blog/2017/03/20/1098/#comment-/" "Mozilla/5.0 (Windows NT 6.3; Win64; x64) AppleWebKit/537.36 (KHTML, like Gecko) Chrome/90.0.4430.85 Safari/537.36" "nicolesconiers.com"
37.139.53.75 - - [18/Feb/2023:12:34:37 -0800] "GET /blog/index.php/2011/10/17/thedivaofdelay/ HTTP/1.1" 200 37023 "http://nicolesconiers.com/blog/2011/10/17/thedivaofdelay/#comment-/" "Mozilla/5.0 (Windows NT 6.1; Win64; x64) AppleWebKit/537.36 (KHTML, like Gecko) Chrome/90.0.4430.72 Safari/537.36" "nicolesconiers.com"
37.139.53.75 - - [18/Feb/2023:12:34:40 -0800] "POST /blog/wp-comments-post.php HTTP/1.1" 302 - "http://nicolesconiers.com/blog/2011/10/17/thedivaofdelay/#comment-/" "Mozilla/5.0 (Windows NT 6.1; Win64; x64) AppleWebKit/537.36 (KHTML, like Gecko) Chrome/90.0.4430.72 Safari/537.36" "nicolesconiers.com"
93.94.178.70 - - [18/Feb/2023:12:36:29 -0800] "GET /blog/index.php/2011/07/01/the-beckyville-bookmobile-or-soul-sista-ice-cream-truck/ HTTP/1.1" 200 41455 "-" "Mozilla/5.0 (Windows NT 10.0; WOW64) AppleWebKit/537.36 (KHTML, like Gecko) Chrome/103.0.0.0 YaBrowser/22.7.0 Yowser/2.5 Safari/537.36" "nicolesconiers.com"
37.139.53.75 - - [18/Feb/2023:12:37:15 -0800] "GET /blog/index.php/2011/10/17/thedivaofdelay/ HTTP/1.1" 200 37023 "http://nicolesconiers.com/blog/2011/10/17/thedivaofdelay/#comment-/" "Mozilla/5.0 (Windows NT 10.0; Win64; x64) AppleWebKit/537.36 (KHTML, like Gecko) Chrome/90.0.4430.72 Safari/537.36 Edg/90.0.818.39" "nicolesconiers.com"
37.139.53.75 - - [18/Feb/2023:12:37:18 -0800] "POST /blog/wp-comments-post.php HTTP/1.1" 302 - "http://nicolesconiers.com/blog/2011/10/17/thedivaofdelay/#comment-/" "Mozilla/5.0 (Windows NT 10.0; Win64; x64) AppleWebKit/537.36 (KHTML, like Gecko) Chrome/90.0.4430.72 Safari/537.36 Edg/90.0.818.39" "nicolesconiers.com"
105.214.66.189 - - [18/Feb/2023:12:38:18 -0800] "GET /blog/index.php/2017/03/20/1098/ HTTP/1.1" 200 30491 "http://nicolesconiers.com/blog/2017/03/20/1098/#comment-/" "Mozilla/5.0 (Windows NT 6.3; Win64; x64) AppleWebKit/537.36 (KHTML, like Gecko) Chrome/90.0.4430.72 Safari/537.36" "nicolesconiers.com"
105.214.66.189 - - [18/Feb/2023:12:38:25 -0800] "POST /blog/wp-comments-post.php HTTP/1.1" 302 - "http://nicolesconiers.com/blog/2017/03/20/1098/#comment-/" "Mozilla/5.0 (Windows NT 6.3; Win64; x64) AppleWebKit/537.36 (KHTML, like Gecko) Chrome/90.0.4430.72 Safari/537.36" "nicolesconiers.com"
105.214.66.189 - - [18/Feb/2023:12:38:34 -0800] "GET /blog/index.php/2017/03/20/1098/ HTTP/1.1" 200 30491 "http://nicolesconiers.com/blog/2017/03/20/1098/#comment-" "Mozilla/5.0 (Windows NT 6.3; Win64; x64) AppleWebKit/537.36 (KHTML, like Gecko) Chrome/90.0.4430.72 Safari/537.36" "nicolesconiers.com"
37.139.53.60 - - [18/Feb/2023:12:39:27 -0800] "GET /blog/index.php/2011/10/17/thedivaofdelay/ HTTP/1.1" 200 37023 "http://nicolesconiers.com/blog/2011/10/17/thedivaofdelay/#comment-/" "Mozilla/5.0 (Windows NT 10.0; Win64; x64) AppleWebKit/537.36 (KHTML, like Gecko) Chrome/90.0.4430.85 Safari/537.36 Edg/90.0.818.46" "nicolesconiers.com"
37.139.53.60 - - [18/Feb/2023:12:39:29 -0800] "POST /blog/wp-comments-post.php HTTP/1.1" 302 - "http://nicolesconiers.com/blog/2011/10/17/thedivaofdelay/#comment-/" "Mozilla/5.0 (Windows NT 10.0; Win64; x64) AppleWebKit/537.36 (KHTML, like Gecko) Chrome/90.0.4430.85 Safari/537.36 Edg/90.0.818.46" "nicolesconiers.com"
40.77.167.238 - - [18/Feb/2023:12:48:49 -0800] "GET /blog/index.php/tag/mimi-brown/ HTTP/1.1" 200 26759 "-" "Mozilla/5.0 AppleWebKit/537.36 (KHTML, like Gecko; compatible; bingbot/2.0; +http://www.bing.com/bingbot.htm) Chrome/103.0.5060.134 Safari/537.36" "nicolesconiers.com"
40.77.167.238 - - [18/Feb/2023:12:48:52 -0800] "GET /blog/index.php/tag/mountains HTTP/1.1" 200 26334 "-" "Mozilla/5.0 AppleWebKit/537.36 (KHTML, like Gecko; compatible; bingbot/2.0; +http://www.bing.com/bingbot.htm) Chrome/103.0.5060.134 Safari/537.36" "nicolesconiers.com"
109.206.240.238 - - [18/Feb/2023:12:52:02 -0800] "GET /wsoyanzorng.php HTTP/1.1" 404 88 "www.google.com" "Mozlila/5.0 (Linux; Android 7.0; SM-G892A Bulid/NRD90M; wv) AppleWebKit/537.36 (KHTML, like Gecko) Version/4.0 Chrome/60.0.3112.107 Moblie Safari/537.36" "nicolesconiers.com"
109.206.240.238 - - [18/Feb/2023:12:52:08 -0800] "GET /wp-includes/wsoyanzorng.php HTTP/1.1" 404 88 "www.google.com" "Mozlila/5.0 (Linux; Android 7.0; SM-G892A Bulid/NRD90M; wv) AppleWebKit/537.36 (KHTML, like Gecko) Version/4.0 Chrome/60.0.3112.107 Moblie Safari/537.36" "nicolesconiers.com"
